000
CXUS54 KHGX 211515
CF611R
PRELIMINARY LOCAL CLIMATOLOGICAL DATA (WS FORM: F-6)

                                          STATION:   BRENHAM
                                          MONTH:     OCTOBER
                                          YEAR:      2019
                                          LATITUDE:   30 13 N
                                          LONGITUDE:  96 22 W

  TEMPERATURE IN F:       :PCPN:    SNOW:  WIND      :SUNSHINE: SKY     :PK WND
================================================================================
1   2   3   4   5  6A  6B    7    8   9   10  11  12  13   14  15   16   17  18
                                     12Z  AVG MX 2MIN
DY MAX MIN AVG DEP HDD CDD  WTR  SNW DPTH SPD SPD DIR MIN PSBL S-S WX    SPD DR
================================================================================

 1  95  77  86   M   0  21 0.00  0.0    0  6.7 13 160   M    M   3 1      18 150
 2  95  74  85   M   0  20 0.00  0.0    0  4.2 12 130   M    M   3 128    16 130
 3  95  73  84   M   0  19 0.00  0.0    0  2.5 10  60   M    M   1 8       M  M
 4  96  71  84   M   0  19 0.00  0.0    0  2.5 10 100   M    M   1 8      16 130
 5  96  70  83   M   0  18 0.00  0.0    0  2.1  6 130   M    M   1         M  M
 6  95  74  85   M   0  20 0.00  0.0    0  2.2  6 150   M    M   1 18      M  M
 7  81  71  76   M   0  11 0.00  0.0    0  9.0 15  10   M    M   6        23 360
 8  85  62  74   M   0   9 0.00  0.0    0  3.5  7  60   M    M   2         M  M
 9  92  66  79   M   0  14 0.00  0.0    0  5.9 15 140   M    M   3 128    20 140
10  95  73  84   M   0  19 0.00  0.0    0  9.2 15 170   M    M   2        23 170
11  78  49  64   M   1   0 0.29  0.0    0 12.3 24 350   M    M   8 3      33 350
12  67  54  61   M   4   0 0.00  0.0    0  6.6 14  10   M    M   5        22  20
13  81  55  68   M   0   3 0.00  0.0    0  0.8  6 180   M    M   6         M  M
14  93  69  81   M   0  16 0.08  0.0    0  2.7  9  90   M    M   8         M  M
15  95  77  86   M   0  21 0.01  0.0    0  5.0 10 230   M    M   6        18 240
16  79  55  67   M   0   2 0.01  0.0    0  7.7 18 350   M    M   7 3      25 350
17  75  51  63   M   2   0 0.00  0.0    0  2.5  8  60   M    M   0 3       M  M
18  84  49  67   M   0   2 0.00  0.0    0  1.2  6 120   M    M   0         M  M
19  93  63  78   M   0  13 0.05  0.0    0  3.5 12 230   M    M   5 128    16 250
20  94  68  81   M   0  16 0.09  0.0    0  7.3 17 190   M    M   7        27 190
================================================================================
SM 1764 1301         7 243  0.53     0.0  97.4          M       75
================================================================================
AV 88.2 65.1                               4.9 FASTST   M    M   4    MAX(MPH)
                                 MISC ---->  # 24 350               # 33  350
================================================================================
NOTES:
# LAST OF SEVERAL OCCURRENCES

COLUMN 17 PEAK WIND IN M.P.H.

PRELIMINARY LOCAL CLIMATOLOGICAL DATA (WS FORM: F-6) , PAGE 2

                                          STATION:  BRENHAM
                                          MONTH:    OCTOBER
                                          YEAR:     2019
                                          LATITUDE:   30 13 N
                                          LONGITUDE:  96 22 W

[TEMPERATURE DATA]      [PRECIPITATION DATA]       SYMBOLS USED IN COLUMN 16

AVERAGE MONTHLY: 76.6   TOTAL FOR MONTH:   0.53    1 = FOG OR MIST
DPTR FM NORMAL:     M   DPTR FM NORMAL:       M    2 = FOG REDUCING VISIBILITY
HIGHEST:    96 ON  5, 4 GRTST 24HR  0.29 ON 11-11      TO 1/4 MILE OR LESS
LOWEST:     49 ON 18,11                            3 = THUNDER
                        SNOW, ICE PELLETS, HAIL    4 = ICE PELLETS
                        TOTAL MONTH:   0.0 INCH    5 = HAIL
                        GRTST 24HR     0.0         6 = FREEZING RAIN OR DRIZZLE
                        GRTST DEPTH:   0           7 = DUSTSTORM OR SANDSTORM:
                                                       VSBY 1/2 MILE OR LESS
                                                   8 = SMOKE OR HAZE
[NO. OF DAYS WITH]      [WEATHER - DAYS WITH]      9 = BLOWING SNOW
                                                   X = TORNADO
MAX 32 OR BELOW:   0    0.01 INCH OR MORE:   6
MAX 90 OR ABOVE:  12    0.10 INCH OR MORE:   1
MIN 32 OR BELOW:   0    0.50 INCH OR MORE:   0
MIN  0 OR BELOW:   0    1.00 INCH OR MORE:   0

[HDD (BASE 65) ]
TOTAL THIS MO.     7    CLEAR  (SCALE 0-3)  10
DPTR FM NORMAL     M    PTCLDY (SCALE 4-7)   9
TOTAL FM JUL 1     7    CLOUDY (SCALE 8-10)  1
DPTR FM NORMAL     M

[CDD (BASE 65) ]
TOTAL THIS MO.   243
DPTR FM NORMAL     M    [PRESSURE DATA]
TOTAL FM JAN 1  3341    HIGHEST SLP M ON M
DPTR FM NORMAL     M    LOWEST  SLP M ON M

[REMARKS]
