000
CXUS55 KBOU 250900
CF620V
PRELIMINARY LOCAL CLIMATOLOGICAL DATA (WS FORM: F-6)

                                          STATION:   Kremmling
                                          MONTH:     APRIL
                                          YEAR:      2018
                                          LATITUDE:   40  3 N
                                          LONGITUDE: 106 22 W

  TEMPERATURE IN F:       :PCPN:    SNOW:  WIND      :SUNSHINE: SKY     :PK WND
================================================================================
1   2   3   4   5  6A  6B    7    8   9   10  11  12  13   14  15   16   17  18
                                     12Z  AVG MX 2MIN
DY MAX MIN AVG DEP HDD CDD  WTR  SNW DPTH SPD SPD DIR MIN PSBL S-S WX    SPD DR
================================================================================

 1  63  41  52   M  13   0    M    M    M  8.8 18 270   M    M   6        30 250
 2  66  34  50   M  15   0    M    M    M 18.0 32 260   M    M   3        47 250
 3  45  21  33   M  32   0    M    M    M  9.2 16 310   M    M   1        27 310
 4  55  23  39   M  26   0    M    M    M  7.9 18 250   M    M   4        29 250
 5  61  25  43   M  22   0    M    M    M  4.8 18 240   M    M   3        25 250
 6  46  37  42   M  23   0    M    M    M  2.5 10 270   M    M  10         M  M
 7  55  41  48   M  17   0    M    M    M  3.8 16 230   M    M  10         M  M
 8  54  36  45   M  20   0    M    M    M  7.3 15 280   M    M   9        27 270
 9  54  32  43   M  22   0    M    M    M  5.2 13 310   M    M   7        22 340
10  63  27  45   M  20   0    M    M    M  5.6 16 250   M    M   1        24 260
11  73  41  57   M   8   0    M    M    M  9.7 24 250   M    M   3        37 250
12  66  34  50   M  15   0    M    M    M 14.9 35 220   M    M   5        52 220
13  41  28  35   M  30   0    M    M    M  9.5 17 310   M    M   9        23 310
14  52  30  41   M  24   0    M    M    M  8.2 16 270   M    M   6        25 270
15  63  37  50   M  15   0    M    M    M  4.5 13 250   M    M   6        21 220
16  72  30  51   M  14   0    M    M    M  9.3 27 220   M    M   0        41 240
17  55  30  43   M  22   0    M    M    M 14.6 33 250   M    M   3        48 230
18  55  23  39   M  26   0    M    M    M  3.8  9 150   M    M   1         M  M
19  70  21  46   M  19   0    M    M    M  5.8 25 160   M    M   2        36 160
20  55  36  46   M  19   0    M    M    M  6.8 23 250   M    M   7 3      36 250
21  48  34  41   M  24   0    M    M    M  3.6 10 260   M    M   8         M  M
22  66  30  48   M  17   0    M    M    M  0.9  5 130   M    M   1         M  M
23  73  34  54   M  11   0    M    M    M  5.2 18 250   M    M   4        39 250
24  54  36  45   M  20   0    M    M    M  9.6 17 350   M    M   7        27 320
================================================================================
SM 1405  761       474   0    M     M    179.5          M      116
================================================================================
AV 58.5 31.7                               7.5 FASTST   M    M   5    MAX(MPH)
                                 MISC ---->  # 35 220               # 52  220
================================================================================
NOTES:
# LAST OF SEVERAL OCCURRENCES

COLUMN 17 PEAK WIND IN M.P.H.

PRELIMINARY LOCAL CLIMATOLOGICAL DATA (WS FORM: F-6) , PAGE 2

                                          STATION:  Kremmling
                                          MONTH:    APRIL
                                          YEAR:     2018
                                          LATITUDE:   40  3 N
                                          LONGITUDE: 106 22 W

[TEMPERATURE DATA]      [PRECIPITATION DATA]       SYMBOLS USED IN COLUMN 16

AVERAGE MONTHLY: 45.1   TOTAL FOR MONTH:      M    1 = FOG OR MIST
DPTR FM NORMAL:     M   DPTR FM NORMAL:       M    2 = FOG REDUCING VISIBILITY
HIGHEST:    73 ON 23,11 GRTST 24HR    M  ON   M        TO 1/4 MILE OR LESS
LOWEST:     21 ON 19, 3                            3 = THUNDER
                        SNOW, ICE PELLETS, HAIL    4 = ICE PELLETS
                        TOTAL MONTH:    M          5 = HAIL
                        GRTST 24HR    M  ON   M    6 = FREEZING RAIN OR DRIZZLE
                        GRTST DEPTH:  M  ON   M    7 = DUSTSTORM OR SANDSTORM:
                                                       VSBY 1/2 MILE OR LESS
                                                   8 = SMOKE OR HAZE
[NO. OF DAYS WITH]      [WEATHER - DAYS WITH]      9 = BLOWING SNOW
                                                   X = TORNADO
MAX 32 OR BELOW:   0    0.01 INCH OR MORE:   0
MAX 90 OR ABOVE:   0    0.10 INCH OR MORE:   0
MIN 32 OR BELOW:  12    0.50 INCH OR MORE:   0
MIN  0 OR BELOW:   0    1.00 INCH OR MORE:   0

[HDD (BASE 65) ]
TOTAL THIS MO.   474    CLEAR  (SCALE 0-3)   8
DPTR FM NORMAL     M    PTCLDY (SCALE 4-7)  12
TOTAL FM JUL 1  5850    CLOUDY (SCALE 8-10)  4
DPTR FM NORMAL     M

[CDD (BASE 65) ]
TOTAL THIS MO.     0
DPTR FM NORMAL     M    [PRESSURE DATA]
TOTAL FM JAN 1     0    HIGHEST SLP M ON M
DPTR FM NORMAL     M    LOWEST  SLP M ON M

[REMARKS]
