000
CXUS54 KEWX 190910
CF63T5
PRELIMINARY LOCAL CLIMATOLOGICAL DATA (WS FORM: F-6)

                                          STATION:   LA GRANGE
                                          MONTH:     APRIL
                                          YEAR:      2019
                                          LATITUDE:   29 54 N
                                          LONGITUDE:  96 57 W

  TEMPERATURE IN F:       :PCPN:    SNOW:  WIND      :SUNSHINE: SKY     :PK WND
================================================================================
1   2   3   4   5  6A  6B    7    8   9   10  11  12  13   14  15   16   17  18
                                     12Z  AVG MX 2MIN
DY MAX MIN AVG DEP HDD CDD  WTR  SNW DPTH SPD SPD DIR MIN PSBL S-S WX    SPD DR
================================================================================

 1  58  38  48   M  17   0 0.00    M    M  1.6  6  30   M    M   5         M  M
 2  73  34  54   M  11   0 0.00    M    M  2.6  8 170   M    M   0         M  M
 3  73  52  63   M   2   0 0.04    M    M  4.9 12 150   M    M  10 1      17 150
 4  85  65  75   M   0  10 0.15    M    M  4.1 12 210   M    M   6 1      16 220
 5  81  60  71   M   0   6 0.00    M    M  1.0  6 120   M    M   6 128     M  M
 6  85  70  78   M   0  13 0.07    M    M  5.8 16 170   M    M   7 13     23 170
 7  74  63  69   M   0   4 1.35    M    M  7.4 14 340   M    M   7 13     25 340
 8  85  61  73   M   0   8 0.00    M    M  5.3 14 360   M    M   0        22 360
 9  89  56  73   M   0   8 0.00    M    M  1.0  6 160   M    M   1 1       M  M
10  91  60  76   M   0  11 0.00    M    M  9.7 17 170   M    M   0        25 170
11  83  60  72   M   0   7 0.00    M    M  4.9 10 170   M    M   2        16 170
12  80  57  69   M   0   4 0.00    M    M  4.6  9  90   M    M   5         M  M
13  82  50  66   M   0   1 0.10    M    M  9.8 21 300   M    M   6 1      29 300
14  72  47  60   M   5   0 0.00    M    M  7.5 21 330   M    M   0        28 330
15  82  52  67   M   0   2 0.00    M    M  7.6 14 180   M    M   1        20 190
16  82  61  72   M   0   7 0.00    M    M  7.9 18 170   M    M   6        23 170
17  76  71  74   M   0   9 0.04    M    M  8.4 15 150   M    M  10 1      23 150
18  76  56  66   M   0   1 1.37    M    M  8.0 21 340   M    M   6 3      31 340
================================================================================
SM 1427 1013        35  91  3.12    M    102.1          M       78
================================================================================
AV 79.3 56.3                               5.7 FASTST   M    M   4    MAX(MPH)
                                 MISC ---->  # 21 300               # 31  340
================================================================================
NOTES:
# LAST OF SEVERAL OCCURRENCES

COLUMN 17 PEAK WIND IN M.P.H.

PRELIMINARY LOCAL CLIMATOLOGICAL DATA (WS FORM: F-6) , PAGE 2

                                          STATION:  LA GRANGE
                                          MONTH:    APRIL
                                          YEAR:     2019
                                          LATITUDE:   29 54 N
                                          LONGITUDE:  96 57 W

[TEMPERATURE DATA]      [PRECIPITATION DATA]       SYMBOLS USED IN COLUMN 16

AVERAGE MONTHLY: 67.8   TOTAL FOR MONTH:   3.12    1 = FOG OR MIST
DPTR FM NORMAL:     M   DPTR FM NORMAL:       M    2 = FOG REDUCING VISIBILITY
HIGHEST:    91 ON 10    GRTST 24HR  1.37 ON 18-18      TO 1/4 MILE OR LESS
LOWEST:     34 ON  2                               3 = THUNDER
                        SNOW, ICE PELLETS, HAIL    4 = ICE PELLETS
                        TOTAL MONTH:    M          5 = HAIL
                        GRTST 24HR    M  ON   M    6 = FREEZING RAIN OR DRIZZLE
                        GRTST DEPTH:  M  ON   M    7 = DUSTSTORM OR SANDSTORM:
                                                       VSBY 1/2 MILE OR LESS
                                                   8 = SMOKE OR HAZE
[NO. OF DAYS WITH]      [WEATHER - DAYS WITH]      9 = BLOWING SNOW
                                                   X = TORNADO
MAX 32 OR BELOW:   0    0.01 INCH OR MORE:   7
MAX 90 OR ABOVE:   1    0.10 INCH OR MORE:   4
MIN 32 OR BELOW:   0    0.50 INCH OR MORE:   2
MIN  0 OR BELOW:   0    1.00 INCH OR MORE:   2

[HDD (BASE 65) ]
TOTAL THIS MO.    35    CLEAR  (SCALE 0-3)   7
DPTR FM NORMAL     M    PTCLDY (SCALE 4-7)   9
TOTAL FM JUL 1  1474    CLOUDY (SCALE 8-10)  2
DPTR FM NORMAL     M

[CDD (BASE 65) ]
TOTAL THIS MO.    91
DPTR FM NORMAL     M    [PRESSURE DATA]
TOTAL FM JAN 1   202    HIGHEST SLP M ON M
DPTR FM NORMAL     M    LOWEST  SLP M ON M

[REMARKS]
