000
CXUS51 KPHI 211500
CF655N
PRELIMINARY LOCAL CLIMATOLOGICAL DATA (WS FORM: F-6)

                                          STATION:   Atlantic City Marina
                                          MONTH:     APRIL
                                          YEAR:      2019
                                          LATITUDE:   39 22 N
                                          LONGITUDE:  74 25 W

  TEMPERATURE IN F:       :PCPN:    SNOW:  WIND      :SUNSHINE: SKY     :PK WND
================================================================================
1   2   3   4   5  6A  6B    7    8   9   10  11  12  13   14  15   16   17  18
                                     12Z  AVG MX 2MIN
DY MAX MIN AVG DEP HDD CDD  WTR  SNW DPTH SPD SPD DIR MIN PSBL S-S WX    SPD DR
================================================================================

 1  46  32  39  -8  26   0 0.00    M    M  7.9 17 330   M    M   M         M  M
 2  45  38  42  -6  23   0 0.06    M    M 11.5 20 100   M    M   M         M  M
 3  66  40  53   5  12   0 0.03    M    M 12.9 25 290   M    M   M         M  M
 4  58  46  52   4  13   0 0.00    M    M  6.7 16 330   M    M   M         M  M
 5  49  42  46  -2  19   0 0.08    M    M 12.5 23  90   M    M   M         M  M
 6  56  46  51   2  14   0 0.00    M    M  4.2 10 120   M    M   M         M  M
 7  56  47  52   3  13   0 0.00    M    M  6.8 16 170   M    M   M         M  M
 8  66  52  59  10   6   0 0.03    M    M 10.5 19 240   M    M   M         M  M
 9   M   M   M   M   M   M    M    M    M   M   M   M   0    0   0         0   0
10  63  45  54   4  11   0 0.00    M    M  6.9 12 330   M    M   M         M  M
11  50  44  47  -3  18   0 0.00    M    M 13.5 20  80   M    M   M         M  M
12  61  47  54   4  11   0 0.00    M    M 11.0 20 180   M    M   M         M  M
13  63  54  59   8   6   0 0.22    M    M  8.6 16 230   M    M   M         M  M
14  62  54  58   7   7   0 0.00    M    M  8.9 20 220   M    M   M         M  M
15  61  47  54   3  11   0 0.85    M    M 14.9 32 280   M    M   M 3       M  M
16  65  44  55   3  10   0 0.00    M    M 10.4 17 290   M    M   M         M  M
17  54  49  52   0  13   0 0.00    M    M 12.1 20  80   M    M   M         M  M
18  59  51  55   3  10   0 0.00    M    M 13.1 18 200   M    M   M         M  M
19  63  56  60   7   5   0 0.42    M    M 15.0 25 230   M    M   M         M  M
20  63  55  59   6   6   0 0.74    M    M 14.4 29 170   M    M   M         M  M
================================================================================
SM 1106  889       234   0  2.43    M    201.8            0      0
================================================================================
AV 58.2 46.8                              10.6 FASTST    0   0   0    MAX(MPH)
                                 MISC ---->  # 32 280               #  0    0
================================================================================
NOTES:
# LAST OF SEVERAL OCCURRENCES

COLUMN 17 PEAK WIND IN M.P.H.

PRELIMINARY LOCAL CLIMATOLOGICAL DATA (WS FORM: F-6) , PAGE 2

                                          STATION:  Atlantic City Marina
                                          MONTH:    APRIL
                                          YEAR:     2019
                                          LATITUDE:   39 22 N
                                          LONGITUDE:  74 25 W

[TEMPERATURE DATA]      [PRECIPITATION DATA]       SYMBOLS USED IN COLUMN 16

AVERAGE MONTHLY: 52.5   TOTAL FOR MONTH:   2.43    1 = FOG OR MIST
DPTR FM NORMAL:   2.5   DPTR FM NORMAL:    0.05    2 = FOG REDUCING VISIBILITY
HIGHEST:    66 ON  8, 3 GRTST 24HR  0.85 ON 15-15      TO 1/4 MILE OR LESS
LOWEST:     32 ON  1                               3 = THUNDER
                        SNOW, ICE PELLETS, HAIL    4 = ICE PELLETS
                        TOTAL MONTH:    M          5 = HAIL
                        GRTST 24HR    M  ON   M    6 = FREEZING RAIN OR DRIZZLE
                        GRTST DEPTH:  M  ON   M    7 = DUSTSTORM OR SANDSTORM:
                                                       VSBY 1/2 MILE OR LESS
                                                   8 = SMOKE OR HAZE
[NO. OF DAYS WITH]      [WEATHER - DAYS WITH]      9 = BLOWING SNOW
                                                   X = TORNADO
MAX 32 OR BELOW:   0    0.01 INCH OR MORE:   8
MAX 90 OR ABOVE:   0    0.10 INCH OR MORE:   4
MIN 32 OR BELOW:   1    0.50 INCH OR MORE:   2
MIN  0 OR BELOW:   0    1.00 INCH OR MORE:   0

[HDD (BASE 65) ]
TOTAL THIS MO.   234    CLEAR  (SCALE 0-3)   1
DPTR FM NORMAL   -66    PTCLDY (SCALE 4-7)   0
TOTAL FM JUL 1  4013    CLOUDY (SCALE 8-10)  0
DPTR FM NORMAL  -144

[CDD (BASE 65) ]
TOTAL THIS MO.     0
DPTR FM NORMAL     0    [PRESSURE DATA]
TOTAL FM JAN 1     0    HIGHEST SLP  0.00 ON  9
DPTR FM NORMAL     0    LOWEST  SLP  0.00 ON  9

[REMARKS]
