000
CXUS51 KPHI 231500
CF655N
PRELIMINARY LOCAL CLIMATOLOGICAL DATA (WS FORM: F-6)

                                          STATION:   Atlantic City Marina
                                          MONTH:     AUGUST
                                          YEAR:      2019
                                          LATITUDE:   39 22 N
                                          LONGITUDE:  74 25 W

  TEMPERATURE IN F:       :PCPN:    SNOW:  WIND      :SUNSHINE: SKY     :PK WND
================================================================================
1   2   3   4   5  6A  6B    7    8   9   10  11  12  13   14  15   16   17  18
                                     12Z  AVG MX 2MIN
DY MAX MIN AVG DEP HDD CDD  WTR  SNW DPTH SPD SPD DIR MIN PSBL S-S WX    SPD DR
================================================================================

 1  79  70  75  -1   0  10 0.01    M    M  4.1 11 130   M    M   M         M  M
 2  79  71  75  -1   0  10 0.00    M    M  4.4 10 140   M    M   M         M  M
 3  80  73  77   1   0  12 0.00    M    M  5.2 10 140   M    M   M         M  M
 4  82  75  79   3   0  14 0.00    M    M  7.2 12 100   M    M   M         M  M
 5  80  73  77   1   0  12 0.00    M    M  5.9 12  90   M    M   M         M  M
 6  79  73  76   0   0  11 0.30    M    M  6.2 14  80   M    M   M         M  M
 7  81  71  76   0   0  11 0.83    M    M 10.6 22 270   M    M   M 3       M  M
 8  83  72  78   2   0  13 0.00    M    M  8.5 18 230   M    M   M         M  M
 9  80  73  77   1   0  12 0.00    M    M  7.0 15 270   M    M   M         M  M
10  82  69  76   0   0  11 0.00    M    M  6.1 12 290   M    M   M         M  M
11  80  67  74  -1   0   9 0.00    M    M  5.2 14 220   M    M   M         M  M
12  80  70  75   0   0  10 0.00    M    M  8.7 16 220   M    M   M         M  M
13  78  73  76   1   0  11 0.13    M    M 10.3 18 220   M    M   M         M  M
14  78  71  75   0   0  10 1.38    M    M  4.9 14  90   M    M   M 3       M  M
15  75  70  73  -2   0   8 0.00    M    M  7.6 14  80   M    M   M         M  M
16  78  73  76   1   0  11 0.00    M    M  7.0 14  90   M    M   M         M  M
17  81  75  78   3   0  13 0.00    M    M  5.8 12 120   M    M   M         M  M
18  84  78  81   6   0  16 0.00    M    M  6.8 14 220   M    M   M         M  M
19  82  76  79   4   0  14 0.00    M    M  8.3 16 210   M    M   M         M  M
20  82  78  80   5   0  15 0.00    M    M  6.2 15  90   M    M   M         M  M
21  84  74  79   4   0  14 0.06    M    M 10.1 19 210   M    M   M         M  M
22  89  77  83   8   0  18 0.04    M    M  9.0 14 270   M    M   M         M  M
================================================================================
SM 1776 1602         0 265  2.75    M    155.1          M        M
================================================================================
AV 80.7 72.8                               7.1 FASTST   M    M   4    MAX(MPH)
                                 MISC ---->  # 22 270                  M    M
================================================================================
NOTES:
# LAST OF SEVERAL OCCURRENCES

COLUMN 17 PEAK WIND IN M.P.H.

PRELIMINARY LOCAL CLIMATOLOGICAL DATA (WS FORM: F-6) , PAGE 2

                                          STATION:  Atlantic City Marina
                                          MONTH:    AUGUST
                                          YEAR:     2019
                                          LATITUDE:   39 22 N
                                          LONGITUDE:  74 25 W

[TEMPERATURE DATA]      [PRECIPITATION DATA]       SYMBOLS USED IN COLUMN 16

AVERAGE MONTHLY: 76.8   TOTAL FOR MONTH:   2.75    1 = FOG OR MIST
DPTR FM NORMAL:   1.3   DPTR FM NORMAL:   -0.21    2 = FOG REDUCING VISIBILITY
HIGHEST:    89 ON 22    GRTST 24HR  1.38 ON 14-14      TO 1/4 MILE OR LESS
LOWEST:     67 ON 11                               3 = THUNDER
                        SNOW, ICE PELLETS, HAIL    4 = ICE PELLETS
                        TOTAL MONTH:    M          5 = HAIL
                        GRTST 24HR    M  ON   M    6 = FREEZING RAIN OR DRIZZLE
                        GRTST DEPTH:  M  ON   M    7 = DUSTSTORM OR SANDSTORM:
                                                       VSBY 1/2 MILE OR LESS
                                                   8 = SMOKE OR HAZE
[NO. OF DAYS WITH]      [WEATHER - DAYS WITH]      9 = BLOWING SNOW
                                                   X = TORNADO
MAX 32 OR BELOW:   0    0.01 INCH OR MORE:   7
MAX 90 OR ABOVE:   0    0.10 INCH OR MORE:   4
MIN 32 OR BELOW:   0    0.50 INCH OR MORE:   2
MIN  0 OR BELOW:   0    1.00 INCH OR MORE:   1

[HDD (BASE 65) ]
TOTAL THIS MO.     0    CLEAR  (SCALE 0-3)   0
DPTR FM NORMAL     0    PTCLDY (SCALE 4-7)   0
TOTAL FM JUL 1     0    CLOUDY (SCALE 8-10)  0
DPTR FM NORMAL     0

[CDD (BASE 65) ]
TOTAL THIS MO.   265
DPTR FM NORMAL    35    [PRESSURE DATA]
TOTAL FM JAN 1   917    HIGHEST SLP M ON M
DPTR FM NORMAL   149    LOWEST  SLP M ON M

[REMARKS]
