000
CXUS54 KEWX 180910
CF65C1
PRELIMINARY LOCAL CLIMATOLOGICAL DATA (WS FORM: F-6)

                                          STATION:   Boerne
                                          MONTH:     APRIL
                                          YEAR:      2019
                                          LATITUDE:   29 43 N
                                          LONGITUDE:  98 42 W

  TEMPERATURE IN F:       :PCPN:    SNOW:  WIND      :SUNSHINE: SKY     :PK WND
================================================================================
1   2   3   4   5  6A  6B    7    8   9   10  11  12  13   14  15   16   17  18
                                     12Z  AVG MX 2MIN
DY MAX MIN AVG DEP HDD CDD  WTR  SNW DPTH SPD SPD DIR MIN PSBL S-S WX    SPD DR
================================================================================

 1  61  34  48   M  17   0 0.00    M    M  2.2  7  20   M    M   5         M  M
 2  68  32  50   M  15   0 0.00    M    M  3.1 13 170   M    M   1        20 160
 3  63  54  59   M   6   0 0.04    M    M  7.1 12 160   M    M  10        18 160
 4  86  57  72   M   0   7 0.01    M    M  5.9 12 170   M    M   5        17 170
 5  79  50  65   M   0   0 0.00    M    M  3.6 12 130   M    M   2        17 150
 6  77  64  71   M   0   6 0.15    M    M  4.0  8 200   M    M   8         M  M
 7  68  52  60   M   5   0 0.71    M    M  4.8 18 260   M    M   6        31 260
 8  82  54  68   M   0   3 0.00    M    M  2.3  9  10   M    M   0        17 270
 9  86  50  68   M   0   3 0.00    M    M  2.5 13 170   M    M   0        16 170
10  90  54  72   M   0   7 0.00    M    M  8.5 20 160   M    M   0        29 200
11  79  52  66   M   0   1 0.00    M    M  3.7 16 340   M    M   0        22 340
12  75  50  63   M   2   0 0.00    M    M  5.2 15 120   M    M   3        21 120
13  66  45  56   M   9   0 0.45    M    M  8.0 18 320   M    M   5        35 320
14  70  43  57   M   8   0 0.00    M    M  4.5 17 350   M    M   0        29 350
15  77  48  63   M   2   0 0.00    M    M  7.2 15 170   M    M   1        21 170
16  75  61  68   M   0   3 0.00    M    M 10.7 15 170   M    M   9        24 170
17  81  57  69   M   0   4 0.46    M    M  8.4 15 170   M    M   9        28 180
================================================================================
SM 1283  857        64  34  1.82    M     91.7          M       64
================================================================================
AV 75.5 50.4                               5.4 FASTST   M    M   4    MAX(MPH)
                                 MISC ---->  # 20 160               # 35  320
================================================================================
NOTES:
# LAST OF SEVERAL OCCURRENCES

COLUMN 17 PEAK WIND IN M.P.H.

PRELIMINARY LOCAL CLIMATOLOGICAL DATA (WS FORM: F-6) , PAGE 2

                                          STATION:  Boerne
                                          MONTH:    APRIL
                                          YEAR:     2019
                                          LATITUDE:   29 43 N
                                          LONGITUDE:  98 42 W

[TEMPERATURE DATA]      [PRECIPITATION DATA]       SYMBOLS USED IN COLUMN 16

AVERAGE MONTHLY: 62.9   TOTAL FOR MONTH:   1.82    1 = FOG OR MIST
DPTR FM NORMAL:     M   DPTR FM NORMAL:       M    2 = FOG REDUCING VISIBILITY
HIGHEST:    90 ON 10    GRTST 24HR  0.71 ON  7- 7      TO 1/4 MILE OR LESS
LOWEST:     32 ON  2                               3 = THUNDER
                        SNOW, ICE PELLETS, HAIL    4 = ICE PELLETS
                        TOTAL MONTH:    M          5 = HAIL
                        GRTST 24HR    M  ON   M    6 = FREEZING RAIN OR DRIZZLE
                        GRTST DEPTH:  M  ON   M    7 = DUSTSTORM OR SANDSTORM:
                                                       VSBY 1/2 MILE OR LESS
                                                   8 = SMOKE OR HAZE
[NO. OF DAYS WITH]      [WEATHER - DAYS WITH]      9 = BLOWING SNOW
                                                   X = TORNADO
MAX 32 OR BELOW:   0    0.01 INCH OR MORE:   6
MAX 90 OR ABOVE:   1    0.10 INCH OR MORE:   4
MIN 32 OR BELOW:   1    0.50 INCH OR MORE:   1
MIN  0 OR BELOW:   0    1.00 INCH OR MORE:   0

[HDD (BASE 65) ]
TOTAL THIS MO.    64    CLEAR  (SCALE 0-3)   9
DPTR FM NORMAL     M    PTCLDY (SCALE 4-7)   5
TOTAL FM JUL 1  2158    CLOUDY (SCALE 8-10)  3
DPTR FM NORMAL     M

[CDD (BASE 65) ]
TOTAL THIS MO.    34
DPTR FM NORMAL     M    [PRESSURE DATA]
TOTAL FM JAN 1    63    HIGHEST SLP M ON M
DPTR FM NORMAL     M    LOWEST  SLP M ON M

[REMARKS]
