000
CXUS54 KEWX 230910
CF65T9
PRELIMINARY LOCAL CLIMATOLOGICAL DATA (WS FORM: F-6)

                                          STATION:   Eagle Pass
                                          MONTH:     FEBRUARY
                                          YEAR:      2019
                                          LATITUDE:   28 51 N
                                          LONGITUDE: 100 31 W

  TEMPERATURE IN F:       :PCPN:    SNOW:  WIND      :SUNSHINE: SKY     :PK WND
================================================================================
1   2   3   4   5  6A  6B    7    8   9   10  11  12  13   14  15   16   17  18
                                     12Z  AVG MX 2MIN
DY MAX MIN AVG DEP HDD CDD  WTR  SNW DPTH SPD SPD DIR MIN PSBL S-S WX    SPD DR
================================================================================

 1  57  45  51   M  14   0 0.00    M    M  4.0 12 120   M    M   9 12     18 120
 2  63  46  55   M  10   0 0.00    M    M  6.4 12 110   M    M   7 1       M  M
 3  63  43  53   M  12   0 0.00    M    M  5.7  9 170   M    M   4 128    16 170
 4  57  41  49   M  16   0 0.00    M    M  3.4  8  10   M    M   7 128     M  M
 5  75  41  58   M   7   0 0.00    M    M  6.0 15 140   M    M   5 128    20 140
 6  73  48  61   M   4   0 0.00    M    M  7.7 13 110   M    M   3 128    16 140
 7   M   M   M   M   M   M 0.00    M    M  9.6 17 330   M    M   1 18     27 340
 8  41  32  37   M  28   0 0.00    M    M  7.1 15  70   M    M  10        18  70
 9  37  28  33   M  32   0 0.00    M    M  6.9 10 100   M    M  10 18     16 100
10  43  34  39   M  26   0 0.00    M    M  4.0 13 110   M    M  10 1       M  M
11  54  41  48   M  17   0 0.00    M    M  4.1  8 160   M    M   9 18     12 330
12  68  43  56   M   9   0 0.00    M    M  6.9 15 320   M    M   3 1      22 320
13  72  34  53   M  12   0 0.00    M    M  8.0 16 160   M    M   0        23 160
14  77  46  62   M   3   0 0.00    M    M  5.1  7 130   M    M   0         M  M
15  91  48  70   M   0   5 0.00    M    M  3.4  8 320   M    M   0 8      17 320
16  81  55  68   M   0   3 0.00    M    M  7.4 13  90   M    M   0        15 120
17  77  57  67   M   0   2 0.00    M    M  7.2 13  90   M    M   3 18     18  90
18  66  41  54   M  11   0 0.00    M    M  7.4 12  90   M    M   4        17  90
19  57  48  53   M  12   0 0.00    M    M  9.9 17  90   M    M  10 18     24  90
20  66  34  50   M  15   0 0.00    M    M  4.6  8 320   M    M   3        13  99
21  72  48  60   M   5   0 0.00    M    M  8.4 14  90   M    M   3        22 100
22  73  54  64   M   1   0 0.00    M    M  7.8 13 110   M    M   6 1      18 110
================================================================================
SM 1363  907       234  10  0.00    M    141.0          M      107
================================================================================
AV 64.9 43.2                               6.4 FASTST   M    M   5    MAX(MPH)
                                 MISC ---->  # 17 330               # 27  340
================================================================================
NOTES:
# LAST OF SEVERAL OCCURRENCES

COLUMN 17 PEAK WIND IN M.P.H.

PRELIMINARY LOCAL CLIMATOLOGICAL DATA (WS FORM: F-6) , PAGE 2

                                          STATION:  Eagle Pass
                                          MONTH:    FEBRUARY
                                          YEAR:     2019
                                          LATITUDE:   28 51 N
                                          LONGITUDE: 100 31 W

[TEMPERATURE DATA]      [PRECIPITATION DATA]       SYMBOLS USED IN COLUMN 16

AVERAGE MONTHLY: 54.1   TOTAL FOR MONTH:   0.00    1 = FOG OR MIST
DPTR FM NORMAL:     M   DPTR FM NORMAL:       M    2 = FOG REDUCING VISIBILITY
HIGHEST:    91 ON 15    GRTST 24HR  0.00 ON 22-22      TO 1/4 MILE OR LESS
LOWEST:     28 ON  9                               3 = THUNDER
                        SNOW, ICE PELLETS, HAIL    4 = ICE PELLETS
                        TOTAL MONTH:    M          5 = HAIL
                        GRTST 24HR    M  ON   M    6 = FREEZING RAIN OR DRIZZLE
                        GRTST DEPTH:  M  ON   M    7 = DUSTSTORM OR SANDSTORM:
                                                       VSBY 1/2 MILE OR LESS
                                                   8 = SMOKE OR HAZE
[NO. OF DAYS WITH]      [WEATHER - DAYS WITH]      9 = BLOWING SNOW
                                                   X = TORNADO
MAX 32 OR BELOW:   0    0.01 INCH OR MORE:   0
MAX 90 OR ABOVE:   1    0.10 INCH OR MORE:   0
MIN 32 OR BELOW:   2    0.50 INCH OR MORE:   0
MIN  0 OR BELOW:   0    1.00 INCH OR MORE:   0

[HDD (BASE 65) ]
TOTAL THIS MO.   234    CLEAR  (SCALE 0-3)   9
DPTR FM NORMAL     M    PTCLDY (SCALE 4-7)   7
TOTAL FM JUL 1   697    CLOUDY (SCALE 8-10)  6
DPTR FM NORMAL     M

[CDD (BASE 65) ]
TOTAL THIS MO.    10
DPTR FM NORMAL     M    [PRESSURE DATA]
TOTAL FM JAN 1    10    HIGHEST SLP M ON M
DPTR FM NORMAL     M    LOWEST  SLP M ON M

[REMARKS]
