000
CXUS54 KEWX 180910
CF65T9
PRELIMINARY LOCAL CLIMATOLOGICAL DATA (WS FORM: F-6)

                                          STATION:   Eagle Pass
                                          MONTH:     APRIL
                                          YEAR:      2019
                                          LATITUDE:   28 51 N
                                          LONGITUDE: 100 31 W

  TEMPERATURE IN F:       :PCPN:    SNOW:  WIND      :SUNSHINE: SKY     :PK WND
================================================================================
1   2   3   4   5  6A  6B    7    8   9   10  11  12  13   14  15   16   17  18
                                     12Z  AVG MX 2MIN
DY MAX MIN AVG DEP HDD CDD  WTR  SNW DPTH SPD SPD DIR MIN PSBL S-S WX    SPD DR
================================================================================

 1  66  45  56   M   9   0 0.00    M    M  3.7  7  50   M    M   5         M  M
 2  75  39  57   M   8   0 0.00    M    M  7.7 14 150   M    M   1        25 150
 3  77  61  69   M   0   4 0.00    M    M 10.5 16 130   M    M  10        29 130
 4  91  61  76   M   0  11 0.00    M    M  5.9 18 330   M    M   3 1      27 330
 5  90  55  73   M   0   8 0.00    M    M  7.9 14 120   M    M   1        27 120
 6  88  68  78   M   0  13 0.00    M    M  6.0  9  40   M    M   5 8      16 110
 7  82  63  73   M   0   8 0.00    M    M  4.4 12  80   M    M   1 8      15  60
 8  91  55  73   M   0   8 0.00    M    M  4.1  7 160   M    M   0        13  99
 9  97  55  76   M   0  11 0.00    M    M  6.3 14 160   M    M   0 8      21 160
10 104  57  81   M   0  16 0.00    M    M  9.2 18 190   M    M   0        24 190
11  86  59  73   M   0   8 0.00    M    M  9.6 20 340   M    M   2        29 330
12  84  48  66   M   0   1 0.00    M    M 10.4 18 110   M    M   2        29 110
13  75  54  65   M   0   0 0.00    M    M 15.9 28 310   M    M   2 1      39 310
14  77  45  61   M   4   0 0.00    M    M  7.1 15 340   M    M   0        23 340
15  88  48  68   M   0   3 0.00    M    M  9.6 15 120   M    M   1        24 130
16  84  61  73   M   0   8 0.00    M    M  9.4 13 150   M    M   4        22 120
17  95  59  77   M   0  12 0.00    M    M  9.7 15 140   M    M   5 1      25 140
================================================================================
SM 1450  933        21 111  0.00    M    137.4          M       42
================================================================================
AV 85.3 54.9                               8.1 FASTST   M    M   2    MAX(MPH)
                                 MISC ---->  # 28 310               # 39  310
================================================================================
NOTES:
# LAST OF SEVERAL OCCURRENCES

COLUMN 17 PEAK WIND IN M.P.H.

PRELIMINARY LOCAL CLIMATOLOGICAL DATA (WS FORM: F-6) , PAGE 2

                                          STATION:  Eagle Pass
                                          MONTH:    APRIL
                                          YEAR:     2019
                                          LATITUDE:   28 51 N
                                          LONGITUDE: 100 31 W

[TEMPERATURE DATA]      [PRECIPITATION DATA]       SYMBOLS USED IN COLUMN 16

AVERAGE MONTHLY: 70.1   TOTAL FOR MONTH:   0.00    1 = FOG OR MIST
DPTR FM NORMAL:     M   DPTR FM NORMAL:       M    2 = FOG REDUCING VISIBILITY
HIGHEST:   104 ON 10    GRTST 24HR  0.00 ON 17-17      TO 1/4 MILE OR LESS
LOWEST:     39 ON  2                               3 = THUNDER
                        SNOW, ICE PELLETS, HAIL    4 = ICE PELLETS
                        TOTAL MONTH:    M          5 = HAIL
                        GRTST 24HR    M  ON   M    6 = FREEZING RAIN OR DRIZZLE
                        GRTST DEPTH:  M  ON   M    7 = DUSTSTORM OR SANDSTORM:
                                                       VSBY 1/2 MILE OR LESS
                                                   8 = SMOKE OR HAZE
[NO. OF DAYS WITH]      [WEATHER - DAYS WITH]      9 = BLOWING SNOW
                                                   X = TORNADO
MAX 32 OR BELOW:   0    0.01 INCH OR MORE:   0
MAX 90 OR ABOVE:   6    0.10 INCH OR MORE:   0
MIN 32 OR BELOW:   0    0.50 INCH OR MORE:   0
MIN  0 OR BELOW:   0    1.00 INCH OR MORE:   0

[HDD (BASE 65) ]
TOTAL THIS MO.    21    CLEAR  (SCALE 0-3)  11
DPTR FM NORMAL     M    PTCLDY (SCALE 4-7)   5
TOTAL FM JUL 1   899    CLOUDY (SCALE 8-10)  1
DPTR FM NORMAL     M

[CDD (BASE 65) ]
TOTAL THIS MO.   111
DPTR FM NORMAL     M    [PRESSURE DATA]
TOTAL FM JAN 1   220    HIGHEST SLP M ON M
DPTR FM NORMAL     M    LOWEST  SLP M ON M

[REMARKS]
