000
CXUS54 KMAF 221100
CF66R6
PRELIMINARY LOCAL CLIMATOLOGICAL DATA (WS FORM: F-6)

                                          STATION:   Terrell County Airport
                                          MONTH:     JULY
                                          YEAR:      2019
                                          LATITUDE:   30  2 N
                                          LONGITUDE: 102 13 W

  TEMPERATURE IN F:       :PCPN:    SNOW:  WIND      :SUNSHINE: SKY     :PK WND
================================================================================
1   2   3   4   5  6A  6B    7    8   9   10  11  12  13   14  15   16   17  18
                                     12Z  AVG MX 2MIN
DY MAX MIN AVG DEP HDD CDD  WTR  SNW DPTH SPD SPD DIR MIN PSBL S-S WX    SPD DR
================================================================================

 1  95  67  81  -2   0  16 0.00  0.0    0  9.4 21 110   M    M   0        33 100
 2  95  71  83   0   0  18 0.00  0.0    0 11.6 28 110   M    M   0        37 110
 3  95  74  85   2   0  20 0.00  0.0    0 11.0 22 100   M    M   0        28 110
 4  93  71  82  -1   0  17 0.00  0.0    0  9.5 28  10   M    M   0        37 360
 5  99  70  85   2   0  20 0.00  0.0    0  9.4 22 120   M    M   0        27 150
 6  93  75  84   1   0  19 0.00  0.0    0 10.4 21 140   M    M   0        28 130
 7  96  73  85   2   0  20 0.00  0.0    0  5.8 20  50   M    M   0        27  60
 8 102  71  87   4   0  22 0.00  0.0    0  8.0 21 220   M    M   0        30 220
 9 103  73  88   5   0  23 0.00  0.0    0  7.1 28 340   M    M   0        37 340
10 104  69  87   4   0  22 0.00  0.0    0  6.2 25  90   M    M   0        34  80
11  98  73  86   3   0  21 0.00  0.0    0  7.6 17  90   M    M   0        23  90
12 100  76  88   5   0  23 0.00  0.0    0  7.1 20 110   M    M   0        25 100
13 100  76  88   5   0  23 0.00  0.0    0  8.1 17  30   M    M   0        23  30
14  98  71  85   2   0  20 0.00  0.0    0  6.0 16  70   M    M   0        23  50
15 101  72  87   4   0  22 0.00  0.0    0  7.8 21 120   M    M   0        26 120
16 100  73  87   4   0  22 0.00  0.0    0 10.9 22 120   M    M   0        29 110
17  99  76  88   5   0  23 0.00  0.0    0 11.9 21 100   M    M   0        29 100
18 100  73  87   4   0  22 0.00  0.0    0  8.9 20 120   M    M   0        25 140
19 101  74  88   5   0  23 0.00  0.0    0 10.5 23 120   M    M   0        30 130
20 101  73  87   4   0  22 0.00  0.0    0 10.8 21 110   M    M   0        27  70
21 103  70  87   4   0  22 0.00  0.0    0 10.3 21 120   M    M   0        28  90
================================================================================
SM 2076 1521         0 440  0.00     0.0 188.3          M        0
================================================================================
AV 98.9 72.4                               9.0 FASTST   M    M   0    MAX(MPH)
                                 MISC ---->  # 28 110               # 37  110
================================================================================
NOTES:
# LAST OF SEVERAL OCCURRENCES

COLUMN 17 PEAK WIND IN M.P.H.

PRELIMINARY LOCAL CLIMATOLOGICAL DATA (WS FORM: F-6) , PAGE 2

                                          STATION:  Terrell County Airport
                                          MONTH:    JULY
                                          YEAR:     2019
                                          LATITUDE:   30  2 N
                                          LONGITUDE: 102 13 W

[TEMPERATURE DATA]      [PRECIPITATION DATA]       SYMBOLS USED IN COLUMN 16

AVERAGE MONTHLY: 85.6   TOTAL FOR MONTH:   0.00    1 = FOG OR MIST
DPTR FM NORMAL:   2.6   DPTR FM NORMAL:   -1.19    2 = FOG REDUCING VISIBILITY
HIGHEST:   104 ON 10    GRTST 24HR  0.00 ON 21-21      TO 1/4 MILE OR LESS
LOWEST:     67 ON  1                               3 = THUNDER
                        SNOW, ICE PELLETS, HAIL    4 = ICE PELLETS
                        TOTAL MONTH:   0.0 INCH    5 = HAIL
                        GRTST 24HR     0.0         6 = FREEZING RAIN OR DRIZZLE
                        GRTST DEPTH:   0           7 = DUSTSTORM OR SANDSTORM:
                                                       VSBY 1/2 MILE OR LESS
                                                   8 = SMOKE OR HAZE
[NO. OF DAYS WITH]      [WEATHER - DAYS WITH]      9 = BLOWING SNOW
                                                   X = TORNADO
MAX 32 OR BELOW:   0    0.01 INCH OR MORE:   0
MAX 90 OR ABOVE:  21    0.10 INCH OR MORE:   0
MIN 32 OR BELOW:   0    0.50 INCH OR MORE:   0
MIN  0 OR BELOW:   0    1.00 INCH OR MORE:   0

[HDD (BASE 65) ]
TOTAL THIS MO.     0    CLEAR  (SCALE 0-3)  21
DPTR FM NORMAL     0    PTCLDY (SCALE 4-7)   0
TOTAL FM JUL 1     0    CLOUDY (SCALE 8-10)  0
DPTR FM NORMAL     0

[CDD (BASE 65) ]
TOTAL THIS MO.   440
DPTR FM NORMAL    62    [PRESSURE DATA]
TOTAL FM JAN 1  1497    HIGHEST SLP M ON M
DPTR FM NORMAL    26    LOWEST  SLP 29.68 ON  3

[REMARKS]
