000
CXUS54 KMAF 231100
CF66R6
PRELIMINARY LOCAL CLIMATOLOGICAL DATA (WS FORM: F-6)

                                          STATION:   Terrell County Airport
                                          MONTH:     FEBRUARY
                                          YEAR:      2019
                                          LATITUDE:   30  2 N
                                          LONGITUDE: 102 13 W

  TEMPERATURE IN F:       :PCPN:    SNOW:  WIND      :SUNSHINE: SKY     :PK WND
================================================================================
1   2   3   4   5  6A  6B    7    8   9   10  11  12  13   14  15   16   17  18
                                     12Z  AVG MX 2MIN
DY MAX MIN AVG DEP HDD CDD  WTR  SNW DPTH SPD SPD DIR MIN PSBL S-S WX    SPD DR
================================================================================

 1  69  50  60   9   5   0 0.00  0.0    0  6.3 15  90   M    M   0        19  90
 2  72  52  62  11   3   0 0.00  0.0    0  4.3 10  70   M    M   0        15  60
 3  78  46  62  11   3   0 0.00  0.0    0  6.4 16 190   M    M   0        19 200
 4  73  45  59   8   6   0 0.00  0.0    0  4.5 13 160   M    M   0        14 150
 5  81  51  66  15   0   1 0.00  0.0    0  4.8 20 220   M    M   0        27 220
 6  83  60  72  20   0   7 0.01  0.0    0  6.3 22 220   M    M   0        30 220
 7  68  37  53   1  12   0 0.00  0.0    0 13.6 31 340   M    M   0        39 340
 8  41  30  36 -16  29   0 0.00  0.0    0 12.0 18  70   M    M   0        24  90
 9  48  28  38 -14  27   0 0.00  0.0    0  7.7 16 110   M    M   0        21 100
10  46  38  42 -11  23   0 0.00  0.0    0  4.2 10  50   M    M   0        14 110
11  60  43  52  -1  13   0 0.00  0.0    0  6.1 16 210   M    M   0        20 320
12  64  36  50  -3  15   0 0.00  0.0    0  6.6 21 330   M    M   0        28 350
13  70  34  52  -1  13   0 0.00  0.0    0  6.7 15 120   M    M   0        19 110
14  84  42  63   9   2   0 0.00  0.0    0  8.4 21 210   M    M   0        26 220
15  87  49  68  14   0   3 0.00  0.0    0 10.2 28 250   M    M   0        35 290
16  88  50  69  15   0   4 0.00  0.0    0  8.1 30 230   M    M   0        41 230
17  67  44  56   2   9   0 0.00  0.0    0  7.8 20 360   M    M   0        28 350
18  58  39  49  -6  16   0 0.00  0.0    0 13.6 28 120   M    M   0        37 130
19  57  32  45 -10  20   0 0.00  0.0    0 13.0 22  90   M    M   0        31 100
20  59  28  44 -11  21   0 0.00  0.0    0  6.5 13 230   M    M   0        16 230
21  64  43  54  -1  11   0 0.00  0.0    0  7.5 15 120   M    M   0        20 120
22  72  45  59   3   6   0 0.00  0.0    0  5.9 17 110   M    M   0        24 100
================================================================================
SM 1489  922       234  15  0.01     0.0 170.5          M        0
================================================================================
AV 67.7 41.9                               7.7 FASTST   M    M   0    MAX(MPH)
                                 MISC ---->  # 31 340               # 41  230
================================================================================
NOTES:
# LAST OF SEVERAL OCCURRENCES

COLUMN 17 PEAK WIND IN M.P.H.

PRELIMINARY LOCAL CLIMATOLOGICAL DATA (WS FORM: F-6) , PAGE 2

                                          STATION:  Terrell County Airport
                                          MONTH:    FEBRUARY
                                          YEAR:     2019
                                          LATITUDE:   30  2 N
                                          LONGITUDE: 102 13 W

[TEMPERATURE DATA]      [PRECIPITATION DATA]       SYMBOLS USED IN COLUMN 16

AVERAGE MONTHLY: 54.8   TOTAL FOR MONTH:   0.01    1 = FOG OR MIST
DPTR FM NORMAL:   1.8   DPTR FM NORMAL:   -0.49    2 = FOG REDUCING VISIBILITY
HIGHEST:    88 ON 16    GRTST 24HR  0.01 ON  6- 6      TO 1/4 MILE OR LESS
LOWEST:     28 ON 20, 9                            3 = THUNDER
                        SNOW, ICE PELLETS, HAIL    4 = ICE PELLETS
                        TOTAL MONTH:   0.0 INCH    5 = HAIL
                        GRTST 24HR     0.0         6 = FREEZING RAIN OR DRIZZLE
                        GRTST DEPTH:   0           7 = DUSTSTORM OR SANDSTORM:
                                                       VSBY 1/2 MILE OR LESS
                                                   8 = SMOKE OR HAZE
[NO. OF DAYS WITH]      [WEATHER - DAYS WITH]      9 = BLOWING SNOW
                                                   X = TORNADO
MAX 32 OR BELOW:   0    0.01 INCH OR MORE:   1
MAX 90 OR ABOVE:   0    0.10 INCH OR MORE:   0
MIN 32 OR BELOW:   4    0.50 INCH OR MORE:   0
MIN  0 OR BELOW:   0    1.00 INCH OR MORE:   0

[HDD (BASE 65) ]
TOTAL THIS MO.   234    CLEAR  (SCALE 0-3)  22
DPTR FM NORMAL   -33    PTCLDY (SCALE 4-7)   0
TOTAL FM JUL 1  1668    CLOUDY (SCALE 8-10)  0
DPTR FM NORMAL   117

[CDD (BASE 65) ]
TOTAL THIS MO.    15
DPTR FM NORMAL    15    [PRESSURE DATA]
TOTAL FM JAN 1    15    HIGHEST SLP M ON M
DPTR FM NORMAL    15    LOWEST  SLP 29.49 ON 16

[REMARKS]
