000
CXUS55 KABR 161648
CF68D3
PRELIMINARY LOCAL CLIMATOLOGICAL DATA (WS FORM: F-6)

                                          STATION:   SISSETON SD
                                          MONTH:     FEBRUARY
                                          YEAR:      2019
                                          LATITUDE:   45 40 N
                                          LONGITUDE:  96 59 W

  TEMPERATURE IN F:       :PCPN:    SNOW:  WIND      :SUNSHINE: SKY     :PK WND
================================================================================
1   2   3   4   5  6A  6B    7    8   9   10  11  12  13   14  15   16   17  18
                                     12Z  AVG MX 2MIN
DY MAX MIN AVG DEP HDD CDD  WTR  SNW DPTH SPD SPD DIR MIN PSBL S-S WX    SPD DR
================================================================================

 1  15   0   8  -6  57   0 0.00  0.0   13 13.1 25 160   M    M   0        30 150
 2  19   8  14   0  51   0 0.00  0.0   13  5.4 16 330   M    M   0        18 330
 3  13  -4   5 -10  60   0 0.11  1.6   12 19.8 28 320   M    M   0        37 320
 4  -3  -8  -5 -20  70   0 0.06  1.9   15 20.6 31 320   M    M   0        39 320
 5   0  -8  -4 -19  69   0 0.00  0.0   15  9.1 18 340   M    M   0        21 340
 6   1  -3  -1 -16  66   0    T    T   15 16.4 26 340   M    M   0        33 340
 7  -2 -11  -6 -22  71   0 0.23  3.0   18 27.7 39 320   M    M   0 1289   49 330
 8  -3 -19 -11 -27  76   0 0.00  0.0   19  8.3 26 310   M    M   0        34 320
 9   2 -13  -5 -21  70   0 0.00  0.0   19  9.0 20 130   M    M   0        23 140
10   4  -8  -2 -18  67   0 0.05  0.9   19  8.1 13 360   M    M   0        17  10
11  16 -13   2 -15  63   0 0.14  1.9   19  2.2  8 150   M    M   0         9 140
12  17   1   9  -8  56   0 0.13  1.6   22 15.9 26 310   M    M   0        34 320
13  13  -6   4 -13  61   0 0.00  0.0   22  8.2 20 150   M    M   0        23 150
14   8  -6   1 -17  64   0    T    T   21 21.4 33 320   M    M   0        42 330
15   3  -9  -3 -21  68   0 0.00  0.0   21 11.5 22 310   M    M   0        28 310
================================================================================
SM  103  -99       969   0  0.72    10.9 196.7          M        0
================================================================================
AV  6.9 -6.6                              13.1 FASTST   M    M   0    MAX(MPH)
                                 MISC ---->  # 39 320               # 49  330
================================================================================
NOTES:
# LAST OF SEVERAL OCCURRENCES

COLUMN 17 PEAK WIND IN M.P.H.

PRELIMINARY LOCAL CLIMATOLOGICAL DATA (WS FORM: F-6) , PAGE 2

                                          STATION:  SISSETON SD
                                          MONTH:    FEBRUARY
                                          YEAR:     2019
                                          LATITUDE:   45 40 N
                                          LONGITUDE:  96 59 W

[TEMPERATURE DATA]      [PRECIPITATION DATA]       SYMBOLS USED IN COLUMN 16

AVERAGE MONTHLY:  0.1   TOTAL FOR MONTH:   0.72    1 = FOG OR MIST
DPTR FM NORMAL: -15.8   DPTR FM NORMAL:    0.54    2 = FOG REDUCING VISIBILITY
HIGHEST:    19 ON  2    GRTST 24HR  0.23 ON  7- 7      TO 1/4 MILE OR LESS
LOWEST:    -19 ON  8                               3 = THUNDER
                        SNOW, ICE PELLETS, HAIL    4 = ICE PELLETS
                        TOTAL MONTH:  10.9 INCHES  5 = HAIL
                        GRTST 24HR   3.0 ON  7- 7  6 = FREEZING RAIN OR DRIZZLE
                        GRTST DEPTH:  22 ON 13,12  7 = DUSTSTORM OR SANDSTORM:
                                                       VSBY 1/2 MILE OR LESS
                                                   8 = SMOKE OR HAZE
[NO. OF DAYS WITH]      [WEATHER - DAYS WITH]      9 = BLOWING SNOW
                                                   X = TORNADO
MAX 32 OR BELOW:  15    0.01 INCH OR MORE:   6
MAX 90 OR ABOVE:   0    0.10 INCH OR MORE:   4
MIN 32 OR BELOW:  15    0.50 INCH OR MORE:   0
MIN  0 OR BELOW:  13    1.00 INCH OR MORE:   0

[HDD (BASE 65) ]
TOTAL THIS MO.   969    CLEAR  (SCALE 0-3)  15
DPTR FM NORMAL   233    PTCLDY (SCALE 4-7)   0
TOTAL FM JUL 1  6242    CLOUDY (SCALE 8-10)  0
DPTR FM NORMAL   560

[CDD (BASE 65) ]
TOTAL THIS MO.     0
DPTR FM NORMAL     0    [PRESSURE DATA]
TOTAL FM JAN 1     0    HIGHEST SLP M ON M
DPTR FM NORMAL     0    LOWEST  SLP 29.63 ON 13

[REMARKS]
