000
CXUS51 KPHI 190800
CF6ABE
PRELIMINARY LOCAL CLIMATOLOGICAL DATA (WS FORM: F-6)

                                          STATION:   ALLENTOWN PA
                                          MONTH:     FEBRUARY
                                          YEAR:      2019
                                          LATITUDE:   40 39 N
                                          LONGITUDE:  75 26 W

  TEMPERATURE IN F:       :PCPN:    SNOW:  WIND      :SUNSHINE: SKY     :PK WND
================================================================================
1   2   3   4   5  6A  6B    7    8   9   10  11  12  13   14  15   16   17  18
                                     12Z  AVG MX 2MIN
DY MAX MIN AVG DEP HDD CDD  WTR  SNW DPTH SPD SPD DIR MIN PSBL S-S WX    SPD DR
================================================================================

 1  18  -4   7 -21  58   0    T    T    2  2.7  8 250   M    M   5 8      10 250
 2  31   4  18 -10  47   0 0.00  0.0    2  7.8 20 240   M    M   1 18     26 250
 3  50  17  34   5  31   0 0.00  0.0    1  2.2  8 220   M    M   4 18     10 220
 4  61  25  43  14  22   0 0.00  0.0    0  1.4  8 310   M    M   0 18     10 170
 5  66  32  49  20  16   0    T    M    0  4.1 17 290   M    M   2 18     22 290
 6  48  29  39  10  26   0 0.35    M    0  5.7 12  80   M    M   6 1      15 110
 7  47  38  43  14  22   0 0.12  0.0    0  4.9 12 110   M    M   9 18     16 100
 8  54  30  42  13  23   0 0.37  0.0    0 10.7 28 260   M    M   4 1      41 290
 9  33  21  27  -3  38   0 0.00  0.0    0 12.7 25 320   M    M   0        33 320
10  35  17  26  -4  39   0 0.01  0.1    0  4.2 13 240   M    M   2        16 230
11  36  29  33   3  32   0 0.04  0.6    T  4.1  9 140   M    M   9 18     14 140
12  33  28  31   1  34   0 0.52  2.8    1 11.8 22 100   M    M  10 1468   27  90
13  40  32  36   6  29   0 0.04    T    3 12.1 26 260   M    M   8 168    43 260
14  43  33  38   8  27   0 0.00  0.0    3  8.6 18 240   M    M   4        22 240
15  60  38  49  18  16   0    T  0.0    1  6.7 18 230   M    M   4        22 300
16  44  28  36   5  29   0 0.00  0.0    0 10.2 21 310   M    M   0        26 310
17  39  20  30  -1  35   0 0.05    M    0  4.7 12 190   M    M   3 46     16 150
18  41  27  34   3  31   0 0.12    T    0  9.0 24 300   M    M   9 168    31 300
================================================================================
SM  779  444       555   0  1.62     3.5 123.6          M       80
================================================================================
AV 43.3 24.7                               6.9 FASTST   M    M   4    MAX(MPH)
                                 MISC ---->  # 28 260               # 43  260
================================================================================
NOTES:
# LAST OF SEVERAL OCCURRENCES

COLUMN 17 PEAK WIND IN M.P.H.

PRELIMINARY LOCAL CLIMATOLOGICAL DATA (WS FORM: F-6) , PAGE 2

                                          STATION:  ALLENTOWN PA
                                          MONTH:    FEBRUARY
                                          YEAR:     2019
                                          LATITUDE:   40 39 N
                                          LONGITUDE:  75 26 W

[TEMPERATURE DATA]      [PRECIPITATION DATA]       SYMBOLS USED IN COLUMN 16

AVERAGE MONTHLY: 34.0   TOTAL FOR MONTH:   1.62    1 = FOG OR MIST
DPTR FM NORMAL:   4.3   DPTR FM NORMAL:   -0.11    2 = FOG REDUCING VISIBILITY
HIGHEST:    66 ON  5    GRTST 24HR  0.52 ON 12-12      TO 1/4 MILE OR LESS
LOWEST:     -4 ON  1                               3 = THUNDER
                        SNOW, ICE PELLETS, HAIL    4 = ICE PELLETS
                        TOTAL MONTH:   3.5 INCHES  5 = HAIL
                        GRTST 24HR   2.8 ON 12-12  6 = FREEZING RAIN OR DRIZZLE
                        GRTST DEPTH:   3 ON 14,13  7 = DUSTSTORM OR SANDSTORM:
                                                       VSBY 1/2 MILE OR LESS
                                                   8 = SMOKE OR HAZE
[NO. OF DAYS WITH]      [WEATHER - DAYS WITH]      9 = BLOWING SNOW
                                                   X = TORNADO
MAX 32 OR BELOW:   2    0.01 INCH OR MORE:   9
MAX 90 OR ABOVE:   0    0.10 INCH OR MORE:   5
MIN 32 OR BELOW:  15    0.50 INCH OR MORE:   1
MIN  0 OR BELOW:   1    1.00 INCH OR MORE:   0

[HDD (BASE 65) ]
TOTAL THIS MO.   555    CLEAR  (SCALE 0-3)   6
DPTR FM NORMAL   -81    PTCLDY (SCALE 4-7)   8
TOTAL FM JUL 1  3543    CLOUDY (SCALE 8-10)  4
DPTR FM NORMAL  -443

[CDD (BASE 65) ]
TOTAL THIS MO.     0
DPTR FM NORMAL     0    [PRESSURE DATA]
TOTAL FM JAN 1     0    HIGHEST SLP M ON M
DPTR FM NORMAL     0    LOWEST  SLP 29.57 ON 13

[REMARKS]
