000
CXUS54 KSJT 181000
CF6ABI
PRELIMINARY LOCAL CLIMATOLOGICAL DATA (WS FORM: F-6)

                                          STATION:   ABILENE
                                          MONTH:     APRIL
                                          YEAR:      2019
                                          LATITUDE:   32 25 N
                                          LONGITUDE:  99 41 W

  TEMPERATURE IN F:       :PCPN:    SNOW:  WIND      :SUNSHINE: SKY     :PK WND
================================================================================
1   2   3   4   5  6A  6B    7    8   9   10  11  12  13   14  15   16   17  18
                                     12Z  AVG MX 2MIN
DY MAX MIN AVG DEP HDD CDD  WTR  SNW DPTH SPD SPD DIR MIN PSBL S-S WX    SPD DR
================================================================================

 1  63  40  52  -9  13   0 0.00  0.0    0  5.2 12 320   M    M   4        16 330
 2  74  45  60  -1   5   0 0.00  0.0    0 16.0 23 140   M    M   0        29 160
 3  76  53  65   4   0   0 0.00  0.0    0 20.2 32 190   M    M   4        40 210
 4  80  60  70   8   0   5 0.00  0.0    0 10.9 25 210   M    M   0        34 190
 5  84  54  69   7   0   4 0.00  0.0    0 13.2 28 130   M    M   0 1      34 140
 6  80  56  68   6   0   3 0.49  0.0    0  9.2 28 270   M    M   3 13     38 320
 7  79  61  70   8   0   5 0.00  0.0    0  8.3 17 210   M    M   2 1      21 200
 8  82  53  68   6   0   3 0.00  0.0    0  5.7 13 360   M    M   2 128    16  10
 9  90  56  73  10   0   8 0.00  0.0    0 14.3 24 170   M    M   0        32 160
10  96  69  83  20   0  18 0.00  0.0    0 17.4 29 200   M    M   1 8      37 180
11  77  44  61  -2   4   0 0.00  0.0    0 11.0 25 330   M    M   2 8      31 300
12  73  40  57  -7   8   0    T    M    0 12.8 22 120   M    M   2        28 130
13  58  40  49 -15  16   0 1.26    T    0 20.6 35 320   M    M  10 135    45 340
14  68  37  53 -11  12   0 0.00  0.0    0  9.9 20 200   M    M   0        24 180
15  84  54  69   5   0   4 0.00  0.0    0 18.0 32 210   M    M   0        41 210
16  74  60  67   2   0   2 0.00  0.0    0 16.1 26 170   M    M   0        33 180
17  87  64  76  11   0  11    T  0.0    0 14.2 29 210   M    M   3        41 240
================================================================================
SM 1325  886        58  63  1.75    T    223.0          M       33
================================================================================
AV 77.9 52.1                              13.1 FASTST   M    M   2    MAX(MPH)
                                 MISC ---->  # 35 320               # 45  340
================================================================================
NOTES:
# LAST OF SEVERAL OCCURRENCES

COLUMN 17 PEAK WIND IN M.P.H.

PRELIMINARY LOCAL CLIMATOLOGICAL DATA (WS FORM: F-6) , PAGE 2

                                          STATION:  ABILENE
                                          MONTH:    APRIL
                                          YEAR:     2019
                                          LATITUDE:   32 25 N
                                          LONGITUDE:  99 41 W

[TEMPERATURE DATA]      [PRECIPITATION DATA]       SYMBOLS USED IN COLUMN 16

AVERAGE MONTHLY: 65.0   TOTAL FOR MONTH:   1.75    1 = FOG OR MIST
DPTR FM NORMAL:   2.2   DPTR FM NORMAL:    0.95    2 = FOG REDUCING VISIBILITY
HIGHEST:    96 ON 10    GRTST 24HR  1.26 ON 13-13      TO 1/4 MILE OR LESS
LOWEST:     37 ON 14                               3 = THUNDER
                        SNOW, ICE PELLETS, HAIL    4 = ICE PELLETS
                        TOTAL MONTH:    T          5 = HAIL
                        GRTST 24HR    T  ON 13-13  6 = FREEZING RAIN OR DRIZZLE
                        GRTST DEPTH:   0           7 = DUSTSTORM OR SANDSTORM:
                                                       VSBY 1/2 MILE OR LESS
                                                   8 = SMOKE OR HAZE
[NO. OF DAYS WITH]      [WEATHER - DAYS WITH]      9 = BLOWING SNOW
                                                   X = TORNADO
MAX 32 OR BELOW:   0    0.01 INCH OR MORE:   2
MAX 90 OR ABOVE:   2    0.10 INCH OR MORE:   2
MIN 32 OR BELOW:   0    0.50 INCH OR MORE:   1
MIN  0 OR BELOW:   0    1.00 INCH OR MORE:   1

[HDD (BASE 65) ]
TOTAL THIS MO.    58    CLEAR  (SCALE 0-3)  14
DPTR FM NORMAL   -24    PTCLDY (SCALE 4-7)   2
TOTAL FM JUL 1  2507    CLOUDY (SCALE 8-10)  1
DPTR FM NORMAL    -6

[CDD (BASE 65) ]
TOTAL THIS MO.    63
DPTR FM NORMAL    20    [PRESSURE DATA]
TOTAL FM JAN 1   101    HIGHEST SLP M ON M
DPTR FM NORMAL    24    LOWEST  SLP 29.26 ON 10

[REMARKS]
