000
CXUS54 KSJT 161000
CF6ABI
PRELIMINARY LOCAL CLIMATOLOGICAL DATA (WS FORM: F-6)

                                          STATION:   ABILENE
                                          MONTH:     FEBRUARY
                                          YEAR:      2019
                                          LATITUDE:   32 25 N
                                          LONGITUDE:  99 41 W

  TEMPERATURE IN F:       :PCPN:    SNOW:  WIND      :SUNSHINE: SKY     :PK WND
================================================================================
1   2   3   4   5  6A  6B    7    8   9   10  11  12  13   14  15   16   17  18
                                     12Z  AVG MX 2MIN
DY MAX MIN AVG DEP HDD CDD  WTR  SNW DPTH SPD SPD DIR MIN PSBL S-S WX    SPD DR
================================================================================

 1  66  53  60  14   5   0 0.00  0.0    0 12.4 20 160   M    M   6        27 190
 2  71  55  63  17   2   0 0.00  0.0    0 12.3 21 170   M    M   6        26 170
 3  76  55  66  20   0   1 0.00  0.0    0 16.8 25 200   M    M   1 1      33 200
 4  78  55  67  21   0   2 0.00  0.0    0  8.8 18 200   M    M   0 18     25 200
 5  77  56  67  20   0   2 0.00  0.0    0 10.9 22 200   M    M   2 18     29 210
 6  76  63  70  23   0   5 0.05  0.0    0 14.1 28 180   M    M   3 18     34 180
 7  68  28  48   1  17   0 0.09  0.0    0 12.6 29 260   M    M   4 13     37 260
 8  36  22  29 -18  36   0    T    T    0  6.8 14  60   M    M   4        18  50
 9  39  33  36 -11  29   0 0.00  0.0    0  8.8 20 150   M    M  10 8      25 150
10  49  36  43  -5  22   0 0.05  0.0    0  9.2 17 150   M    M  10 1      21 140
11  54  48  51   3  14   0 0.05  0.0    0 13.4 24 200   M    M   6 18     32 210
12  59  34  47  -1  18   0 0.00  0.0    0  8.5 22 310   M    M   0        29 310
13  65  38  52   4  13   0 0.00  0.0    0 16.0 31 190   M    M   0        40 200
14  83  53  68  20   0   3 0.00  0.0    0 12.9 28 200   M    M   0        37 210
15  75  36  56   8   9   0 0.00    M    0  8.9 18  40   M    M   0        25  40
================================================================================
SM  972  665       165  13  0.24    T    172.4          M       52
================================================================================
AV 64.8 44.3                              11.5 FASTST   M    M   3    MAX(MPH)
                                 MISC ---->  # 31 190               # 40  200
================================================================================
NOTES:
# LAST OF SEVERAL OCCURRENCES

COLUMN 17 PEAK WIND IN M.P.H.

PRELIMINARY LOCAL CLIMATOLOGICAL DATA (WS FORM: F-6) , PAGE 2

                                          STATION:  ABILENE
                                          MONTH:    FEBRUARY
                                          YEAR:     2019
                                          LATITUDE:   32 25 N
                                          LONGITUDE:  99 41 W

[TEMPERATURE DATA]      [PRECIPITATION DATA]       SYMBOLS USED IN COLUMN 16

AVERAGE MONTHLY: 54.6   TOTAL FOR MONTH:   0.24    1 = FOG OR MIST
DPTR FM NORMAL:   7.4   DPTR FM NORMAL:   -0.46    2 = FOG REDUCING VISIBILITY
HIGHEST:    83 ON 14    GRTST 24HR  0.09 ON  7- 7      TO 1/4 MILE OR LESS
LOWEST:     22 ON  8                               3 = THUNDER
                        SNOW, ICE PELLETS, HAIL    4 = ICE PELLETS
                        TOTAL MONTH:    T          5 = HAIL
                        GRTST 24HR    T  ON  8- 8  6 = FREEZING RAIN OR DRIZZLE
                        GRTST DEPTH:   0           7 = DUSTSTORM OR SANDSTORM:
                                                       VSBY 1/2 MILE OR LESS
                                                   8 = SMOKE OR HAZE
[NO. OF DAYS WITH]      [WEATHER - DAYS WITH]      9 = BLOWING SNOW
                                                   X = TORNADO
MAX 32 OR BELOW:   0    0.01 INCH OR MORE:   4
MAX 90 OR ABOVE:   0    0.10 INCH OR MORE:   0
MIN 32 OR BELOW:   2    0.50 INCH OR MORE:   0
MIN  0 OR BELOW:   0    1.00 INCH OR MORE:   0

[HDD (BASE 65) ]
TOTAL THIS MO.   165    CLEAR  (SCALE 0-3)   7
DPTR FM NORMAL  -104    PTCLDY (SCALE 4-7)   6
TOTAL FM JUL 1  1855    CLOUDY (SCALE 8-10)  2
DPTR FM NORMAL   -83

[CDD (BASE 65) ]
TOTAL THIS MO.    13
DPTR FM NORMAL    13    [PRESSURE DATA]
TOTAL FM JAN 1    13    HIGHEST SLP M ON M
DPTR FM NORMAL    12    LOWEST  SLP 29.62 ON  6

[REMARKS]
