000
CXUS55 KABQ 211000
CF6ABQ
PRELIMINARY LOCAL CLIMATOLOGICAL DATA (WS FORM: F-6)

                                          STATION:   ALBUQUERQUE  NM
                                          MONTH:     APRIL
                                          YEAR:      2019
                                          LATITUDE:   35  2 N
                                          LONGITUDE: 106 37 W

  TEMPERATURE IN F:       :PCPN:    SNOW:  WIND      :SUNSHINE: SKY     :PK WND
================================================================================
1   2   3   4   5  6A  6B    7    8   9   10  11  12  13   14  15   16   17  18
                                     12Z  AVG MX 2MIN
DY MAX MIN AVG DEP HDD CDD  WTR  SNW DPTH SPD SPD DIR MIN PSBL S-S WX    SPD DR
================================================================================

 1  57  32  45  -7  20   0 0.00  0.0    0  3.9 12 280   M    M   7 18     14 270
 2  67  38  53   1  12   0 0.00  0.0    0  6.0 18 220   M    M   7        25 190
 3  60  47  54   2  11   0    T  0.0    0  8.7 30 280   M    M   6        45 260
 4  66  37  52   0  13   0 0.00  0.0    0  4.8 15  70   M    M   5        16  70
 5  69  44  57   4   8   0 0.00  0.0    0  7.1 21 220   M    M   7        27 160
 6  68  41  55   2  10   0 0.00  0.0    0  6.7 22 310   M    M   3        27 310
 7  75  45  60   7   5   0 0.00  0.0    0  8.4 20 340   M    M   3        25 340
 8  79  46  63   9   2   0 0.00  0.0    0  8.1 21 320   M    M   4        31 320
 9  83  45  64  10   1   0 0.00  0.0    0 10.0 30 270   M    M   7        39 270
10  64  43  54   0  11   0    T  0.0    0 20.5 49 280   M    M   4 78     60 270
11  54  41  48  -6  17   0 0.00  0.0    0 17.1 33 300   M    M   8        41 290
12  55  35  45 -10  20   0 0.03  0.0    0  6.7 18  80   M    M   8        24  80
13  58  36  47  -8  18   0    T  0.0    0  5.7 23 110   M    M   5        30 110
14  74  33  54  -1  11   0 0.00  0.0    0  7.4 26 260   M    M   3        36 240
15  77  44  61   5   4   0 0.00  0.0    0  7.0 20 280   M    M   6        26 250
16  72  46  59   3   6   0 0.00  0.0    0  7.2 26 220   M    M   8        38 230
17  59  44  52  -4  13   0 0.58  0.0    0  8.6 24 260   M    M   8 13     32 260
18  71  42  57   0   8   0 0.00  0.0    0  7.4 25 310   M    M   2 12     33 310
19  76  47  62   5   3   0 0.00  0.0    M  6.2 22  80   M    M   0        25  80
20  82  51  67  10   0   2 0.00  0.0    0  9.9 31 190   M    M   5        45 220
================================================================================
SM 1366  837       193   2  0.61     0.0 167.4          M      106
================================================================================
AV 68.3 41.9                               8.4 FASTST   M    M   5    MAX(MPH)
                                 MISC ---->  # 49 280               # 60  270
================================================================================
NOTES:
# LAST OF SEVERAL OCCURRENCES

COLUMN 17 PEAK WIND IN M.P.H.

PRELIMINARY LOCAL CLIMATOLOGICAL DATA (WS FORM: F-6) , PAGE 2

                                          STATION:  ALBUQUERQUE  NM
                                          MONTH:    APRIL
                                          YEAR:     2019
                                          LATITUDE:   35  2 N
                                          LONGITUDE: 106 37 W

[TEMPERATURE DATA]      [PRECIPITATION DATA]       SYMBOLS USED IN COLUMN 16

AVERAGE MONTHLY: 55.1   TOTAL FOR MONTH:   0.61    1 = FOG OR MIST
DPTR FM NORMAL:   0.7   DPTR FM NORMAL:    0.18    2 = FOG REDUCING VISIBILITY
HIGHEST:    83 ON  9    GRTST 24HR  0.58 ON 17-17      TO 1/4 MILE OR LESS
LOWEST:     32 ON  1                               3 = THUNDER
                        SNOW, ICE PELLETS, HAIL    4 = ICE PELLETS
                        TOTAL MONTH:   0.0 INCH    5 = HAIL
                        GRTST 24HR     0.0         6 = FREEZING RAIN OR DRIZZLE
                        GRTST DEPTH:   0           7 = DUSTSTORM OR SANDSTORM:
                                                       VSBY 1/2 MILE OR LESS
                                                   8 = SMOKE OR HAZE
[NO. OF DAYS WITH]      [WEATHER - DAYS WITH]      9 = BLOWING SNOW
                                                   X = TORNADO
MAX 32 OR BELOW:   0    0.01 INCH OR MORE:   2
MAX 90 OR ABOVE:   0    0.10 INCH OR MORE:   1
MIN 32 OR BELOW:   1    0.50 INCH OR MORE:   1
MIN  0 OR BELOW:   0    1.00 INCH OR MORE:   0

[HDD (BASE 65) ]
TOTAL THIS MO.   193    CLEAR  (SCALE 0-3)   4
DPTR FM NORMAL   -20    PTCLDY (SCALE 4-7)  14
TOTAL FM JUL 1  4012    CLOUDY (SCALE 8-10)  2
DPTR FM NORMAL   -28

[CDD (BASE 65) ]
TOTAL THIS MO.     2
DPTR FM NORMAL     2    [PRESSURE DATA]
TOTAL FM JAN 1     2    HIGHEST SLP M ON M
DPTR FM NORMAL     2    LOWEST  SLP 29.37 ON 10

[REMARKS]
