048
CXUS55 KABQ 171000
CF6ABQ
PRELIMINARY LOCAL CLIMATOLOGICAL DATA (WS FORM: F-6)

                                          STATION:   ALBUQUERQUE  NM
                                          MONTH:     AUGUST
                                          YEAR:      2019
                                          LATITUDE:   35  2 N
                                          LONGITUDE: 106 37 W

  TEMPERATURE IN F:       :PCPN:    SNOW:  WIND      :SUNSHINE: SKY     :PK WND
================================================================================
1   2   3   4   5  6A  6B    7    8   9   10  11  12  13   14  15   16   17  18
                                     12Z  AVG MX 2MIN
DY MAX MIN AVG DEP HDD CDD  WTR  SNW DPTH SPD SPD DIR MIN PSBL S-S WX    SPD DR
================================================================================

 1  94  68  81   4   0  16    T  0.0    0  6.7 25 280   M    M   5 3      33 110
 2  95  67  81   4   0  16 0.02  0.0    0  5.1 24 140   M    M   7 3      29 140
 3  92  67  80   3   0  15 0.31  0.0    0  7.9 28  80   M    M   7 3      35  80
 4  87  66  77   0   0  12 0.00  0.0    0  5.8 30 170   M    M   7 3      36 160
 5  94  66  80   3   0  15 0.00  0.0    0  5.1 13 120   M    M   6        16 130
 6  90  70  80   3   0  15    T  0.0    0 12.1 32 340   M    M   6 3      39 350
 7  91  66  79   2   0  14 0.00  0.0    0  6.8 22 230   M    M   7        29 220
 8  93  67  80   3   0  15    T  0.0    0  5.4 31 270   M    M   7 3      39 260
 9  91  69  80   3   0  15 0.03  0.0    0  7.3 30 190   M    M   8 3      39 190
10  88  67  78   1   0  13 0.00  0.0    0  6.7 22 180   M    M   8        28 170
11  89  66  78   1   0  13 0.05  0.0    0  6.4 25 290   M    M   6 38     34 230
12  92  63  78   1   0  13 0.00  0.0    0  6.4 20 340   M    M   4        30 310
13  94  67  81   4   0  16 0.00  0.0    0  5.2 15 290   M    M   3        18 280
14  88  65  77   1   0  12    T  0.0    0 11.6 28  80   M    M   5        34 130
15  92  61  77   1   0  12 0.00  0.0    0  6.3 29 280   M    M   3        38 290
16  95  62  79   3   0  14 0.00  0.0    0  5.4 15 190   M    M   3        19 190
================================================================================
SM 1465 1057         0 226  0.41     0.0 110.2          M       92
================================================================================
AV 91.6 66.1                               6.9 FASTST   M    M   6    MAX(MPH)
                                 MISC ---->  # 32 340               # 39  350
================================================================================
NOTES:
# LAST OF SEVERAL OCCURRENCES

COLUMN 17 PEAK WIND IN M.P.H.

PRELIMINARY LOCAL CLIMATOLOGICAL DATA (WS FORM: F-6) , PAGE 2

                                          STATION:  ALBUQUERQUE  NM
                                          MONTH:    AUGUST
                                          YEAR:     2019
                                          LATITUDE:   35  2 N
                                          LONGITUDE: 106 37 W

[TEMPERATURE DATA]      [PRECIPITATION DATA]       SYMBOLS USED IN COLUMN 16

AVERAGE MONTHLY: 78.8   TOTAL FOR MONTH:   0.41    1 = FOG OR MIST
DPTR FM NORMAL:   2.0   DPTR FM NORMAL:   -0.50    2 = FOG REDUCING VISIBILITY
HIGHEST:    95 ON 16, 2 GRTST 24HR  0.31 ON  3- 3      TO 1/4 MILE OR LESS
LOWEST:     61 ON 15                               3 = THUNDER
                        SNOW, ICE PELLETS, HAIL    4 = ICE PELLETS
                        TOTAL MONTH:   0.0 INCH    5 = HAIL
                        GRTST 24HR     0.0         6 = FREEZING RAIN OR DRIZZLE
                        GRTST DEPTH:   0           7 = DUSTSTORM OR SANDSTORM:
                                                       VSBY 1/2 MILE OR LESS
                                                   8 = SMOKE OR HAZE
[NO. OF DAYS WITH]      [WEATHER - DAYS WITH]      9 = BLOWING SNOW
                                                   X = TORNADO
MAX 32 OR BELOW:   0    0.01 INCH OR MORE:   4
MAX 90 OR ABOVE:  12    0.10 INCH OR MORE:   1
MIN 32 OR BELOW:   0    0.50 INCH OR MORE:   0
MIN  0 OR BELOW:   0    1.00 INCH OR MORE:   0

[HDD (BASE 65) ]
TOTAL THIS MO.     0    CLEAR  (SCALE 0-3)   2
DPTR FM NORMAL     0    PTCLDY (SCALE 4-7)  14
TOTAL FM JUL 1     0    CLOUDY (SCALE 8-10)  0
DPTR FM NORMAL     0

[CDD (BASE 65) ]
TOTAL THIS MO.   226
DPTR FM NORMAL    36    [PRESSURE DATA]
TOTAL FM JAN 1  1028    HIGHEST SLP M ON M
DPTR FM NORMAL    27    LOWEST  SLP 29.72 ON 16

[REMARKS]
