000
CXUS55 KABR 181552
CF6ABR
PRELIMINARY LOCAL CLIMATOLOGICAL DATA (WS FORM: F-6)

                                          STATION:   ABERDEEN SD
                                          MONTH:     FEBRUARY
                                          YEAR:      2019
                                          LATITUDE:   45 27 N
                                          LONGITUDE:  98 26 W

  TEMPERATURE IN F:       :PCPN:    SNOW:  WIND      :SUNSHINE: SKY     :PK WND
================================================================================
1   2   3   4   5  6A  6B    7    8   9   10  11  12  13   14  15   16   17  18
                                     12Z  AVG MX 2MIN
DY MAX MIN AVG DEP HDD CDD  WTR  SNW DPTH SPD SPD DIR MIN PSBL S-S WX    SPD DR
================================================================================

 1  22  -2  10  -3  55   0 0.00  0.0   10  9.7 20 180   M    M   3 18     24 190
 2  17   7  12  -2  53   0 0.00  0.0    9  8.4 18  30   M    M   0 18     23  30
 3  13  -4   5  -9  60   0 0.17  2.0    9 17.9 25  30   M    M   8 189    33  20
 4  -2  -9  -5 -19  70   0 0.03  0.3   11 15.6 24 340   M    M   3 18     32 340
 5  -1  -6  -3 -17  68   0    T    T   11  9.4 14  40   M    M  10        17  40
 6   1  -3  -1 -16  66   0 0.03  0.7   11 14.5 23 350   M    M  10 8      29 340
 7  -2 -13  -7 -22  72   0 0.11  1.6   12 23.1 33 330   M    M   9 1289   43 330
 8  -7 -23 -15 -30  80   0 0.00  0.0   13  6.2 18 310   M    M   1        24 310
 9   9  -9   0 -16  65   0    T    T   13 11.5 17 100   M    M   7 8      23 100
10   2  -6  -2 -18  67   0 0.04  1.9   13 13.0 20  20   M    M   9 18     26  20
11  20  -5   8  -8  57   0 0.10  1.7   14  9.1 25 110   M    M  10 18     32 110
12  17 -14   2 -14  63   0 0.01  0.2   15 13.5 23 310   M    M   2 18     29 310
13  19 -15   2 -15  63   0 0.00  0.0   15  4.4 14 180   M    M   0        18 180
14   9 -13  -2 -19  67   0 0.04  0.4   15 16.4 29 330   M    M   3 1289   37 340
15   4 -22  -9 -27  74   0 0.00  0.0   15  3.8 12 340   M    M   0        14 340
16  18  -1   9  -9  56   0 0.00  0.0   15  8.9 15  80   M    M  10        21  80
17  13   5   9  -9  56   0 0.00  0.0   15 12.6 20 360   M    M   6        26 360
================================================================================
SM  152 -133      1092   0  0.53     8.8 198.0          M       91
================================================================================
AV  8.9 -7.8                              11.6 FASTST   M    M   5    MAX(MPH)
                                 MISC ---->  # 33 330               # 43  330
================================================================================
NOTES:
# LAST OF SEVERAL OCCURRENCES

COLUMN 17 PEAK WIND IN M.P.H.

PRELIMINARY LOCAL CLIMATOLOGICAL DATA (WS FORM: F-6) , PAGE 2

                                          STATION:  ABERDEEN SD
                                          MONTH:    FEBRUARY
                                          YEAR:     2019
                                          LATITUDE:   45 27 N
                                          LONGITUDE:  98 26 W

[TEMPERATURE DATA]      [PRECIPITATION DATA]       SYMBOLS USED IN COLUMN 16

AVERAGE MONTHLY:  0.6   TOTAL FOR MONTH:   0.53    1 = FOG OR MIST
DPTR FM NORMAL: -15.1   DPTR FM NORMAL:    0.24    2 = FOG REDUCING VISIBILITY
HIGHEST:    22 ON  1    GRTST 24HR  0.17 ON  3- 3      TO 1/4 MILE OR LESS
LOWEST:    -23 ON  8                               3 = THUNDER
                        SNOW, ICE PELLETS, HAIL    4 = ICE PELLETS
                        TOTAL MONTH:   8.8 INCHES  5 = HAIL
                        GRTST 24HR   2.0 ON  3- 3  6 = FREEZING RAIN OR DRIZZLE
                        GRTST DEPTH:  15 ON 17,16  7 = DUSTSTORM OR SANDSTORM:
                                                       VSBY 1/2 MILE OR LESS
                                                   8 = SMOKE OR HAZE
[NO. OF DAYS WITH]      [WEATHER - DAYS WITH]      9 = BLOWING SNOW
                                                   X = TORNADO
MAX 32 OR BELOW:  17    0.01 INCH OR MORE:   8
MAX 90 OR ABOVE:   0    0.10 INCH OR MORE:   3
MIN 32 OR BELOW:  17    0.50 INCH OR MORE:   0
MIN  0 OR BELOW:  15    1.00 INCH OR MORE:   0

[HDD (BASE 65) ]
TOTAL THIS MO.  1092    CLEAR  (SCALE 0-3)   8
DPTR FM NORMAL   251    PTCLDY (SCALE 4-7)   3
TOTAL FM JUL 1  6261    CLOUDY (SCALE 8-10)  6
DPTR FM NORMAL   286

[CDD (BASE 65) ]
TOTAL THIS MO.     0
DPTR FM NORMAL     0    [PRESSURE DATA]
TOTAL FM JAN 1     0    HIGHEST SLP M ON M
DPTR FM NORMAL     0    LOWEST  SLP 29.63 ON 13

[REMARKS]
