000
CXUS55 KABR 201400
CF6ABR
PRELIMINARY LOCAL CLIMATOLOGICAL DATA (WS FORM: F-6)

                                          STATION:   ABERDEEN SD
                                          MONTH:     APRIL
                                          YEAR:      2019
                                          LATITUDE:   45 27 N
                                          LONGITUDE:  98 26 W

  TEMPERATURE IN F:       :PCPN:    SNOW:  WIND      :SUNSHINE: SKY     :PK WND
================================================================================
1   2   3   4   5  6A  6B    7    8   9   10  11  12  13   14  15   16   17  18
                                     12Z  AVG MX 2MIN
DY MAX MIN AVG DEP HDD CDD  WTR  SNW DPTH SPD SPD DIR MIN PSBL S-S WX    SPD DR
================================================================================

 1  38  27  33  -4  32   0 0.00  0.0    1  9.0 17 250   M    M   5        22 240
 2  48  29  39   1  26   0    T  0.0    T 12.1 28 310   M    M   2        40 320
 3  42  27  35  -3  30   0 0.00  0.0    T 10.4 17  60   M    M   1        22  60
 4  44  34  39   0  26   0 0.01  0.0    T  9.2 15 160   M    M  10 1      20 170
 5  59  33  46   7  19   0 0.00  0.0    T 10.0 18  30   M    M   6 128    22  30
 6  66  39  53  13  12   0 0.00  0.0    T 10.6 21 120   M    M   8 18     27 110
 7  70  44  57  17   8   0 0.00  0.0    0 12.8 28 300   M    M   4 12     38 290
 8  69  34  52  11  13   0    T  0.0    0 12.9 30 330   M    M   3        41 330
 9  45  30  38  -3  27   0 0.00  0.0    0 12.4 22  40   M    M   6        29  40
10  31  28  30 -12  35   0 0.39  6.1    0 18.0 26  30   M    M  10 12     37  30
11  29  26  28 -14  37   0 0.50  6.4    5 27.9 39  20   M    M  10 12     50  20
12  34  26  30 -13  35   0 0.03  1.1   13 18.6 30  10   M    M  10 1      44  20
13  42  20  31 -12  34   0 0.00  0.0   10  9.2 17 300   M    M   2        21 300
14  38  17  28 -16  37   0 0.00  0.0    4  9.2 16 150   M    M   0 1      21 150
15  49  28  39  -5  26   0 0.00  0.0    1  6.5 12 210   M    M   3        15 160
16  59  28  44  -1  21   0 0.00  0.0    T  5.6 12  90   M    M   2 1      16  90
17  51  43  47   2  18   0 0.15  0.0    0 11.0 26 320   M    M  10 1      36 310
18  60  35  48   2  17   0 0.02  0.0    0 10.3 22 350   M    M   6 1      32  10
19  68  29  49   3  16   0 0.00  0.0    0 11.4 22 190   M    M   1 12     35 200
================================================================================
SM  942  577       469   0  1.10    13.6 227.1          M       99
================================================================================
AV 49.6 30.4                              12.0 FASTST   M    M   5    MAX(MPH)
                                 MISC ---->  # 39  20               # 50   20
================================================================================
NOTES:
# LAST OF SEVERAL OCCURRENCES

COLUMN 17 PEAK WIND IN M.P.H.

PRELIMINARY LOCAL CLIMATOLOGICAL DATA (WS FORM: F-6) , PAGE 2

                                          STATION:  ABERDEEN SD
                                          MONTH:    APRIL
                                          YEAR:     2019
                                          LATITUDE:   45 27 N
                                          LONGITUDE:  98 26 W

[TEMPERATURE DATA]      [PRECIPITATION DATA]       SYMBOLS USED IN COLUMN 16

AVERAGE MONTHLY: 40.0   TOTAL FOR MONTH:   1.10    1 = FOG OR MIST
DPTR FM NORMAL:  -1.8   DPTR FM NORMAL:    0.12    2 = FOG REDUCING VISIBILITY
HIGHEST:    70 ON  7    GRTST 24HR  0.50 ON 11-11      TO 1/4 MILE OR LESS
LOWEST:     17 ON 14                               3 = THUNDER
                        SNOW, ICE PELLETS, HAIL    4 = ICE PELLETS
                        TOTAL MONTH:  13.6 INCHES  5 = HAIL
                        GRTST 24HR   6.4 ON 11-11  6 = FREEZING RAIN OR DRIZZLE
                        GRTST DEPTH:  13 ON 12     7 = DUSTSTORM OR SANDSTORM:
                                                       VSBY 1/2 MILE OR LESS
                                                   8 = SMOKE OR HAZE
[NO. OF DAYS WITH]      [WEATHER - DAYS WITH]      9 = BLOWING SNOW
                                                   X = TORNADO
MAX 32 OR BELOW:   2    0.01 INCH OR MORE:   6
MAX 90 OR ABOVE:   0    0.10 INCH OR MORE:   3
MIN 32 OR BELOW:  12    0.50 INCH OR MORE:   1
MIN  0 OR BELOW:   0    1.00 INCH OR MORE:   0

[HDD (BASE 65) ]
TOTAL THIS MO.   469    CLEAR  (SCALE 0-3)   7
DPTR FM NORMAL    27    PTCLDY (SCALE 4-7)   7
TOTAL FM JUL 1  8766    CLOUDY (SCALE 8-10)  5
DPTR FM NORMAL   773

[CDD (BASE 65) ]
TOTAL THIS MO.     0
DPTR FM NORMAL     0    [PRESSURE DATA]
TOTAL FM JAN 1     0    HIGHEST SLP M ON M
DPTR FM NORMAL     0    LOWEST  SLP 29.59 ON 12

[REMARKS]
