000
CXAK56 PAFC 010910
CF6ACD
PRELIMINARY LOCAL CLIMATOLOGICAL DATA (WS FORM: F-6)

                                          STATION:   COLD BAY
                                          MONTH:     JULY
                                          YEAR:      2019
                                          LATITUDE:   55 13 N
                                          LONGITUDE: 162 44 W

  TEMPERATURE IN F:       :PCPN:    SNOW:  WIND      :SUNSHINE: SKY     :PK WND
================================================================================
1   2   3   4   5  6A  6B    7    8   9   10  11  12  13   14  15   16   17  18
                                     12Z  AVG MX 2MIN
DY MAX MIN AVG DEP HDD CDD  WTR  SNW DPTH SPD SPD DIR MIN PSBL S-S WX    SPD DR
================================================================================

 1  58  48  53   4  12   0    T    M    M 17.7 29 140   M    M   8 M    38 140
 2  62  48  55   6  10   0    T    M    M 32.1 46 150   M    M   1 M    59 150
 3  59  49  54   5  11   0    T    M    M 31.2 37 150   M    M   5 1    49 150
 4  61  46  54   4  11   0 0.00  0.0    M  9.7 22 150   M    M   7 1    27 150
 5   M   M   M   M   M   M    M    M    M    M  M   M   M    M   M M     M   M
 6   M   M   M   M   M   M    M    M    M    M  M   M   M    M   M M     M   M
 7  72  54  63  13   2   0 0.00  0.0    M  6.0 14 280   M    M   8 12   21 270
 8  61  51  56   6   9   0 0.00  0.0    M 22.2 30 150   M    M   5 1    36 150
 9  62  54  58   8   7   0    T  0.0    M 20.4 26 150   M    M   9 1    33 150
10  61  51  56   6   9   0 0.04  0.0    M 10.2 17 150   M    M  10 1     M   M
11  62  51  57   7   8   0 0.00  0.0    M 10.5 21 160   M    M   9 M    27 140
12  56  51  54   3  11   0 0.03  0.0    M 11.9 16 140   M    M   9 M    22 110
13  59  52  56   5   9   0 0.03  0.0    M  7.6 17 300   M    M  10 M    19 290
14  60  50  55   4  10   0 0.01    M    M 14.8 20 280   M    M  10 M     M   M
15  58  50  54   3  11   0 0.05    M    M  8.4 18 280   M    M  10 1     M   M
16  55  49  52   1  13   0 0.19    M    M 15.5 28 260   M    M  10 1    32 270
17  57  52  55   4  10   0 0.21  0.0    M 18.3 21 270   M    M  10 1    28 270
18  56  50  53   2  12   0 0.04    M    M 18.1 25 280   M    M  10 18   30 290
19  56  51  54   3  11   0 0.03  0.0    M 20.1 24 280   M    M  10 18   29 280
20  55  50  53   2  12   0    T    M    M 12.6 18 300   M    M  10 1    21 300
21  57  48  53   2  12   0    T    M    M  6.8 13 290   M    M  10 1    14 290
22  61  50  56   4   9   0 0.00  0.0    M 12.1 25 160   M    M   8 M    30 150
23  62  49  56   4   9   0 0.00  0.0    M  6.9 15 150   M    M   8 M    19 160
24  61  52  57   5   8   0 0.00  0.0    M 11.7 24 150   M    M   9 M    29 160
25  55  51  53   1  12   0 0.11  0.0    M 22.0 35 140   M    M   5 1    43 140
26  55  47  51  -1  14   0 0.16    M    M 13.3 24 290   M    M  10 1    29 280
27  60  50  55   3  10   0 0.01    M    M 13.2 21 240   M    M  10 1    26 240
28  63  53  58   6   7   0 0.00  0.0    M 15.9 20 240   M    M   0 M    24 240
29  67  40  54   2  11   0 0.00  0.0    M  7.6 20 160   M    M   1 12   24 160
30  61  53  57   5   8   0    T  0.0    M 20.8 30 140   M    M   7 18   40 140
31  63  55  59   7   6   0 0.08  0.0    M 15.3 25 140   M    M  10 M    35 150
================================================================================
SM 1735 1455       284   0  0.99  0.0    433.1          M      229
================================================================================
AV 59.8 50.2                              14.9 FASTST   M    M   7    MAX(MPH)
                                 MISC ---->    46 150                 59 150
================================================================================
NOTES:
# LAST OF SEVERAL OCCURRENCES

COLUMN 17 PEAK WIND IN M.P.H.

PRELIMINARY LOCAL CLIMATOLOGICAL DATA (WS FORM: F-6) , PAGE 2

                                          STATION:   COLD BAY
                                          MONTH:     JULY
                                          YEAR:      2019
                                          LATITUDE:   55 13 N
                                          LONGITUDE: 162 44 W

[TEMPERATURE DATA]      [PRECIPITATION DATA]       SYMBOLS USED IN COLUMN 16

AVERAGE MONTHLY: 55.0   TOTAL FOR MONTH:   0.99    1 = FOG OR MIST
DPTR FM NORMAL:   4.1   DPTR FM NORMAL:   -1.49    2 = FOG REDUCING VISIBILITY
HIGHEST:    72 ON  7    GRTST 24HR  0.38 ON 25-26      TO 1/4 MILE OR LESS
LOWEST:     40 ON 29                               3 = THUNDER
                        SNOW, ICE PELLETS, HAIL    4 = ICE PELLETS
                        TOTAL MONTH:   0.0 INCH    5 = HAIL
                        GRTST 24HR  0.0            6 = FREEZING RAIN OR DRIZZLE
                        GRTST DEPTH:  M  ON   M    7 = DUSTSTORM OR SANDSTORM:
                                                       VSBY 1/2 MILE OR LESS
                                                   8 = SMOKE OR HAZE
[NO. OF DAYS WITH]      [WEATHER - DAYS WITH]      9 = BLOWING SNOW
                                                   X = TORNADO
MAX 32 OR BELOW:   0    0.01 INCH OR MORE:  11
MAX 90 OR ABOVE:   0    0.10 INCH OR MORE:   4
MIN 32 OR BELOW:   0    0.50 INCH OR MORE:   0
MIN  0 OR BELOW:   0    1.00 INCH OR MORE:   0

[HDD (BASE 65) ]
TOTAL THIS MO.   284    CLEAR  (SCALE 0-3)   3
DPTR FM NORMAL  -155    PTCLDY (SCALE 4-7)   7
TOTAL FM JUL 1   284    CLOUDY (SCALE 8-10) 19
DPTR FM NORMAL  -155

[CDD (BASE 65) ]
TOTAL THIS MO.     0
DPTR FM NORMAL     0    [PRESSURE DATA]
TOTAL FM JAN 1     0    HIGHEST SLP M ON M
DPTR FM NORMAL     0    LOWEST  SLP 29.67 ON 13

[REMARKS]
#FINAL-07-19#
