000
CXUS54 KFWD 200730
CF6ACT
PRELIMINARY LOCAL CLIMATOLOGICAL DATA (WS FORM: F-6)

                                          STATION:   WACO
                                          MONTH:     APRIL
                                          YEAR:      2019
                                          LATITUDE:   31 37 N
                                          LONGITUDE:  97 13 W

  TEMPERATURE IN F:       :PCPN:    SNOW:  WIND      :SUNSHINE: SKY     :PK WND
================================================================================
1   2   3   4   5  6A  6B    7    8   9   10  11  12  13   14  15   16   17  18
                                     12Z  AVG MX 2MIN
DY MAX MIN AVG DEP HDD CDD  WTR  SNW DPTH SPD SPD DIR MIN PSBL S-S WX    SPD DR
================================================================================

 1  59  34  47 -15  18   0 0.00  0.0    0  5.4 10 150   M    M   4        13 160
 2  70  39  55  -8  10   0 0.00  0.0    0 11.0 17 140   M    M   0        20 180
 3  69  48  59  -4   6   0 0.00  0.0    0 12.9 22 150   M    M   7        27 130
 4  89  61  75  12   0  10 0.08  0.0    0  8.6 21 160   M    M   5 18     25 150
 5  71  55  63   0   2   0 0.00  0.0    0  5.6 10 140   M    M   7 128    13 150
 6  68  57  63  -1   2   0 1.24  0.0    0  5.9 20  90   M    M   8 123    25  90
 7  67  60  64   0   1   0 1.00  0.0    0  3.6 17 120   M    M  10 123    23 120
 8  84  55  70   6   0   5 0.00  0.0    0  8.3 16 350   M    M   0        21 340
 9  83  50  67   3   0   2 0.00  0.0    0  6.9 14 150   M    M   0        17 160
10  86  64  75  10   0  10 0.00  0.0    0 17.3 30 170   M    M   0        38 170
11  75  47  61  -4   4   0 0.00  0.0    0  9.7 22 150   M    M   1        27 300
12  74  40  57  -8   8   0 0.00  0.0    0  7.1 15  70   M    M   2        20  50
13  64  44  54 -11  11   0 1.54  0.0    0 13.0 30 280   M    M   9 13     47 290
14  71  44  58  -8   7   0 0.00  0.0    0  9.1 16 280   M    M   1        25 330
15  76  53  65  -1   0   0 0.00  0.0    0 15.9 24 170   M    M   0        30 180
16  77  62  70   4   0   5 0.00  0.0    0 16.1 24 170   M    M   6        30 170
17  81  62  72   6   0   7 0.72  0.0    0 14.4 41 290   M    M  10 138    59 290
18  72  53  63  -4   2   0 0.22  0.0    0 13.1 31 350   M    M   4 13     43 340
19  70  45  58  -9   7   0 0.00  0.0    0 12.9 28 340   M    M   0        36 340
================================================================================
SM 1406  973        78  39  4.80     0.0 196.8          M       74
================================================================================
AV 74.0 51.2                              10.4 FASTST   M    M   4    MAX(MPH)
                                 MISC ---->  # 41 290               # 59  290
================================================================================
NOTES:
# LAST OF SEVERAL OCCURRENCES

COLUMN 17 PEAK WIND IN M.P.H.

PRELIMINARY LOCAL CLIMATOLOGICAL DATA (WS FORM: F-6) , PAGE 2

                                          STATION:  WACO
                                          MONTH:    APRIL
                                          YEAR:     2019
                                          LATITUDE:   31 37 N
                                          LONGITUDE:  97 13 W

[TEMPERATURE DATA]      [PRECIPITATION DATA]       SYMBOLS USED IN COLUMN 16

AVERAGE MONTHLY: 62.6   TOTAL FOR MONTH:   4.80    1 = FOG OR MIST
DPTR FM NORMAL:  -2.0   DPTR FM NORMAL:    3.28    2 = FOG REDUCING VISIBILITY
HIGHEST:    89 ON  4    GRTST 24HR  1.54 ON 13-13      TO 1/4 MILE OR LESS
LOWEST:     34 ON  1                               3 = THUNDER
                        SNOW, ICE PELLETS, HAIL    4 = ICE PELLETS
                        TOTAL MONTH:   0.0 INCH    5 = HAIL
                        GRTST 24HR     0.0         6 = FREEZING RAIN OR DRIZZLE
                        GRTST DEPTH:   0           7 = DUSTSTORM OR SANDSTORM:
                                                       VSBY 1/2 MILE OR LESS
                                                   8 = SMOKE OR HAZE
[NO. OF DAYS WITH]      [WEATHER - DAYS WITH]      9 = BLOWING SNOW
                                                   X = TORNADO
MAX 32 OR BELOW:   0    0.01 INCH OR MORE:   6
MAX 90 OR ABOVE:   0    0.10 INCH OR MORE:   5
MIN 32 OR BELOW:   0    0.50 INCH OR MORE:   4
MIN  0 OR BELOW:   0    1.00 INCH OR MORE:   3

[HDD (BASE 65) ]
TOTAL THIS MO.    78    CLEAR  (SCALE 0-3)   9
DPTR FM NORMAL    14    PTCLDY (SCALE 4-7)   7
TOTAL FM JUL 1  2261    CLOUDY (SCALE 8-10)  3
DPTR FM NORMAL   139

[CDD (BASE 65) ]
TOTAL THIS MO.    39
DPTR FM NORMAL   -17    [PRESSURE DATA]
TOTAL FM JAN 1    69    HIGHEST SLP M ON M
DPTR FM NORMAL   -30    LOWEST  SLP 29.36 ON 10

[REMARKS]
