000
CXUS56 KEKA 281230
CF6ACV
PRELIMINARY LOCAL CLIMATOLOGICAL DATA (WS FORM: F-6)
STATION: ARCATA CA
MONTH: MARCH
YEAR: 2024
LATITUDE: 40 58 N
LONGITUDE: 124 6 W
TEMPERATURE IN F: :PCPN: SNOW: WIND :SUNSHINE: SKY :PK WND
================================================================================
1 2 3 4 5 6A 6B 7 8 9 10 11 12 13 14 15 16 17 18
12Z AVG MX 2MIN
DY MAX MIN AVG DEP HDD CDD WTR SNW DPTH SPD SPD DIR MIN PSBL S-S WX SPD DR
================================================================================
1 56 40 48 -1 17 0 0.94 M M 15.8 31 200 M M 10 13 47 190
2 45 35 40 -9 25 0 0.47 M M 9.1 29 280 M M 9 13 46 290
3 47 37 42 -7 23 0 0.70 M M 7.2 16 170 M M 8 1 25 170
4 49 37 43 -6 22 0 0.22 M M 8.9 15 150 M M 8 1 22 110
5 53 47 50 1 15 0 1.32 M M 6.6 12 150 M M 10 1 17 160
6 55 39 47 -2 18 0 0.01 M M 6.2 20 320 M M 8 1 27 330
7 53 34 44 -5 21 0 0.00 M M 7.9 21 320 M M 0 1 26 320
8 53 33 43 -6 22 0 0.00 M M 5.3 13 170 M M 2 1 21 180
9 55 44 50 1 15 0 0.33 M M 11.7 29 240 M M 6 1 37 240
10 51 42 47 -2 18 0 0.86 M M 10.8 31 240 M M 10 1 40 230
11 52 44 48 -1 17 0 0.29 M M 10.1 22 130 M M 9 1 38 150
12 55 42 49 0 16 0 0.27 M M 6.2 13 320 M M 7 18 18 240
13 55 34 45 -4 20 0 T M M 9.1 25 340 M M 1 18 35 340
14 65 36 51 2 14 0 0.00 M M 6.7 20 320 M M 0 26 310
15 70 43 57 8 8 0 0.00 M M 5.0 14 330 M M 0 8 18 330
16 69 40 55 6 10 0 0.00 M M 4.7 16 240 M M 0 18 20 250
17 56 41 49 0 16 0 0.00 0.0 M 6.2 18 320 M M 3 1 24 320
18 55 46 51 2 14 0 0.00 0.0 M 3.4 9 250 M M 10 1 13 270
19 52 49 51 2 14 0 0.01 M M 2.0 8 230 M M 10 1 10 230
20 56 48 52 3 13 0 0.01 M M 4.7 13 240 M M 9 1 16 250
21 61 47 54 5 11 0 0.00 M M 5.5 15 210 M M 4 1 22 230
22 61 47 54 5 11 0 0.91 0.0 M 11.8 22 200 M M 9 1 30 240
23 51 46 49 0 16 0 1.54 M M 10.5 21 180 M M 10 13 27 120
24 57 47 52 3 13 0 0.31 M M 10.3 20 320 M M 8 1 30 330
25 55 40 48 -1 17 0 0.11 M M 4.0 12 320 M M 9 1 16 330
26 55 38 47 -2 18 0 0.00 M M 3.9 12 290 M M 5 1 16 310
27 55 44 50 1 15 0 1.00 M M 10.0 25 230 M M 8 13 38 240
================================================================================
SM 1497 1120 439 0 9.30 0.0 203.6 M 173
================================================================================
AV 55.4 41.5 7.5 FASTST M M 6 MAX(MPH)
MISC ----> # 31 200 47 190
================================================================================
NOTES:
# LAST OF SEVERAL OCCURRENCES
COLUMN 17 PEAK WIND IN M.P.H.
PRELIMINARY LOCAL CLIMATOLOGICAL DATA (WS FORM: F-6) , PAGE 2
STATION: ARCATA CA
MONTH: MARCH
YEAR: 2024
LATITUDE: 40 58 N
LONGITUDE: 124 6 W
[TEMPERATURE DATA] [PRECIPITATION DATA] SYMBOLS USED IN COLUMN 16
AVERAGE MONTHLY: 48.5 TOTAL FOR MONTH: 9.30 1 = FOG OR MIST
DPTR FM NORMAL: -0.5 DPTR FM NORMAL: 3.77 2 = FOG REDUCING VISIBILITY
HIGHEST: 70 ON 15 GRTST 24HR 1.58 ON 22-23 TO 1/4 MILE OR LESS
LOWEST: 33 ON 8 3 = THUNDER
SNOW, ICE PELLETS, HAIL 4 = ICE PELLETS
TOTAL MONTH: 0.0 INCH 5 = HAIL
GRTST 24HR 0.0 6 = FREEZING RAIN OR DRIZZLE
GRTST DEPTH: M ON M 7 = DUSTSTORM OR SANDSTORM:
VSBY 1/2 MILE OR LESS
8 = SMOKE OR HAZE
[NO. OF DAYS WITH] [WEATHER - DAYS WITH] 9 = BLOWING SNOW
X = TORNADO
MAX 32 OR BELOW: 0 0.01 INCH OR MORE: 17
MAX 90 OR ABOVE: 0 0.10 INCH OR MORE: 14
MIN 32 OR BELOW: 0 0.50 INCH OR MORE: 7
MIN 0 OR BELOW: 0 1.00 INCH OR MORE: 3
[HDD (BASE 65) ]
TOTAL THIS MO. 439 CLEAR (SCALE 0-3) 7
DPTR FM NORMAL 7 PTCLDY (SCALE 4-7) 6
TOTAL FM JUL 1 2882 CLOUDY (SCALE 8-10) 14
DPTR FM NORMAL -525
[CDD (BASE 65) ]
TOTAL THIS MO. 0
DPTR FM NORMAL 0 [PRESSURE DATA]
TOTAL FM JAN 1 0 HIGHEST SLP M ON M
DPTR FM NORMAL 0 LOWEST SLP 29.52 ON 1
[REMARKS]