963
CXUS51 KPHI 241500
CF6ACY
PRELIMINARY LOCAL CLIMATOLOGICAL DATA (WS FORM: F-6)

                                          STATION:   ATLANTIC CITY NJ
                                          MONTH:     AUGUST
                                          YEAR:      2019
                                          LATITUDE:   39 27 N
                                          LONGITUDE:  74 34 W

  TEMPERATURE IN F:       :PCPN:    SNOW:  WIND      :SUNSHINE: SKY     :PK WND
================================================================================
1   2   3   4   5  6A  6B    7    8   9   10  11  12  13   14  15   16   17  18
                                     12Z  AVG MX 2MIN
DY MAX MIN AVG DEP HDD CDD  WTR  SNW DPTH SPD SPD DIR MIN PSBL S-S WX    SPD DR
================================================================================

 1  86  68  77   1   0  12 0.00  0.0    0  3.8 13 110   M    M   3 1      21 100
 2  84  68  76   0   0  11 0.00  0.0    0  3.9 13 150   M    M   1 1      18 150
 3  87  68  78   2   0  13 0.00  0.0    0  4.6 14 130   M    M   3 1      22 130
 4  89  73  81   5   0  16 0.00  0.0    0  5.3 16  80   M    M   1        21 110
 5  86  71  79   3   0  14 0.00  0.0    0  5.1 12 120   M    M   1        19  90
 6  85  73  79   3   0  14 0.06  0.0    0  5.2 14 130   M    M   3 13     20 150
 7  88  69  79   3   0  14 0.25  0.0    0  9.4 24 300   M    M   2 13     39 170
 8  90  65  78   2   0  13 0.00  0.0    0  6.4 18 230   M    M   2 1      28 230
 9  89  69  79   4   0  14 0.04  0.0    0  5.2 23 290   M    M   2 13     34 290
10  86  63  75   0   0  10 0.00  0.0    0  6.9 17 290   M    M   2        26 280
11  87  59  73  -2   0   8 0.00  0.0    0  3.7 15 280   M    M   1        21 300
12  90  59  75   0   0  10 0.00  0.0    0  5.7 17 200   M    M   1        25 200
13  85  74  80   5   0  15 0.20  0.0    0  5.8 17 230   M    M   5 12     26 230
14  82  70  76   1   0  11 0.75  0.0    0  4.5 15  70   M    M   8 123    19  70
15  80  68  74  -1   0   9 0.00  0.0    0  7.2 15  80   M    M   8 1      20  80
16  85  69  77   2   0  12 0.00  0.0    0  6.4 14 130   M    M   6 1      18  90
17  90  73  82   8   0  17 0.00  0.0    0  5.6 14 110   M    M   5 12     20 120
18  90  75  83   9   0  18 0.00  0.0    0  5.2 15 190   M    M   1 3      21 170
19  92  75  84  10   0  19 0.00  0.0    0  6.2 17 200   M    M   3 3      26 210
20  88  72  80   6   0  15 0.00  0.0    0  5.8 15  80   M    M   1 1      20 100
21  92  74  83   9   0  18 0.20  0.0    0  8.8 21 200   M    M   2 1      33 200
22  93  75  84  10   0  19 0.06  0.0    0  7.8 16 300   M    M   3 3      22 300
23  76  64  70  -4   0   5 0.37  0.0    0  6.6 16  10   M    M   6 1      23  30
================================================================================
SM 2000 1594         0 307  1.93     0.0 135.1          M       70
================================================================================
AV 87.0 69.3                               5.9 FASTST   M    M   3    MAX(MPH)
                                 MISC ---->  # 24 300               # 39  170
================================================================================
NOTES:
# LAST OF SEVERAL OCCURRENCES

COLUMN 17 PEAK WIND IN M.P.H.

PRELIMINARY LOCAL CLIMATOLOGICAL DATA (WS FORM: F-6) , PAGE 2

                                          STATION:  ATLANTIC CITY NJ
                                          MONTH:    AUGUST
                                          YEAR:     2019
                                          LATITUDE:   39 27 N
                                          LONGITUDE:  74 34 W

[TEMPERATURE DATA]      [PRECIPITATION DATA]       SYMBOLS USED IN COLUMN 16

AVERAGE MONTHLY: 78.1   TOTAL FOR MONTH:   1.93    1 = FOG OR MIST
DPTR FM NORMAL:   3.1   DPTR FM NORMAL:   -1.27    2 = FOG REDUCING VISIBILITY
HIGHEST:    93 ON 22    GRTST 24HR  0.75 ON 14-14      TO 1/4 MILE OR LESS
LOWEST:     59 ON 12,11                            3 = THUNDER
                        SNOW, ICE PELLETS, HAIL    4 = ICE PELLETS
                        TOTAL MONTH:   0.0 INCH    5 = HAIL
                        GRTST 24HR     0.0         6 = FREEZING RAIN OR DRIZZLE
                        GRTST DEPTH:   0           7 = DUSTSTORM OR SANDSTORM:
                                                       VSBY 1/2 MILE OR LESS
                                                   8 = SMOKE OR HAZE
[NO. OF DAYS WITH]      [WEATHER - DAYS WITH]      9 = BLOWING SNOW
                                                   X = TORNADO
MAX 32 OR BELOW:   0    0.01 INCH OR MORE:   8
MAX 90 OR ABOVE:   7    0.10 INCH OR MORE:   5
MIN 32 OR BELOW:   0    0.50 INCH OR MORE:   1
MIN  0 OR BELOW:   0    1.00 INCH OR MORE:   0

[HDD (BASE 65) ]
TOTAL THIS MO.     0    CLEAR  (SCALE 0-3)  17
DPTR FM NORMAL     0    PTCLDY (SCALE 4-7)   5
TOTAL FM JUL 1     0    CLOUDY (SCALE 8-10)  1
DPTR FM NORMAL     0

[CDD (BASE 65) ]
TOTAL THIS MO.   307
DPTR FM NORMAL    75    [PRESSURE DATA]
TOTAL FM JAN 1  1128    HIGHEST SLP M ON M
DPTR FM NORMAL   282    LOWEST  SLP 29.71 ON  8

[REMARKS]
