000
CXUS54 KLCH 180953
CF6AEX
PRELIMINARY LOCAL CLIMATOLOGICAL DATA (WS FORM: F-6)

                                          STATION:   ALEXANDRIA
                                          MONTH:     APRIL
                                          YEAR:      2019
                                          LATITUDE:   31 19 N
                                          LONGITUDE:  92 33 W

  TEMPERATURE IN F:       :PCPN:    SNOW:  WIND      :SUNSHINE: SKY     :PK WND
================================================================================
1   2   3   4   5  6A  6B    7    8   9   10  11  12  13   14  15   16   17  18
                                     12Z  AVG MX 2MIN
DY MAX MIN AVG DEP HDD CDD  WTR  SNW DPTH SPD SPD DIR MIN PSBL S-S WX    SPD DR
================================================================================

 1  60  31  46 -17  19   0    T    M    0  4.3 18 320   M    M   3        23 320
 2  70  31  51 -12  14   0 0.00    M    0  1.8  9 330   M    M   0 12     13 300
 3  76  39  58  -5   7   0 0.00  0.0    0  7.1 17 160   M    M   3        31 140
 4  66  61  64   1   1   0 1.68  0.0    0  6.1 18 150   M    M   9 13     23 150
 5  72  61  67   3   0   2 0.00  0.0    0  3.3  9  50   M    M  10 18     12  20
 6  80  63  72   8   0   7 0.81  0.0    0  6.2 22  10   M    M   8 123    30 190
 7  82  64  73   9   0   8 2.85  0.0    0  9.2 37 230   M    M   8 3      56 230
 8  68  61  65   1   0   0 0.22  0.0    0  6.1 13 320   M    M   8 18     16 150
 9  85  57  71   7   0   6 0.00  0.0    0  1.6 14 330   M    M   0 1      18 320
10  85  57  71   6   0   6 0.00  0.0    0  7.7 20 180   M    M   0 1      24 190
11  82  62  72   7   0   7 0.17  0.0    0 12.3 21 160   M    M   4 1      26 160
12  66  57  62  -3   3   0 0.16  0.0    0  7.2 22 100   M    M   5 13     26 120
13  77  57  67   1   0   2 0.74  0.0    0 10.9 38 250   M    M   9 138    54 250
14  64  48  56 -10   9   0    T    M    0 14.1 30 320   M    M   4        39 290
15  77  46  62  -4   3   0 0.00    M    0  5.5 13 170   M    M   0 1      16 150
16  79  50  65  -1   0   0 0.00  0.0    0  8.3 17 140   M    M   0        23 150
17  79  60  70   3   0   5 0.00  0.0    0 11.4 25 140   M    M   4        29 130
================================================================================
SM 1268  905        56  43  6.63     0.0 123.1          M       75
================================================================================
AV 74.6 53.2                               7.2 FASTST   M    M   4    MAX(MPH)
                                 MISC ---->  # 38 250               # 56  230
================================================================================
NOTES:
# LAST OF SEVERAL OCCURRENCES

COLUMN 17 PEAK WIND IN M.P.H.

PRELIMINARY LOCAL CLIMATOLOGICAL DATA (WS FORM: F-6) , PAGE 2

                                          STATION:  ALEXANDRIA
                                          MONTH:    APRIL
                                          YEAR:     2019
                                          LATITUDE:   31 19 N
                                          LONGITUDE:  92 33 W

[TEMPERATURE DATA]      [PRECIPITATION DATA]       SYMBOLS USED IN COLUMN 16

AVERAGE MONTHLY: 63.9   TOTAL FOR MONTH:   6.63    1 = FOG OR MIST
DPTR FM NORMAL:  -0.7   DPTR FM NORMAL:    3.73    2 = FOG REDUCING VISIBILITY
HIGHEST:    85 ON 10, 9 GRTST 24HR  2.85 ON  7- 7      TO 1/4 MILE OR LESS
LOWEST:     31 ON  2, 1                            3 = THUNDER
                        SNOW, ICE PELLETS, HAIL    4 = ICE PELLETS
                        TOTAL MONTH:   0.0 INCH    5 = HAIL
                        GRTST 24HR     0.0         6 = FREEZING RAIN OR DRIZZLE
                        GRTST DEPTH:   0           7 = DUSTSTORM OR SANDSTORM:
                                                       VSBY 1/2 MILE OR LESS
                                                   8 = SMOKE OR HAZE
[NO. OF DAYS WITH]      [WEATHER - DAYS WITH]      9 = BLOWING SNOW
                                                   X = TORNADO
MAX 32 OR BELOW:   0    0.01 INCH OR MORE:   7
MAX 90 OR ABOVE:   0    0.10 INCH OR MORE:   7
MIN 32 OR BELOW:   2    0.50 INCH OR MORE:   4
MIN  0 OR BELOW:   0    1.00 INCH OR MORE:   2

[HDD (BASE 65) ]
TOTAL THIS MO.    56    CLEAR  (SCALE 0-3)   7
DPTR FM NORMAL     2    PTCLDY (SCALE 4-7)   4
TOTAL FM JUL 1  1835    CLOUDY (SCALE 8-10)  6
DPTR FM NORMAL   -99

[CDD (BASE 65) ]
TOTAL THIS MO.    43
DPTR FM NORMAL    -4    [PRESSURE DATA]
TOTAL FM JAN 1    97    HIGHEST SLP M ON M
DPTR FM NORMAL    -3    LOWEST  SLP 29.54 ON 13

[REMARKS]
