000
CXUS55 KCAE 181400
CF6AGS
PRELIMINARY LOCAL CLIMATOLOGICAL DATA (WS FORM: F-6)

                                          STATION:   AUGUSTA BUSH FIELD GA
                                          MONTH:     APRIL
                                          YEAR:      2019
                                          LATITUDE:   33 22 N
                                          LONGITUDE:  81 58 W

  TEMPERATURE IN F:       :PCPN:    SNOW:  WIND      :SUNSHINE: SKY     :PK WND
================================================================================
1   2   3   4   5  6A  6B    7    8   9   10  11  12  13   14  15   16   17  18
                                     12Z  AVG MX 2MIN
DY MAX MIN AVG DEP HDD CDD  WTR  SNW DPTH SPD SPD DIR MIN PSBL S-S WX    SPD DR
================================================================================

 1  65  42  54  -6  11   0 0.00  0.0    0  9.2 17  80   M    M   1        24  80
 2  60  38  49 -11  16   0 0.54  0.0    0  7.1 18  20   M    M   7 12     23  30
 3  73  34  54  -6  11   0 0.00  0.0    0  2.2 13 160   M    M   3 12     15 150
 4  77  41  59  -1   6   0    T  0.0    0  5.7 17 160   M    M   0 1      22 170
 5  75  54  65   5   0   0 0.36  0.0    0  4.1 13 330   M    M   7 128    15 180
 6  70  55  63   3   2   0    T  0.0    0  3.3  8 140   M    M   8 18     11 160
 7  85  61  73  12   0   8 0.33  0.0    0  4.9 12 200   M    M   6 18     17 130
 8  87  61  74  13   0   9 0.34  0.0    0  6.2 26 250   M    M   6 1238   33 240
 9  80  61  71  10   0   6 0.71  0.0    0  4.2 10 160   M    M   8 123    14 200
10  86  58  72  11   0   7 0.00  0.0    0  3.7 16  50   M    M   1 18     20  50
11  86  55  71   9   0   6 0.00  0.0    0  6.0 17 140   M    M   3 12     25 100
12  86  68  77  15   0  12 0.22  0.0    0  6.4 22 260   M    M   8 1      28 250
13  86  71  79  17   0  14    T  0.0    0  5.5 12 150   M    M   7 1      17 130
14  80  67  74  12   0   9 0.11  0.0    0 11.7 29 290   M    M   8 1      39 290
15  73  48  61  -1   4   0 0.00  0.0    0 13.5 26 290   M    M   1        33 300
16  78  42  60  -3   5   0 0.00  0.0    0  2.4 10 110   M    M   0        13  70
17  83  46  65   2   0   0 0.00  0.0    0  3.6 13 190   M    M   0 1      16 210
================================================================================
SM 1330  902        55  71  2.61     0.0  99.7          M       74
================================================================================
AV 78.2 53.1                               5.9 FASTST   M    M   4    MAX(MPH)
                                 MISC ---->  # 29 290               # 39  290
================================================================================
NOTES:
# LAST OF SEVERAL OCCURRENCES

COLUMN 17 PEAK WIND IN M.P.H.

PRELIMINARY LOCAL CLIMATOLOGICAL DATA (WS FORM: F-6) , PAGE 2

                                          STATION:  AUGUSTA BUSH FIELD GA
                                          MONTH:    APRIL
                                          YEAR:     2019
                                          LATITUDE:   33 22 N
                                          LONGITUDE:  81 58 W

[TEMPERATURE DATA]      [PRECIPITATION DATA]       SYMBOLS USED IN COLUMN 16

AVERAGE MONTHLY: 65.7   TOTAL FOR MONTH:   2.61    1 = FOG OR MIST
DPTR FM NORMAL:   4.5   DPTR FM NORMAL:    0.89    2 = FOG REDUCING VISIBILITY
HIGHEST:    87 ON  8    GRTST 24HR  0.71 ON  9- 9      TO 1/4 MILE OR LESS
LOWEST:     34 ON  3                               3 = THUNDER
                        SNOW, ICE PELLETS, HAIL    4 = ICE PELLETS
                        TOTAL MONTH:   0.0 INCH    5 = HAIL
                        GRTST 24HR     0.0         6 = FREEZING RAIN OR DRIZZLE
                        GRTST DEPTH:   0           7 = DUSTSTORM OR SANDSTORM:
                                                       VSBY 1/2 MILE OR LESS
                                                   8 = SMOKE OR HAZE
[NO. OF DAYS WITH]      [WEATHER - DAYS WITH]      9 = BLOWING SNOW
                                                   X = TORNADO
MAX 32 OR BELOW:   0    0.01 INCH OR MORE:   7
MAX 90 OR ABOVE:   0    0.10 INCH OR MORE:   7
MIN 32 OR BELOW:   0    0.50 INCH OR MORE:   2
MIN  0 OR BELOW:   0    1.00 INCH OR MORE:   0

[HDD (BASE 65) ]
TOTAL THIS MO.    55    CLEAR  (SCALE 0-3)   8
DPTR FM NORMAL   -32    PTCLDY (SCALE 4-7)   8
TOTAL FM JUL 1  1909    CLOUDY (SCALE 8-10)  1
DPTR FM NORMAL  -506

[CDD (BASE 65) ]
TOTAL THIS MO.    71
DPTR FM NORMAL    49    [PRESSURE DATA]
TOTAL FM JAN 1    95    HIGHEST SLP M ON M
DPTR FM NORMAL    55    LOWEST  SLP 29.60 ON 14

[REMARKS]
