000
CXUS53 KGRB 170815
CF6AIG
PRELIMINARY LOCAL CLIMATOLOGICAL DATA (WS FORM: F-6)

                                          STATION:   ANTIGO AWOS
                                          MONTH:     FEBRUARY
                                          YEAR:      2019
                                          LATITUDE:   45  9 N
                                          LONGITUDE:  89  8 W

  TEMPERATURE IN F:       :PCPN:    SNOW:  WIND      :SUNSHINE: SKY     :PK WND
================================================================================
1   2   3   4   5  6A  6B    7    8   9   10  11  12  13   14  15   16   17  18
                                     12Z  AVG MX 2MIN
DY MAX MIN AVG DEP HDD CDD  WTR  SNW DPTH SPD SPD DIR MIN PSBL S-S WX    SPD DR
================================================================================

 1  10 -13  -1 -13  66   0 0.00  0.0    0  5.8 14 200   M    M   8         M  M
 2  25   7  16   4  49   0 0.00  0.0    0  5.2 14 140   M    M   5 1       M  M
 3  36  24  30  18  35   0 0.00  0.0    0  3.5 12 110   M    M  10 12      M  M
 4  33  18  26  14  39   0 0.10    M    0 10.2 20 300   M    M  10 1      25 300
 5  18   8  13   0  52   0 0.10    M    0  9.0 14 100   M    M  10        18 100
 6  23  13  18   5  47   0 0.00  0.0    0  7.3 12  40   M    M  10 1       M  M
 7  20  13  17   4  48   0 0.17    M    0  9.0 16 310   M    M  10 1      24 330
 8  13  -9   2 -11  63   0 0.00  0.0    0 14.9 27 290   M    M   6 8      32 290
 9   8 -21  -6 -20  71   0 0.00  0.0    0  2.3  8 270   M    M   3         M  M
10  15   5  10  -4  55   0 0.00  0.0    0  7.8 15  90   M    M  10        17  90
11  21   3  12  -2  53   0 0.00  0.0    0 11.1 17 100   M    M  10 1      23  80
12  21  15  18   4  47   0 0.70    M    0 12.4 20  90   M    M  10 1      25  90
13  26   2  14  -1  51   0 1.94    M    0 10.4 18 330   M    M   4        27 310
14  28   5  17   2  48   0 0.17    M    0  7.3 23 300   M    M   7 8      28 300
15  20  -1  10  -5  55   0 0.41    M    0 13.3 23 300   M    M   3        32 290
16  20 -13   4 -12  61   0 0.33    M    0  3.5  9 110   M    M   1 1       M  M
================================================================================
SM  337   56       840   0  3.92     0.0 133.0          M      117
================================================================================
AV 21.1  3.5                               8.3 FASTST   M    M   7    MAX(MPH)
                                 MISC ---->  # 27 290               # 32  290
================================================================================
NOTES:
# LAST OF SEVERAL OCCURRENCES

COLUMN 17 PEAK WIND IN M.P.H.

PRELIMINARY LOCAL CLIMATOLOGICAL DATA (WS FORM: F-6) , PAGE 2

                                          STATION:  ANTIGO AWOS
                                          MONTH:    FEBRUARY
                                          YEAR:     2019
                                          LATITUDE:   45  9 N
                                          LONGITUDE:  89  8 W

[TEMPERATURE DATA]      [PRECIPITATION DATA]       SYMBOLS USED IN COLUMN 16

AVERAGE MONTHLY: 12.3   TOTAL FOR MONTH:   3.92    1 = FOG OR MIST
DPTR FM NORMAL:  -1.3   DPTR FM NORMAL:    3.56    2 = FOG REDUCING VISIBILITY
HIGHEST:    36 ON  3    GRTST 24HR  1.94 ON 13-13      TO 1/4 MILE OR LESS
LOWEST:    -21 ON  9                               3 = THUNDER
                        SNOW, ICE PELLETS, HAIL    4 = ICE PELLETS
                        TOTAL MONTH:   0.0 INCH    5 = HAIL
                        GRTST 24HR     0.0         6 = FREEZING RAIN OR DRIZZLE
                        GRTST DEPTH:   0           7 = DUSTSTORM OR SANDSTORM:
                                                       VSBY 1/2 MILE OR LESS
                                                   8 = SMOKE OR HAZE
[NO. OF DAYS WITH]      [WEATHER - DAYS WITH]      9 = BLOWING SNOW
                                                   X = TORNADO
MAX 32 OR BELOW:  14    0.01 INCH OR MORE:   8
MAX 90 OR ABOVE:   0    0.10 INCH OR MORE:   8
MIN 32 OR BELOW:  16    0.50 INCH OR MORE:   2
MIN  0 OR BELOW:   5    1.00 INCH OR MORE:   1

[HDD (BASE 65) ]
TOTAL THIS MO.   840    CLEAR  (SCALE 0-3)   2
DPTR FM NORMAL    18    PTCLDY (SCALE 4-7)   5
TOTAL FM JUL 1  6060    CLOUDY (SCALE 8-10)  9
DPTR FM NORMAL   -43

[CDD (BASE 65) ]
TOTAL THIS MO.     0
DPTR FM NORMAL     0    [PRESSURE DATA]
TOTAL FM JAN 1     0    HIGHEST SLP M ON M
DPTR FM NORMAL     0    LOWEST  SLP M ON M

[REMARKS]
