000
CXAK56 PAJK 221346
CF6AJN
PRELIMINARY LOCAL CLIMATOLOGICAL DATA (WS FORM: F-6)

                                          STATION:   JUNEAU
                                          MONTH:     AUGUST
                                          YEAR:      2019
                                          LATITUDE:   58 22 N
                                          LONGITUDE: 134 35 W

  TEMPERATURE IN F:       :PCPN:    SNOW:  WIND      :SUNSHINE: SKY     :PK WND
================================================================================
1   2   3   4   5  6A  6B    7    8   9   10  11  12  13   14  15   16   17  18
                                     12Z  AVG MX 2MIN
DY MAX MIN AVG DEP HDD CDD  WTR  SNW DPTH SPD SPD DIR MIN PSBL S-S WX    SPD DR
================================================================================

 1  67  55  61   3   4   0 0.00  0.0    0  7.1 15  80   M    M  10        26 350
 2  71  50  61   3   4   0 0.00  0.0    0  5.2 13 270   M    M   7        17 250
 3  76  50  63   5   2   0 0.00  0.0    0  4.4 13 230   M    M   4        14 260
 4  70  49  60   2   5   0 0.00  0.0    0  6.8 16 240   M    M   5        19 250
 5  74  49  62   5   3   0 0.00  0.0    0  4.7 13 260   M    M   4        16 260
 6  73  50  62   5   3   0 0.00  0.0    0  5.8 14 240   M    M   1        16 220
 7  83  53  68  11   0   3 0.00  0.0    0  5.9 12 250   0    0   0         M  M
 8  80  57  69  12   0   4 0.00  0.0    0  6.9 20  90   M    M   4        26  80
 9  80  46  63   6   2   0 0.00  0.0    0  5.8 18  70   M    M   3        24  70
10  77  44  61   4   4   0 0.00  0.0    0  6.5 17  80   M    M   3        22  70
11  76  49  63   6   2   0 0.00  0.0    0  6.6 14  80   M    M   2        17  80
12  73  49  61   4   4   0 0.00  0.0    0  4.9 13 240   M    M   7        15 240
13  73  47  60   3   5   0 0.00  0.0    0  5.4 15 230   M    M   8 1      18 240
14  68  56  62   6   3   0    T  0.0    0  3.1  9 290   M    M  10 1      13 250
15  70  57  64   8   1   0 0.00  0.0    0  3.7 10  80   M    M   8        12  80
16  70  52  61   5   4   0    T  0.0    0  4.8 12 250   M    M   9 1      14 110
17  64  56  60   4   5   0 0.92  0.0    0  8.9 22  10   M    M   8 1      39  50
18  62  46  54  -2  11   0    T  0.0    0  9.3 25 350   M    M   6        37 360
19  62  45  54  -2  11   0 0.00  0.0    0  7.4 20 140   M    M   8        23 130
20  63  40  52  -3  13   0    T  0.0    0  7.7 18  80   M    M   7        24  80
21  63  49  56   1   9   0    T  0.0    0  7.9 21 120   M    M   7        26 120
================================================================================
SM 1495 1049        95   7  0.92     0.0 128.8            0    121
================================================================================
AV 71.2 50.0                               6.1 FASTST    0   0   6    MAX(MPH)
                                 MISC ---->  # 25 350               # 39   50
================================================================================
NOTES:
# LAST OF SEVERAL OCCURRENCES

COLUMN 17 PEAK WIND IN M.P.H.

PRELIMINARY LOCAL CLIMATOLOGICAL DATA (WS FORM: F-6) , PAGE 2

                                          STATION:  JUNEAU
                                          MONTH:    AUGUST
                                          YEAR:     2019
                                          LATITUDE:   58 22 N
                                          LONGITUDE: 134 35 W

[TEMPERATURE DATA]      [PRECIPITATION DATA]       SYMBOLS USED IN COLUMN 16

AVERAGE MONTHLY: 60.6   TOTAL FOR MONTH:   0.92    1 = FOG OR MIST
DPTR FM NORMAL:   3.9   DPTR FM NORMAL:   -2.65    2 = FOG REDUCING VISIBILITY
HIGHEST:    83 ON  7    GRTST 24HR  0.92 ON 17-17      TO 1/4 MILE OR LESS
LOWEST:     40 ON 20                               3 = THUNDER
                        SNOW, ICE PELLETS, HAIL    4 = ICE PELLETS
                        TOTAL MONTH:   0.0 INCH    5 = HAIL
                        GRTST 24HR     0.0         6 = FREEZING RAIN OR DRIZZLE
                        GRTST DEPTH:   0           7 = DUSTSTORM OR SANDSTORM:
                                                       VSBY 1/2 MILE OR LESS
                                                   8 = SMOKE OR HAZE
[NO. OF DAYS WITH]      [WEATHER - DAYS WITH]      9 = BLOWING SNOW
                                                   X = TORNADO
MAX 32 OR BELOW:   0    0.01 INCH OR MORE:   1
MAX 90 OR ABOVE:   0    0.10 INCH OR MORE:   1
MIN 32 OR BELOW:   0    0.50 INCH OR MORE:   1
MIN  0 OR BELOW:   0    1.00 INCH OR MORE:   0

[HDD (BASE 65) ]
TOTAL THIS MO.    95    CLEAR  (SCALE 0-3)   3
DPTR FM NORMAL   -81    PTCLDY (SCALE 4-7)  12
TOTAL FM JUL 1   241    CLOUDY (SCALE 8-10)  6
DPTR FM NORMAL  -186

[CDD (BASE 65) ]
TOTAL THIS MO.     7
DPTR FM NORMAL     7    [PRESSURE DATA]
TOTAL FM JAN 1    39    HIGHEST SLP  0.00 ON  7
DPTR FM NORMAL    37    LOWEST  SLP  0.00 ON  7

[REMARKS]
