000
CXAK56 PAJK 171230
CF6AJN
PRELIMINARY LOCAL CLIMATOLOGICAL DATA (WS FORM: F-6)

                                          STATION:   JUNEAU
                                          MONTH:     FEBRUARY
                                          YEAR:      2019
                                          LATITUDE:   58 22 N
                                          LONGITUDE: 134 35 W

  TEMPERATURE IN F:       :PCPN:    SNOW:  WIND      :SUNSHINE: SKY     :PK WND
================================================================================
1   2   3   4   5  6A  6B    7    8   9   10  11  12  13   14  15   16   17  18
                                     12Z  AVG MX 2MIN
DY MAX MIN AVG DEP HDD CDD  WTR  SNW DPTH SPD SPD DIR MIN PSBL S-S WX    SPD DR
================================================================================

 1  23   9  16 -13  49   0 0.00  0.0    0 15.0 33  70   M    M   2        45  80
 2  15   7  11 -18  54   0 0.00  0.0    0 10.1 20  90   M    M   2        27 130
 3  22   4  13 -16  52   0 0.00  0.0    0  2.3  8 130   M    M   1         8  60
 4  23  12  18 -11  47   0    T    T    0  1.0  6 100   M    M   7 8       7 300
 5  29  11  20  -9  45   0 0.05  0.4    0  7.1 23 110   M    M   7 1      26 110
 6  31  23  27  -2  38   0 0.68  6.8    2  0.9  9  90   M    M  10 12     11 100
 7  29  16  23  -7  42   0 0.00  0.0    7  1.3  6 100   M    M   9 2       6 100
 8  31  13  22  -8  43   0 0.00  0.0    7  0.9  7  80   M    M   3 1       7 240
 9  29  10  20 -10  45   0 0.00  0.0    6  1.4  8 250   M    M   3 1      10 120
10  33   7  20 -10  45   0 0.00  0.0    6  2.7 12 100   M    M   1        13 100
11  31   6  19 -11  46   0 0.00  0.0    6  0.4  6 130   M    M   1 1       7 260
12  29   8  19 -11  46   0 0.08  1.6    6 10.8 22 100   M    M   8 1      27 110
13  32  27  30   0  35   0 0.04  1.7    8  4.1 13 100   M    M  10 1      20 100
14  35  25  30   0  35   0 0.00  0.0    8 10.6 23  90   M    M   8        29 100
15  30  19  25  -5  40   0 0.00  0.0    7 14.6 24 100   M    M   3        33 100
16  29   7  18 -12  47   0 0.00  0.0    6  4.2 17 120   M    M   1        21 130
================================================================================
SM  451  204       709   0  0.85    10.5  87.4          M       76
================================================================================
AV 28.2 12.8                               5.5 FASTST   M    M   5    MAX(MPH)
                                 MISC ---->  # 33  70               # 45   80
================================================================================
NOTES:
# LAST OF SEVERAL OCCURRENCES

COLUMN 17 PEAK WIND IN M.P.H.

PRELIMINARY LOCAL CLIMATOLOGICAL DATA (WS FORM: F-6) , PAGE 2

                                          STATION:  JUNEAU
                                          MONTH:    FEBRUARY
                                          YEAR:     2019
                                          LATITUDE:   58 22 N
                                          LONGITUDE: 134 35 W

[TEMPERATURE DATA]      [PRECIPITATION DATA]       SYMBOLS USED IN COLUMN 16

AVERAGE MONTHLY: 20.5   TOTAL FOR MONTH:   0.85    1 = FOG OR MIST
DPTR FM NORMAL:  -9.1   DPTR FM NORMAL:   -1.54    2 = FOG REDUCING VISIBILITY
HIGHEST:    35 ON 14    GRTST 24HR  0.68 ON  6- 6      TO 1/4 MILE OR LESS
LOWEST:      4 ON  3                               3 = THUNDER
                        SNOW, ICE PELLETS, HAIL    4 = ICE PELLETS
                        TOTAL MONTH:  10.5 INCHES  5 = HAIL
                        GRTST 24HR   6.8 ON  6- 6  6 = FREEZING RAIN OR DRIZZLE
                        GRTST DEPTH:   8 ON 14,13  7 = DUSTSTORM OR SANDSTORM:
                                                       VSBY 1/2 MILE OR LESS
                                                   8 = SMOKE OR HAZE
[NO. OF DAYS WITH]      [WEATHER - DAYS WITH]      9 = BLOWING SNOW
                                                   X = TORNADO
MAX 32 OR BELOW:  14    0.01 INCH OR MORE:   4
MAX 90 OR ABOVE:   0    0.10 INCH OR MORE:   1
MIN 32 OR BELOW:  16    0.50 INCH OR MORE:   1
MIN  0 OR BELOW:   0    1.00 INCH OR MORE:   0

[HDD (BASE 65) ]
TOTAL THIS MO.   709    CLEAR  (SCALE 0-3)   9
DPTR FM NORMAL   142    PTCLDY (SCALE 4-7)   4
TOTAL FM JUL 1  4942    CLOUDY (SCALE 8-10)  3
DPTR FM NORMAL  -485

[CDD (BASE 65) ]
TOTAL THIS MO.     0
DPTR FM NORMAL     0    [PRESSURE DATA]
TOTAL FM JAN 1     0    HIGHEST SLP M ON M
DPTR FM NORMAL     0    LOWEST  SLP 29.39 ON 13

[REMARKS]
