000
CXAK56 PAFC 191320
CF6AKN
PRELIMINARY LOCAL CLIMATOLOGICAL DATA (WS FORM: F-6)

                                          STATION:   KING SALMON
                                          MONTH:     APRIL
                                          YEAR:      2019
                                          LATITUDE:   58 41 N
                                          LONGITUDE: 156 39 W

  TEMPERATURE IN F:       :PCPN:    SNOW:  WIND      :SUNSHINE: SKY     :PK WND
================================================================================
1   2   3   4   5  6A  6B    7    8   9   10  11  12  13   14  15   16   17  18
                                     12Z  AVG MX 2MIN
DY MAX MIN AVG DEP HDD CDD  WTR  SNW DPTH SPD SPD DIR MIN PSBL S-S WX    SPD DR
================================================================================

 1  51  23  37   9  28   0 0.00  0.0    0  3.7  7  80   M    M   4         M  M
 2  52  22  37   9  28   0 0.00  0.0    0  2.9 10 210   M    M   4 12     13 220
 3  53  20  37   8  28   0 0.00    M    0  5.6 17 350   M    M   2 12     23 360
 4  52  21  37   8  28   0 0.00    M    M  9.0 18 100   M    M   1        23 100
 5  52  26  39   9  26   0 0.00    M    M  9.2 16  80   M    M   2        21  80
 6  51  29  40  10  25   0    T    M    M  9.2 16  90   M    M   8        22  80
 7  50  30  40  10  25   0 0.03  0.0    M  4.4 13 180   M    M   9 1      16 170
 8  41  33  37   6  28   0 0.25  0.3    0  4.2 12 220   M    M   9 1      14 220
 9  48  28  38   7  27   0 0.00  0.0    0  3.7 10 290   M    M   5        16 290
10  53  23  38   6  27   0 0.00  0.0    0 17.4 35  80   M    M   1        45 100
11  49  39  44  12  21   0 0.25  0.0    0 20.7 36 100   M    M   8 1      51 100
12  50  32  41   9  24   0 0.21  0.0    0  8.9 14 180   M    M   9        18 160
13  53  27  40   7  25   0 0.00  0.0    0  3.4 12  10   M    M   5        14 330
14  52  28  40   7  25   0    T  0.0    0  4.7 18 360   M    M   8        23 360
15  52  22  37   3  28   0    T  0.0    0  5.0 15 240   M    M   4 12     18 270
16  43  25  34   0  31   0 0.13  0.9    0  7.5 20 350   M    M   8 1      24 270
17  35  16  26  -8  39   0 0.00  0.0    0  7.9 16  30   M    M   8        22  40
18  37  15  26  -9  39   0    T    M    0  5.8 15 250   M    M   7        19 250
================================================================================
SM  874  459       502   0  0.87     1.2 133.2          M      102
================================================================================
AV 48.6 25.5                               7.4 FASTST   M    M   6    MAX(MPH)
                                 MISC ---->  # 36 100               # 51  100
================================================================================
NOTES:
# LAST OF SEVERAL OCCURRENCES

COLUMN 17 PEAK WIND IN M.P.H.

PRELIMINARY LOCAL CLIMATOLOGICAL DATA (WS FORM: F-6) , PAGE 2

                                          STATION:  KING SALMON
                                          MONTH:    APRIL
                                          YEAR:     2019
                                          LATITUDE:   58 41 N
                                          LONGITUDE: 156 39 W

[TEMPERATURE DATA]      [PRECIPITATION DATA]       SYMBOLS USED IN COLUMN 16

AVERAGE MONTHLY: 37.0   TOTAL FOR MONTH:   0.87    1 = FOG OR MIST
DPTR FM NORMAL:   5.6   DPTR FM NORMAL:    0.32    2 = FOG REDUCING VISIBILITY
HIGHEST:    53 ON 13,10 GRTST 24HR  0.25 ON 11-11      TO 1/4 MILE OR LESS
LOWEST:     15 ON 18                               3 = THUNDER
                        SNOW, ICE PELLETS, HAIL    4 = ICE PELLETS
                        TOTAL MONTH:   1.2 INCHES  5 = HAIL
                        GRTST 24HR   0.9 ON 16-16  6 = FREEZING RAIN OR DRIZZLE
                        GRTST DEPTH:   0           7 = DUSTSTORM OR SANDSTORM:
                                                       VSBY 1/2 MILE OR LESS
                                                   8 = SMOKE OR HAZE
[NO. OF DAYS WITH]      [WEATHER - DAYS WITH]      9 = BLOWING SNOW
                                                   X = TORNADO
MAX 32 OR BELOW:   0    0.01 INCH OR MORE:   5
MAX 90 OR ABOVE:   0    0.10 INCH OR MORE:   4
MIN 32 OR BELOW:  16    0.50 INCH OR MORE:   0
MIN  0 OR BELOW:   0    1.00 INCH OR MORE:   0

[HDD (BASE 65) ]
TOTAL THIS MO.   502    CLEAR  (SCALE 0-3)   4
DPTR FM NORMAL  -104    PTCLDY (SCALE 4-7)  10
TOTAL FM JUL 1  5927    CLOUDY (SCALE 8-10)  4
DPTR FM NORMAL -3565

[CDD (BASE 65) ]
TOTAL THIS MO.     0
DPTR FM NORMAL     0    [PRESSURE DATA]
TOTAL FM JAN 1     0    HIGHEST SLP M ON M
DPTR FM NORMAL     0    LOWEST  SLP 29.02 ON 11

[REMARKS]
