843
CXAK56 PAFC 221323 RRB
CF6AKN

PRELIMINARY LOCAL CLIMATOLOGICAL DATA (WS FORM: F-6)

                                          STATION:   KING SALMON
                                          MONTH:     AUGUST
                                          YEAR:      2019
                                          LATITUDE:   58 41 N
                                          LONGITUDE: 156 39 W

  TEMPERATURE IN F:       :PCPN:    SNOW:  WIND      :SUNSHINE: SKY     :PK WND
================================================================================
1   2   3   4   5  6A  6B    7    8   9   10  11  12  13   14  15   16   17  18
                                     12Z  AVG MX 2MIN
DY MAX MIN AVG DEP HDD CDD  WTR  SNW DPTH SPD SPD DIR MIN PSBL S-S WX    SPD DR
================================================================================

 1  68  54  61   5   4   0    T    M    M  7.0 15 230   M    M  10 18     19 230
 2  71  55  63   7   2   0    T    M    M 10.3 16 200   M    M   9 1      20 190
 3  70  53  62   6   3   0 0.00  0.0    0  7.2 14 280   M    M   8        16 230
 4  70  45  58   2   7   0 0.00  0.0    M  6.3 13 280   M    M   8 1      17 290
 5  69  45  57   1   8   0 0.00  0.0    0  6.8 17 270   M    M   8 1      22 280
 6  70  52  61   5   4   0 0.00  0.0    0 10.2 18 260   M    M   9 1      23 250
 7  71  58  65  10   0   0    T  0.0    0  8.5 16 270   M    M  10 1      19 270
 8  71  56  64   9   1   0 0.00  0.0    0  6.0 12 350   M    M   9        17 330
 9  74  55  65  10   0   0 0.00  0.0    0 10.3 17 360   M    M   4        23 340
10  75  48  62   7   3   0 0.00  0.0    0  9.0 17 340   M    M   1        23 340
11  76  45  61   6   4   0 0.00  0.0    0  4.9 13 290   M    M   2 1      17 330
12  75  57  66  11   0   1    T  0.0    0  5.0  9 250   M    M   8        12 200
13  69  58  64   9   1   0 0.00  0.0    0  7.7 13 260   M    M   9 1      18 250
14  67  58  63   8   2   0    T  0.0    0  8.9 15 240   M    M   9 18     20 250
15  66  58  62   7   3   0    T  0.0    0  9.6 16 230   M    M   9 18     21 230
16  74  51  63   8   2   0 0.00  0.0    0  6.8 13 280   M    M   3 1      17 250
17  71  46  59   4   6   0 0.00  0.0    0 10.5 22 340   M    M   2 18     33 330
18  72  44  58   3   7   0 0.00  0.0    0 11.1 22 360   M    M   1 18     30  10
19  61  35  48  -6  17   0 0.02  0.0    0  4.7 14 280   M    M   3 18     20 270
20  58  38  48  -6  17   0 0.04  0.0    0  4.1  8  90   M    M   9 18     12  70
21  66  32  49  -5  16   0 0.00  0.0    0  3.5 12 210   M    M   4 12     16 210
================================================================================
SM 1464 1043       107   1  0.06     0.0 158.4          M      135
================================================================================
AV 69.7 49.7                               7.5 FASTST   M    M   6    MAX(MPH)
                                 MISC ---->  # 22 340               # 33  330
================================================================================
NOTES:
# LAST OF SEVERAL OCCURRENCES

COLUMN 17 PEAK WIND IN M.P.H.

PRELIMINARY LOCAL CLIMATOLOGICAL DATA (WS FORM: F-6) , PAGE 2

                                          STATION:  KING SALMON
                                          MONTH:    AUGUST
                                          YEAR:     2019
                                          LATITUDE:   58 41 N
                                          LONGITUDE: 156 39 W

[TEMPERATURE DATA]      [PRECIPITATION DATA]       SYMBOLS USED IN COLUMN 16

AVERAGE MONTHLY: 59.7   TOTAL FOR MONTH:   0.06    1 = FOG OR MIST
DPTR FM NORMAL:   4.5   DPTR FM NORMAL:   -1.88    2 = FOG REDUCING VISIBILITY
HIGHEST:    76 ON 11    GRTST 24HR  0.04 ON 20-20      TO 1/4 MILE OR LESS
LOWEST:     32 ON 21                               3 = THUNDER
                        SNOW, ICE PELLETS, HAIL    4 = ICE PELLETS
                        TOTAL MONTH:   0.0 INCH    5 = HAIL
                        GRTST 24HR     0.0         6 = FREEZING RAIN OR DRIZZLE
                        GRTST DEPTH:   0           7 = DUSTSTORM OR SANDSTORM:
                                                       VSBY 1/2 MILE OR LESS
                                                   8 = SMOKE OR HAZE
[NO. OF DAYS WITH]      [WEATHER - DAYS WITH]      9 = BLOWING SNOW
                                                   X = TORNADO
MAX 32 OR BELOW:   0    0.01 INCH OR MORE:   2
MAX 90 OR ABOVE:   0    0.10 INCH OR MORE:   0
MIN 32 OR BELOW:   1    0.50 INCH OR MORE:   0
MIN  0 OR BELOW:   0    1.00 INCH OR MORE:   0

[HDD (BASE 65) ]
TOTAL THIS MO.   107    CLEAR  (SCALE 0-3)   6
DPTR FM NORMAL  -100    PTCLDY (SCALE 4-7)   4
TOTAL FM JUL 1   249    CLOUDY (SCALE 8-10) 11
DPTR FM NORMAL  -251

[CDD (BASE 65) ]
TOTAL THIS MO.     1
DPTR FM NORMAL     1    [PRESSURE DATA]
TOTAL FM JAN 1    32    HIGHEST SLP M ON M
DPTR FM NORMAL    32    LOWEST  SLP 29.55 ON 21

[REMARKS]
