000
CXUS55 KBOU 220814
CF6AKO
PRELIMINARY LOCAL CLIMATOLOGICAL DATA (WS FORM: F-6)

                                          STATION:   AKRON CO
                                          MONTH:     APRIL
                                          YEAR:      2019
                                          LATITUDE:   40 10 N
                                          LONGITUDE: 103 13 W

  TEMPERATURE IN F:       :PCPN:    SNOW:  WIND      :SUNSHINE: SKY     :PK WND
================================================================================
1   2   3   4   5  6A  6B    7    8   9   10  11  12  13   14  15   16   17  18
                                     12Z  AVG MX 2MIN
DY MAX MIN AVG DEP HDD CDD  WTR  SNW DPTH SPD SPD DIR MIN PSBL S-S WX    SPD DR
================================================================================

 1  59  29  44   1  21   0 0.00    M    M 12.4 31 350   M    M   3        45 360
 2  56  32  44   1  21   0 0.00    M    M 10.4 23 140   M    M   8        29 130
 3  55  36  46   3  19   0    T    M    M 10.6 20 150   M    M   5 18     26 160
 4  68  32  50   6  15   0    T    M    M  8.7 17 300   M    M   2 18     24 280
 5  73  39  56  12   9   0 0.00    M    M  6.9 16 340   M    M   1        21 180
 6  72  44  58  14   7   0 0.00    M    M 11.2 31 330   M    M   3 8      41 330
 7  69  44  57  13   8   0 0.00    M    M 14.0 32 350   M    M   1        41 360
 8  76  38  57  12   8   0 0.00    M    M 10.6 22 280   M    M   0        30 290
 9  76  47  62  17   3   0 0.00    M    M 13.1 21 190   M    M   0        28 190
10  56  17  37  -8  28   0 0.10    M    M 22.1 37  40   M    M   8 19     45  40
11   M   M   M   M   M   M    M    M    M   M   M   M   M    M   M 1       M  M
12  42  27  35 -11  30   0    T    M    M  8.7 17  40   M    M   4        22  40
13  40  28  34 -12  31   0    T    M    M  7.5 10 120   M    M   9 1       M  M
14  62  48  55   9  10   0 0.00    M    M  9.1 16 210   M    M   2        17 260
15  72  40  56   9   9   0 0.00    M    M  9.1 17  40   M    M   1         M  M
16  67  34  51   4  14   0 0.04    M    M  9.9 21 140   M    M   3 3      26 140
17  64  40  52   5  13   0 0.04    M    M 18.1 37 340   M    M   3        45 330
18  58  34  46  -2  19   0 0.00    M    M 21.9 45 350   M    M   5        60 350
19  73  32  53   5  12   0 0.00    M    M  9.8 18 250   M    M   0        24 270
20  83  51  67  19   0   2 0.00    M    M  9.7 18 230   M    M   0        24 240
21  72  43  58   9   7   0 0.00  0.0    0 19.9 32  10   M    M   5        49 310
================================================================================
SM 1293  735       284   2  0.18     0.0 243.7          M       63
================================================================================
AV 64.7 36.8                              12.2 FASTST   M    M   3    MAX(MPH)
                                 MISC ---->  # 45 350               # 60  350
================================================================================
NOTES:
# LAST OF SEVERAL OCCURRENCES

COLUMN 17 PEAK WIND IN M.P.H.

PRELIMINARY LOCAL CLIMATOLOGICAL DATA (WS FORM: F-6) , PAGE 2

                                          STATION:  AKRON CO
                                          MONTH:    APRIL
                                          YEAR:     2019
                                          LATITUDE:   40 10 N
                                          LONGITUDE: 103 13 W

[TEMPERATURE DATA]      [PRECIPITATION DATA]       SYMBOLS USED IN COLUMN 16

AVERAGE MONTHLY: 50.7   TOTAL FOR MONTH:   0.18    1 = FOG OR MIST
DPTR FM NORMAL:   5.1   DPTR FM NORMAL:   -0.85    2 = FOG REDUCING VISIBILITY
HIGHEST:    83 ON 20    GRTST 24HR  0.10 ON 10-10      TO 1/4 MILE OR LESS
LOWEST:     17 ON 10                               3 = THUNDER
                        SNOW, ICE PELLETS, HAIL    4 = ICE PELLETS
                        TOTAL MONTH:   0.0 INCH    5 = HAIL
                        GRTST 24HR     0.0         6 = FREEZING RAIN OR DRIZZLE
                        GRTST DEPTH:   0           7 = DUSTSTORM OR SANDSTORM:
                                                       VSBY 1/2 MILE OR LESS
                                                   8 = SMOKE OR HAZE
[NO. OF DAYS WITH]      [WEATHER - DAYS WITH]      9 = BLOWING SNOW
                                                   X = TORNADO
MAX 32 OR BELOW:   0    0.01 INCH OR MORE:   3
MAX 90 OR ABOVE:   0    0.10 INCH OR MORE:   1
MIN 32 OR BELOW:   7    0.50 INCH OR MORE:   0
MIN  0 OR BELOW:   0    1.00 INCH OR MORE:   0

[HDD (BASE 65) ]
TOTAL THIS MO.   284    CLEAR  (SCALE 0-3)  12
DPTR FM NORMAL  -124    PTCLDY (SCALE 4-7)   6
TOTAL FM JUL 1  5850    CLOUDY (SCALE 8-10)  2
DPTR FM NORMAL    -9

[CDD (BASE 65) ]
TOTAL THIS MO.     2
DPTR FM NORMAL     2    [PRESSURE DATA]
TOTAL FM JAN 1     2    HIGHEST SLP M ON M
DPTR FM NORMAL     2    LOWEST  SLP 29.30 ON 10

[REMARKS]
