000
CXUS55 KBOU 231930
CF6AKO
PRELIMINARY LOCAL CLIMATOLOGICAL DATA (WS FORM: F-6)

                                          STATION:   AKRON CO
                                          MONTH:     AUGUST
                                          YEAR:      2019
                                          LATITUDE:   40 10 N
                                          LONGITUDE: 103 13 W

  TEMPERATURE IN F:       :PCPN:    SNOW:  WIND      :SUNSHINE: SKY     :PK WND
================================================================================
1   2   3   4   5  6A  6B    7    8   9   10  11  12  13   14  15   16   17  18
                                     12Z  AVG MX 2MIN
DY MAX MIN AVG DEP HDD CDD  WTR  SNW DPTH SPD SPD DIR MIN PSBL S-S WX    SPD DR
================================================================================

 1  89  64  77   3   0  12 1.49    M    M 10.3 45 310   M    M   4 123    61 310
 2  85  60  73  -1   0   8 0.00    M    M  5.9 18 360   M    M   3 12     28  30
 3  88  62  75   1   0  10 0.00    M    M  8.9 17 110   M    M   1 12     24  90
 4  93  64  79   5   0  14    T    M    M 11.9 23  90   M    M   2 3      31  90
 5  88  63  76   2   0  11 0.04    M    M  9.4 24 330   M    M   1 3      32 320
 6  93  60  77   3   0  12 0.00    M    M  9.7 22 140   M    M   0        30 130
 7  88  62  75   2   0  10 0.17    M    M 12.6 22  20   M    M   1 13     29 220
 8  84  63  74   1   0   9 0.07    M    M  8.5 21 170   M    M   3        26 170
 9  93  63  78   5   0  13 0.00    M    M  7.6 18 210   M    M   0 1      26 200
10  89  64  77   4   0  12 0.08    M    M  8.2 25  80   M    M   2        37  20
11  86  61  74   1   0   9 0.89    M    M  8.1 32 270   M    M   4 123    42 270
12  85  61  73   0   0   8 0.00    M    M 13.8 24 320   M    M   1 12     30 330
13  84  57  71  -2   0   6 0.03    M    M 10.8 29  60   M    M   1 3      41  70
14  87  57  72  -1   0   7 0.00    M    M 13.1 28  80   M    M   1 3      38  80
15  87  61  74   2   0   9 0.00    M    M 12.6 23  90   M    M   0        33  80
16  89  60  75   3   0  10 0.00    M    M 12.2 39 360   M    M   3 123    51 350
17  91  60  76   4   0  11    T    M    M 12.8 41 300   M    M   0        63 290
18  90  53  72   0   0   7 0.00    M    M 11.4 23 150   M    M   3 1      33 190
19  97  63  80   8   0  15 0.00    M    M  8.5 21  80   M    M   0        30  80
20  94  63  79   7   0  14 0.00    M    M  9.1 24  80   M    M   0        30  80
21  84  58  71  -1   0   6 0.00    M    M 11.7 38  10   M    M   1        49 360
22  88  56  72   1   0   7 0.33    M    M 15.7 29 320   M    M   2 3      40 330
================================================================================
SM 1952 1335         0 220  3.10    M    232.8          M       33
================================================================================
AV 88.7 60.7                              10.6 FASTST   M    M   2    MAX(MPH)
                                 MISC ---->  # 45 310               # 63  290
================================================================================
NOTES:
# LAST OF SEVERAL OCCURRENCES

COLUMN 17 PEAK WIND IN M.P.H.

PRELIMINARY LOCAL CLIMATOLOGICAL DATA (WS FORM: F-6) , PAGE 2

                                          STATION:  AKRON CO
                                          MONTH:    AUGUST
                                          YEAR:     2019
                                          LATITUDE:   40 10 N
                                          LONGITUDE: 103 13 W

[TEMPERATURE DATA]      [PRECIPITATION DATA]       SYMBOLS USED IN COLUMN 16

AVERAGE MONTHLY: 74.7   TOTAL FOR MONTH:   3.10    1 = FOG OR MIST
DPTR FM NORMAL:   1.8   DPTR FM NORMAL:    1.34    2 = FOG REDUCING VISIBILITY
HIGHEST:    97 ON 19    GRTST 24HR  1.49 ON  1- 1      TO 1/4 MILE OR LESS
LOWEST:     53 ON 18                               3 = THUNDER
                        SNOW, ICE PELLETS, HAIL    4 = ICE PELLETS
                        TOTAL MONTH:    M          5 = HAIL
                        GRTST 24HR    M  ON   M    6 = FREEZING RAIN OR DRIZZLE
                        GRTST DEPTH:  M  ON   M    7 = DUSTSTORM OR SANDSTORM:
                                                       VSBY 1/2 MILE OR LESS
                                                   8 = SMOKE OR HAZE
[NO. OF DAYS WITH]      [WEATHER - DAYS WITH]      9 = BLOWING SNOW
                                                   X = TORNADO
MAX 32 OR BELOW:   0    0.01 INCH OR MORE:   8
MAX 90 OR ABOVE:   7    0.10 INCH OR MORE:   4
MIN 32 OR BELOW:   0    0.50 INCH OR MORE:   2
MIN  0 OR BELOW:   0    1.00 INCH OR MORE:   1

[HDD (BASE 65) ]
TOTAL THIS MO.     0    CLEAR  (SCALE 0-3)  18
DPTR FM NORMAL     0    PTCLDY (SCALE 4-7)   4
TOTAL FM JUL 1     0    CLOUDY (SCALE 8-10)  0
DPTR FM NORMAL    -7

[CDD (BASE 65) ]
TOTAL THIS MO.   220
DPTR FM NORMAL    41    [PRESSURE DATA]
TOTAL FM JAN 1   635    HIGHEST SLP M ON M
DPTR FM NORMAL    15    LOWEST  SLP 29.59 ON 17

[REMARKS]
