000
CXUS51 KAKQ 230833
CF6AKQ
PRELIMINARY LOCAL CLIMATOLOGICAL DATA (WS FORM: F-6)

                                          STATION:   WAKEFIELD
                                          MONTH:     APRIL
                                          YEAR:      2019
                                          LATITUDE:   36 58 N
                                          LONGITUDE:  77  0 W

  TEMPERATURE IN F:       :PCPN:    SNOW:  WIND      :SUNSHINE: SKY     :PK WND
================================================================================
1   2   3   4   5  6A  6B    7    8   9   10  11  12  13   14  15   16   17  18
                                     12Z  AVG MX 2MIN
DY MAX MIN AVG DEP HDD CDD  WTR  SNW DPTH SPD SPD DIR MIN PSBL S-S WX    SPD DR
================================================================================

 1  52  31  42 -13  23   0 0.00  0.0    0  4.3 13 350   M    M   0        25  10
 2  49  29  39 -16  26   0 0.13  0.0    0  4.8 13 340   M    M   6 1      21 290
 3  70  35  53  -2  12   0 0.00  0.0    0  5.0 15 280   M    M   2 18     22 250
 4  69  41  55  -1  10   0 0.00  0.0    0  4.3 13  70   M    M   0        17  60
 5  58  49  54  -2  11   0 0.55  0.0    0  2.6 13  80   M    M   8 1      21  70
 6  66  49  58   2   7   0    T  0.0    0  2.1  7  70   M    M   9 12     11  10
 7  75  46  61   4   4   0 0.00  0.0    0  3.4 10 210   M    M   4 18     16 220
 8  83  60  72  15   0   7 0.35  0.0    0  6.5 21 240   M    M   5 138    34 230
 9  76  61  69  12   0   4 0.38  0.0    0  4.7 13 240   M    M   5 1      20 250
10  76  49  63   5   2   0 0.00  0.0    0  2.0 12  80   M    M   0 8      16  90
11  75  43  59   1   6   0 0.00  0.0    0  3.0 12  60   M    M   0        17  50
12  80  56  68  10   0   3    T  0.0    0  6.7 18 170   M    M   2 8      26 180
13  72  64  68  10   0   3 0.64  0.0    0  2.8 10 170   M    M   9 138    17 170
14  81  67  74  15   0   9    T  0.0    0  6.9 18 180   M    M   8 1      30 150
15  77  46  62   3   3   0 0.94  0.0    0 10.7 36 250   M    M   2 1238   56 250
16  70  38  54  -5  11   0 0.00  0.0    0  3.7 13 230   M    M   0        19 210
17  84  53  69   9   0   4 0.00  0.0    0  5.0 14  90   M    M   0 8      21  70
18  82  54  68   8   0   3 0.00  0.0    0  7.5 15 210   M    M   0 18     26 220
19  77  65  71  11   0   6 0.29  0.0    0  8.3 18 250   M    M   7 138    27 170
20  70  56  63   3   2   0 0.10  0.0    0  7.3 18 230   M    M   6 13     29 200
21  67  46  57  -4   8   0 0.00  0.0    0  2.6 10 250   M    M   7        12 230
22  73  52  63   2   2   0 0.00  0.0    0  3.7 14 280   M    M   4        18 270
================================================================================
SM 1582 1090       127  39  3.38     0.0 107.9          M       84
================================================================================
AV 71.9 49.6                               4.9 FASTST   M    M   4    MAX(MPH)
                                 MISC ---->  # 36 250               # 56  250
================================================================================
NOTES:
# LAST OF SEVERAL OCCURRENCES

COLUMN 17 PEAK WIND IN M.P.H.

PRELIMINARY LOCAL CLIMATOLOGICAL DATA (WS FORM: F-6) , PAGE 2

                                          STATION:  WAKEFIELD
                                          MONTH:    APRIL
                                          YEAR:     2019
                                          LATITUDE:   36 58 N
                                          LONGITUDE:  77  0 W

[TEMPERATURE DATA]      [PRECIPITATION DATA]       SYMBOLS USED IN COLUMN 16

AVERAGE MONTHLY: 60.7   TOTAL FOR MONTH:   3.38    1 = FOG OR MIST
DPTR FM NORMAL:   2.8   DPTR FM NORMAL:    0.67    2 = FOG REDUCING VISIBILITY
HIGHEST:    84 ON 17    GRTST 24HR  0.94 ON 15-15      TO 1/4 MILE OR LESS
LOWEST:     29 ON  2                               3 = THUNDER
                        SNOW, ICE PELLETS, HAIL    4 = ICE PELLETS
                        TOTAL MONTH:   0.0 INCH    5 = HAIL
                        GRTST 24HR     0.0         6 = FREEZING RAIN OR DRIZZLE
                        GRTST DEPTH:   0           7 = DUSTSTORM OR SANDSTORM:
                                                       VSBY 1/2 MILE OR LESS
                                                   8 = SMOKE OR HAZE
[NO. OF DAYS WITH]      [WEATHER - DAYS WITH]      9 = BLOWING SNOW
                                                   X = TORNADO
MAX 32 OR BELOW:   0    0.01 INCH OR MORE:   8
MAX 90 OR ABOVE:   0    0.10 INCH OR MORE:   8
MIN 32 OR BELOW:   2    0.50 INCH OR MORE:   3
MIN  0 OR BELOW:   0    1.00 INCH OR MORE:   0

[HDD (BASE 65) ]
TOTAL THIS MO.   127    CLEAR  (SCALE 0-3)  10
DPTR FM NORMAL   -57    PTCLDY (SCALE 4-7)  10
TOTAL FM JUL 1  3276    CLOUDY (SCALE 8-10)  2
DPTR FM NORMAL  -105

[CDD (BASE 65) ]
TOTAL THIS MO.    39
DPTR FM NORMAL    12    [PRESSURE DATA]
TOTAL FM JAN 1    43    HIGHEST SLP M ON M
DPTR FM NORMAL    14    LOWEST  SLP 29.42 ON 15

[REMARKS]
