000
CXUS51 KAKQ 230833
CF6AKQ
PRELIMINARY LOCAL CLIMATOLOGICAL DATA (WS FORM: F-6)

                                          STATION:   WAKEFIELD
                                          MONTH:     FEBRUARY
                                          YEAR:      2019
                                          LATITUDE:   36 58 N
                                          LONGITUDE:  77  0 W

  TEMPERATURE IN F:       :PCPN:    SNOW:  WIND      :SUNSHINE: SKY     :PK WND
================================================================================
1   2   3   4   5  6A  6B    7    8   9   10  11  12  13   14  15   16   17  18
                                     12Z  AVG MX 2MIN
DY MAX MIN AVG DEP HDD CDD  WTR  SNW DPTH SPD SPD DIR MIN PSBL S-S WX    SPD DR
================================================================================

 1  46  24  35  -6  30   0    T  0.0    0  2.3 12 210   M    M   5        16 210
 2  51  23  37  -4  28   0 0.00  0.0    0  1.0  9 210   M    M   1 18     12 190
 3  66  29  48   7  17   0 0.00  0.0    0  1.7 10 210   M    M   0 1      14 200
 4  66  39  53  12  12   0 0.00  0.0    0  2.0 10  90   M    M   2        16  60
 5  74  34  54  13  11   0 0.00  0.0    0  1.5  7  70   M    M   1        10  30
 6  76  43  60  19   5   0    T  0.0    0  4.0 13 220   M    M   4        19 220
 7  76  53  65  24   0   0    T  0.0    0  3.5 13 210   M    M   3 1      21 230
 8  77  48  63  21   2   0 0.00  0.0    0  7.9 18 280   M    M   2        27 260
 9  48  25  37  -5  28   0 0.00  0.0    0  4.1 12 340   M    M   0        19 340
10  45  20  33  -9  32   0 0.02  0.0    0  1.0  7  70   M    M   4 1       9 320
11  43  35  39  -3  26   0 0.49    M    0  2.7  8  60   M    M   9 1      12  70
12  48  38  43   1  22   0 0.21    M    0  2.2 13 280   M    M  10 1      20 270
13  55  32  44   2  21   0 0.01    M    0  8.7 22 260   M    M   2        32 270
14  61  28  45   2  20   0 0.00  0.0    0  3.5 12 170   M    M   0        18 170
15  67  48  58  15   7   0    T  0.0    0  7.1 16 210   M    M   5        25 220
16  56  31  44   1  21   0 0.39  0.0    0  3.4 10  30   M    M   8 1      17  20
17  43  29  36  -7  29   0 0.32  0.0    0  1.0  8  70   M    M   5 1      10  80
18  61  40  51   8  14   0 0.74    M    0  6.2 15 290   M    M   4 1      23 290
19  45  32  39  -4  26   0 0.00  0.0    0  2.9 10 110   M    M   1        15  50
20  42  34  38  -6  27   0 0.27    T    0  4.4 10 320   M    M  10 18     19 310
21  59  36  48   4  17   0 0.25  0.0    0  2.8 10 220   M    M   7 1      13 240
22  49  41  45   1  20   0 0.57  0.0    0  1.8  7  70   M    M   9 1      11  70
================================================================================
SM 1254  762       415   0  3.27    T     75.7          M       92
================================================================================
AV 57.0 34.6                               3.4 FASTST   M    M   4    MAX(MPH)
                                 MISC ---->  # 22 260               # 32  270
================================================================================
NOTES:
# LAST OF SEVERAL OCCURRENCES

COLUMN 17 PEAK WIND IN M.P.H.

PRELIMINARY LOCAL CLIMATOLOGICAL DATA (WS FORM: F-6) , PAGE 2

                                          STATION:  WAKEFIELD
                                          MONTH:    FEBRUARY
                                          YEAR:     2019
                                          LATITUDE:   36 58 N
                                          LONGITUDE:  77  0 W

[TEMPERATURE DATA]      [PRECIPITATION DATA]       SYMBOLS USED IN COLUMN 16

AVERAGE MONTHLY: 45.8   TOTAL FOR MONTH:   3.27    1 = FOG OR MIST
DPTR FM NORMAL:   3.6   DPTR FM NORMAL:    1.00    2 = FOG REDUCING VISIBILITY
HIGHEST:    77 ON  8    GRTST 24HR  0.74 ON 18-18      TO 1/4 MILE OR LESS
LOWEST:     20 ON 10                               3 = THUNDER
                        SNOW, ICE PELLETS, HAIL    4 = ICE PELLETS
                        TOTAL MONTH:    T          5 = HAIL
                        GRTST 24HR    T  ON 20-20  6 = FREEZING RAIN OR DRIZZLE
                        GRTST DEPTH:   0           7 = DUSTSTORM OR SANDSTORM:
                                                       VSBY 1/2 MILE OR LESS
                                                   8 = SMOKE OR HAZE
[NO. OF DAYS WITH]      [WEATHER - DAYS WITH]      9 = BLOWING SNOW
                                                   X = TORNADO
MAX 32 OR BELOW:   0    0.01 INCH OR MORE:  10
MAX 90 OR ABOVE:   0    0.10 INCH OR MORE:   8
MIN 32 OR BELOW:  10    0.50 INCH OR MORE:   2
MIN  0 OR BELOW:   0    1.00 INCH OR MORE:   0

[HDD (BASE 65) ]
TOTAL THIS MO.   415    CLEAR  (SCALE 0-3)  10
DPTR FM NORMAL   -88    PTCLDY (SCALE 4-7)   8
TOTAL FM JUL 1  2489    CLOUDY (SCALE 8-10)  4
DPTR FM NORMAL  -104

[CDD (BASE 65) ]
TOTAL THIS MO.     0
DPTR FM NORMAL     0    [PRESSURE DATA]
TOTAL FM JAN 1     0    HIGHEST SLP M ON M
DPTR FM NORMAL     0    LOWEST  SLP 29.67 ON 13

[REMARKS]
