000
CXUS55 KALY 180710
CF6ALB
PRELIMINARY LOCAL CLIMATOLOGICAL DATA (WS FORM: F-6)

                                          STATION:   ALBANY NY
                                          MONTH:     AUGUST
                                          YEAR:      2019
                                          LATITUDE:   42 45 N
                                          LONGITUDE:  73 48 W

  TEMPERATURE IN F:       :PCPN:    SNOW:  WIND      :SUNSHINE: SKY     :PK WND
================================================================================
1   2   3   4   5  6A  6B    7    8   9   10  11  12  13   14  15   16   17  18
                                     12Z  AVG MX 2MIN
DY MAX MIN AVG DEP HDD CDD  WTR  SNW DPTH SPD SPD DIR MIN PSBL S-S WX    SPD DR
================================================================================

 1  85  61  73   1   0   8 0.00  0.0    0  2.4 12 320   M    M   3        16 320
 2  86  60  73   1   0   8 0.00  0.0    0  2.4  8  70   M    M   3        16 330
 3  85  66  76   4   0  11 0.81  0.0    0  5.6 17 200   M    M   8 3      22 200
 4  84  62  73   1   0   8    T  0.0    0  4.9 16 280   M    M   5 12     22 280
 5  83  54  69  -3   0   4 0.00  0.0    0  2.3  9 130   M    M   2        12 180
 6  84  63  74   2   0   9 0.17  0.0    0  7.6 22 220   M    M   5 3      30 170
 7  84  69  77   6   0  12 0.25  0.0    0  7.6 20 160   M    M   8 3      25 170
 8  84  67  76   5   0  11 0.39  0.0    0  7.7 28 280   M    M   7 3      37 290
 9  81  64  73   2   0   8    T  0.0    0  9.7 22 270   M    M   3        30 280
10  76  57  67  -4   0   2 0.04  0.0    0  8.1 26 330   M    M   6        32 290
11  80  54  67  -4   0   2 0.00  0.0    0  6.5 21 270   M    M   3        27 310
12  86  56  71   0   0   6    T  0.0    0  3.6 13 190   M    M   5        17 260
13  81  67  74   3   0   9 0.38  0.0    0  4.1 18  20   M    M   9 13     23  20
14  84  66  75   4   0  10 0.00  0.0    0  5.1 12  30   M    M   7        15  70
15  83  62  73   2   0   8 0.19  0.0    0  5.0 21 210   M    M   6 13     24 210
16  81  63  72   2   0   7 0.11  0.0    0  4.6 13 120   M    M   6 13     18 170
17  88  67  78   8   0  13 0.38  0.0    0  8.6 33 320   M    M   8 13     42 330
================================================================================
SM 1415 1058         0 136  2.72     0.0  95.8          M       94
================================================================================
AV 83.2 62.2                               5.6 FASTST   M    M   6    MAX(MPH)
                                 MISC ---->  # 33 320               # 42  330
================================================================================
NOTES:
# LAST OF SEVERAL OCCURRENCES

COLUMN 17 PEAK WIND IN M.P.H.

PRELIMINARY LOCAL CLIMATOLOGICAL DATA (WS FORM: F-6) , PAGE 2

                                          STATION:  ALBANY NY
                                          MONTH:    AUGUST
                                          YEAR:     2019
                                          LATITUDE:   42 45 N
                                          LONGITUDE:  73 48 W

[TEMPERATURE DATA]      [PRECIPITATION DATA]       SYMBOLS USED IN COLUMN 16

AVERAGE MONTHLY: 72.7   TOTAL FOR MONTH:   2.72    1 = FOG OR MIST
DPTR FM NORMAL:   1.5   DPTR FM NORMAL:    0.69    2 = FOG REDUCING VISIBILITY
HIGHEST:    88 ON 17    GRTST 24HR  0.81 ON  3- 3      TO 1/4 MILE OR LESS
LOWEST:     54 ON 11, 5                            3 = THUNDER
                        SNOW, ICE PELLETS, HAIL    4 = ICE PELLETS
                        TOTAL MONTH:   0.0 INCH    5 = HAIL
                        GRTST 24HR     0.0         6 = FREEZING RAIN OR DRIZZLE
                        GRTST DEPTH:   0           7 = DUSTSTORM OR SANDSTORM:
                                                       VSBY 1/2 MILE OR LESS
                                                   8 = SMOKE OR HAZE
[NO. OF DAYS WITH]      [WEATHER - DAYS WITH]      9 = BLOWING SNOW
                                                   X = TORNADO
MAX 32 OR BELOW:   0    0.01 INCH OR MORE:   9
MAX 90 OR ABOVE:   0    0.10 INCH OR MORE:   8
MIN 32 OR BELOW:   0    0.50 INCH OR MORE:   1
MIN  0 OR BELOW:   0    1.00 INCH OR MORE:   0

[HDD (BASE 65) ]
TOTAL THIS MO.     0    CLEAR  (SCALE 0-3)   2
DPTR FM NORMAL     0    PTCLDY (SCALE 4-7)  12
TOTAL FM JUL 1     0    CLOUDY (SCALE 8-10)  3
DPTR FM NORMAL    -5

[CDD (BASE 65) ]
TOTAL THIS MO.   136
DPTR FM NORMAL    25    [PRESSURE DATA]
TOTAL FM JAN 1   642    HIGHEST SLP M ON M
DPTR FM NORMAL   165    LOWEST  SLP 29.67 ON  9

[REMARKS]
