000
CXUS54 KCRP 201300
CF6ALI
PRELIMINARY LOCAL CLIMATOLOGICAL DATA (WS FORM: F-6)

                                          STATION:   ALICE
                                          MONTH:     APRIL
                                          YEAR:      2019
                                          LATITUDE:   27 44 N
                                          LONGITUDE:  98  1 W

  TEMPERATURE IN F:       :PCPN:    SNOW:  WIND      :SUNSHINE: SKY     :PK WND
================================================================================
1   2   3   4   5  6A  6B    7    8   9   10  11  12  13   14  15   16   17  18
                                     12Z  AVG MX 2MIN
DY MAX MIN AVG DEP HDD CDD  WTR  SNW DPTH SPD SPD DIR MIN PSBL S-S WX    SPD DR
================================================================================

 1  60  43  52 -17  13   0 0.00  0.0    0  6.0 14  10   M    M   8 1      19 360
 2  70  42  56 -13   9   0 0.00  0.0    0  6.6 15 120   M    M   5 1      18 120
 3  75  60  68  -2   0   3    T  0.0    0 10.7 17 140   M    M  10 18     25 130
 4  84  66  75   5   0  10 0.00  0.0    0  6.5 13 160   M    M   6 128    17 210
 5  84  67  76   6   0  11 0.00  0.0    0  8.1 17 110   M    M   9 128    21 120
 6  90  71  81  11   0  16    T  0.0    0 10.9 18 200   M    M   7 138    23 190
 7  81  60  71   1   0   6    T  0.0    0 10.9 33 310   M    M   5 138    41 340
 8  90  55  73   2   0   8 0.00  0.0    0  5.2 14 290   M    M   0        18 300
 9  93  55  74   3   0   9 0.00  0.0    0  6.1 12 140   M    M   0 1      15 150
10  96  54  75   4   0  10    M  0.0    0 12.8 26 160   M    M   0 12     33 140
11  86  60  73   1   0   8 0.00  0.0    0 10.5 25 360   M    M   0        32 360
12  83  62  73   1   0   8 0.00  0.0    0 10.2 20 110   M    M   8 1      24 120
13  85  58  72   0   0   7 0.00  0.0    0 14.4 37 320   M    M   4 12     46 320
14  76  46  61 -11   4   0 0.00  0.0    0  7.5 16 350   M    M   0        20 340
15  84  48  66  -6   0   1 0.00  0.0    0 11.9 25 140   M    M   0        32 140
16  83  64  74   1   0   9    T  0.0    0 14.8 26 140   M    M   7        33 130
17  87  72  80   7   0  15    T  0.0    0 13.8 25 130   M    M  10 18     32 140
18  82  56  69  -4   0   4    T  0.0    0 14.0 32 320   M    M   4 13     42 320
19  83  54  69  -5   0   4 0.00  0.0    0  8.3 20 350   M    M   0 8      24 340
================================================================================
SM 1572 1093        26 129    T      0.0 189.2          M       83
================================================================================
AV 82.7 57.5                              10.0 FASTST   M    M   4    MAX(MPH)
                                 MISC ---->  # 37 320               # 46  320
================================================================================
NOTES:
# LAST OF SEVERAL OCCURRENCES

COLUMN 17 PEAK WIND IN M.P.H.

PRELIMINARY LOCAL CLIMATOLOGICAL DATA (WS FORM: F-6) , PAGE 2

                                          STATION:  ALICE
                                          MONTH:    APRIL
                                          YEAR:     2019
                                          LATITUDE:   27 44 N
                                          LONGITUDE:  98  1 W

[TEMPERATURE DATA]      [PRECIPITATION DATA]       SYMBOLS USED IN COLUMN 16

AVERAGE MONTHLY: 70.1   TOTAL FOR MONTH:      T    1 = FOG OR MIST
DPTR FM NORMAL:  -1.1   DPTR FM NORMAL:   -0.88    2 = FOG REDUCING VISIBILITY
HIGHEST:    96 ON 10    GRTST 24HR    T  ON 18-18      TO 1/4 MILE OR LESS
LOWEST:     42 ON  2                               3 = THUNDER
                        SNOW, ICE PELLETS, HAIL    4 = ICE PELLETS
                        TOTAL MONTH:   0.0 INCH    5 = HAIL
                        GRTST 24HR     0.0         6 = FREEZING RAIN OR DRIZZLE
                        GRTST DEPTH:   0           7 = DUSTSTORM OR SANDSTORM:
                                                       VSBY 1/2 MILE OR LESS
                                                   8 = SMOKE OR HAZE
[NO. OF DAYS WITH]      [WEATHER - DAYS WITH]      9 = BLOWING SNOW
                                                   X = TORNADO
MAX 32 OR BELOW:   0    0.01 INCH OR MORE:   0
MAX 90 OR ABOVE:   4    0.10 INCH OR MORE:   0
MIN 32 OR BELOW:   0    0.50 INCH OR MORE:   0
MIN  0 OR BELOW:   0    1.00 INCH OR MORE:   0

[HDD (BASE 65) ]
TOTAL THIS MO.    26    CLEAR  (SCALE 0-3)   7
DPTR FM NORMAL    10    PTCLDY (SCALE 4-7)   7
TOTAL FM JUL 1  1012    CLOUDY (SCALE 8-10)  5
DPTR FM NORMAL   113

[CDD (BASE 65) ]
TOTAL THIS MO.   129
DPTR FM NORMAL    -8    [PRESSURE DATA]
TOTAL FM JAN 1   336    HIGHEST SLP M ON M
DPTR FM NORMAL   -13    LOWEST  SLP 29.50 ON 11

[REMARKS]
