000
CXUS54 KEPZ 201200
CF6ALM
PRELIMINARY LOCAL CLIMATOLOGICAL DATA (WS FORM: F-6)

                                          STATION:   ALAMOGORDO
                                          MONTH:     FEBRUARY
                                          YEAR:      2019
                                          LATITUDE:   32 49 N
                                          LONGITUDE: 106  0 W

  TEMPERATURE IN F:       :PCPN:    SNOW:  WIND      :SUNSHINE: SKY     :PK WND
================================================================================
1   2   3   4   5  6A  6B    7    8   9   10  11  12  13   14  15   16   17  18
                                     12Z  AVG MX 2MIN
DY MAX MIN AVG DEP HDD CDD  WTR  SNW DPTH SPD SPD DIR MIN PSBL S-S WX    SPD DR
================================================================================

 1  63  39  51   M  14   0 0.00  0.0    0  4.7 10 140   M    M   3         M  M
 2  64  36  50   M  15   0 0.00  0.0    0  6.1 12 250   M    M   0         M  M
 3  66  39  53   M  12   0 0.00  0.0    0  8.4 16 270   M    M   5 8      22 270
 4  68  39  54   M  11   0    T  0.0    0 11.0 18 210   M    M   3        25 210
 5  63  52  58   M   7   0 0.00  0.0    0 11.6 21 160   M    M   5        29 160
 6  63  39  51   M  14   0 0.00  0.0    0 15.4 31 250   M    M   5 8      44 240
 7  46  23  35   M  30   0 0.00  0.0    0  9.7 18  10   M    M   0        24  10
 8  57  14  36   M  29   0 0.00  0.0    0  7.2 24 180   M    M   0        33 180
 9  59  28  44   M  21   0 0.00  0.0    0  8.9 18 180   M    M   0        27 180
10  57  41  49   M  16   0 0.00  0.0    0  8.5 14 140   M    M   7        29 260
11  55  36  46   M  19   0 0.00  0.0    0 15.3 30 260   M    M   2 8      39 260
12  57  19  38   M  27   0 0.00  0.0    0  2.7  7 290   M    M   0         M  M
13  64  25  45   M  20   0 0.00  0.0    0  6.1 15 180   M    M   0        20 180
14  66  41  54   M  11   0 0.00  0.0    0  6.3 13 170   M    M   4        18 170
15  70  54  62   M   3   0 0.00  0.0    0  9.8 17 250   M    M   4        24 290
16  63  37  50   M  15   0 0.00  0.0    0 18.0 36 260   M    M   0 8      44 260
17  55  27  41   M  24   0 0.00  0.0    0 11.1 22 250   M    M   0        32 250
18  59  28  44   M  21   0 0.00  0.0    0 10.8 22 170   M    M   0        32 170
19  45  23  34   M  31   0    T    T    0  8.7 18 220   M    M   3        25 220
================================================================================
SM 1140  640       340   0    T     T    180.3          M       41
================================================================================
AV 60.0 33.7                               9.5 FASTST   M    M   2    MAX(MPH)
                                 MISC ---->  # 36 260               # 44  240
================================================================================
NOTES:
# LAST OF SEVERAL OCCURRENCES

COLUMN 17 PEAK WIND IN M.P.H.

PRELIMINARY LOCAL CLIMATOLOGICAL DATA (WS FORM: F-6) , PAGE 2

                                          STATION:  ALAMOGORDO
                                          MONTH:    FEBRUARY
                                          YEAR:     2019
                                          LATITUDE:   32 49 N
                                          LONGITUDE: 106  0 W

[TEMPERATURE DATA]      [PRECIPITATION DATA]       SYMBOLS USED IN COLUMN 16

AVERAGE MONTHLY: 46.8   TOTAL FOR MONTH:      T    1 = FOG OR MIST
DPTR FM NORMAL:     M   DPTR FM NORMAL:       M    2 = FOG REDUCING VISIBILITY
HIGHEST:    70 ON 15    GRTST 24HR    T  ON 19-19      TO 1/4 MILE OR LESS
LOWEST:     14 ON  8                               3 = THUNDER
                        SNOW, ICE PELLETS, HAIL    4 = ICE PELLETS
                        TOTAL MONTH:    T          5 = HAIL
                        GRTST 24HR    T  ON 19-19  6 = FREEZING RAIN OR DRIZZLE
                        GRTST DEPTH:   0           7 = DUSTSTORM OR SANDSTORM:
                                                       VSBY 1/2 MILE OR LESS
                                                   8 = SMOKE OR HAZE
[NO. OF DAYS WITH]      [WEATHER - DAYS WITH]      9 = BLOWING SNOW
                                                   X = TORNADO
MAX 32 OR BELOW:   0    0.01 INCH OR MORE:   0
MAX 90 OR ABOVE:   0    0.10 INCH OR MORE:   0
MIN 32 OR BELOW:   8    0.50 INCH OR MORE:   0
MIN  0 OR BELOW:   0    1.00 INCH OR MORE:   0

[HDD (BASE 65) ]
TOTAL THIS MO.   340    CLEAR  (SCALE 0-3)  13
DPTR FM NORMAL     M    PTCLDY (SCALE 4-7)   6
TOTAL FM JUL 1  2445    CLOUDY (SCALE 8-10)  0
DPTR FM NORMAL     M

[CDD (BASE 65) ]
TOTAL THIS MO.     0
DPTR FM NORMAL     M    [PRESSURE DATA]
TOTAL FM JAN 1     0    HIGHEST SLP M ON M
DPTR FM NORMAL     M    LOWEST  SLP M ON M

[REMARKS]
