000
CXUS53 KDMX 250920
CF6ALO
PRELIMINARY LOCAL CLIMATOLOGICAL DATA (WS FORM: F-6)

                                          STATION:   WATERLOO IA
                                          MONTH:     APRIL
                                          YEAR:      2019
                                          LATITUDE:   42 32 N
                                          LONGITUDE:  92 24 W

  TEMPERATURE IN F:       :PCPN:    SNOW:  WIND      :SUNSHINE: SKY     :PK WND
================================================================================
1   2   3   4   5  6A  6B    7    8   9   10  11  12  13   14  15   16   17  18
                                     12Z  AVG MX 2MIN
DY MAX MIN AVG DEP HDD CDD  WTR  SNW DPTH SPD SPD DIR MIN PSBL S-S WX    SPD DR
================================================================================

 1  59  36  48   5  17   0 0.00  0.0    0 15.4 28 250   M    M   9        38 260
 2  54  33  44   1  21   0 0.14  0.2    T 10.0 22 270   M    M   6 1      29 290
 3  57  24  41  -3  24   0 0.20  0.0    0  4.7 12  90   M    M   5 1      16 150
 4  51  41  46   2  19   0 0.12  0.0    0 13.6 24 100   M    M   9 1      32 100
 5  61  41  51   7  14   0    T  0.0    0  7.2 15 160   M    M   9 18     20 150
 6  75  47  61  16   4   0 0.00  0.0    0 14.6 24 170   M    M   2        32 200
 7  70  44  57  12   8   0 0.27  0.0    0  7.3 18 310   M    M   5 13     26 300
 8  80  36  58  12   7   0 0.00  0.0    0 11.4 30 260   M    M   2 12     42 240
 9  68  40  54   8  11   0 0.07  0.0    0  7.8 18 310   M    M   5        30 300
10  46  35  41  -6  24   0 0.67  0.0    0 21.5 36  80   M    M  10 1      48  80
11  46  36  41  -6  24   0 0.07  0.0    0 22.9 41 100   M    M  10 13     59 110
12  40  33  37 -10  28   0 0.00  0.0    0 21.2 35 230   M    M  10        46 250
13  45  30  38 -10  27   0 0.00  0.0    0 11.3 21 320   M    M   7        27 270
14  50  26  38 -10  27   0 0.00  0.0    0  9.3 20 360   M    M   3        29 330
15  62  23  43  -6  22   0 0.00  0.0    0 12.0 26 150   M    M   2        33 140
16  72  41  57   8   8   0 0.00  0.0    0  8.1 17  20   M    M   1 8      24  80
17  73  48  61  11   4   0 0.01  0.0    0 15.9 29 260   M    M   9 3      38 320
18  53  39  46  -4  19   0 0.00  0.0    0 16.8 29 340   M    M   9        39 340
19  64  33  49  -1  16   0 0.00  0.0    0 12.0 22 350   M    M   0        40 360
20  74  28  51   0  14   0 0.00  0.0    0  5.8 16 200   M    M   0        20 200
21  86  51  69  18   0   4 0.00  0.0    0 13.8 31 180   M    M   0        40 170
22  74  49  62  10   3   0 0.18  0.0    0 10.7 21 320   M    M   6 13     26 290
23  67  44  56   4   9   0 0.00  0.0    0  9.3 20 340   M    M   4        28  10
24  65  36  51  -1  14   0 0.00  0.0    0  7.2 16 180   M    M   3        21 160
================================================================================
SM 1492  894       364   4  1.73     0.2 289.8          M      126
================================================================================
AV 62.2 37.3                              12.1 FASTST   M    M   5    MAX(MPH)
                                 MISC ---->  # 41 100               # 59  110
================================================================================
NOTES:
# LAST OF SEVERAL OCCURRENCES

COLUMN 17 PEAK WIND IN M.P.H.

PRELIMINARY LOCAL CLIMATOLOGICAL DATA (WS FORM: F-6) , PAGE 2

                                          STATION:  WATERLOO IA
                                          MONTH:    APRIL
                                          YEAR:     2019
                                          LATITUDE:   42 32 N
                                          LONGITUDE:  92 24 W

[TEMPERATURE DATA]      [PRECIPITATION DATA]       SYMBOLS USED IN COLUMN 16

AVERAGE MONTHLY: 49.7   TOTAL FOR MONTH:   1.73    1 = FOG OR MIST
DPTR FM NORMAL:   2.1   DPTR FM NORMAL:   -1.12    2 = FOG REDUCING VISIBILITY
HIGHEST:    86 ON 21    GRTST 24HR  0.67 ON 10-10      TO 1/4 MILE OR LESS
LOWEST:     23 ON 15                               3 = THUNDER
                        SNOW, ICE PELLETS, HAIL    4 = ICE PELLETS
                        TOTAL MONTH:   0.2 INCH    5 = HAIL
                        GRTST 24HR   0.2 ON  2- 2  6 = FREEZING RAIN OR DRIZZLE
                        GRTST DEPTH:   T           7 = DUSTSTORM OR SANDSTORM:
                                                       VSBY 1/2 MILE OR LESS
                                                   8 = SMOKE OR HAZE
[NO. OF DAYS WITH]      [WEATHER - DAYS WITH]      9 = BLOWING SNOW
                                                   X = TORNADO
MAX 32 OR BELOW:   0    0.01 INCH OR MORE:   9
MAX 90 OR ABOVE:   0    0.10 INCH OR MORE:   6
MIN 32 OR BELOW:   5    0.50 INCH OR MORE:   1
MIN  0 OR BELOW:   0    1.00 INCH OR MORE:   0

[HDD (BASE 65) ]
TOTAL THIS MO.   364    CLEAR  (SCALE 0-3)   8
DPTR FM NORMAL   -58    PTCLDY (SCALE 4-7)   8
TOTAL FM JUL 1  7152    CLOUDY (SCALE 8-10)  8
DPTR FM NORMAL   405

[CDD (BASE 65) ]
TOTAL THIS MO.     4
DPTR FM NORMAL     4    [PRESSURE DATA]
TOTAL FM JAN 1     4    HIGHEST SLP M ON M
DPTR FM NORMAL     4    LOWEST  SLP 29.28 ON 11

[REMARKS]
