000
CXUS53 KDMX 170920
CF6ALO
PRELIMINARY LOCAL CLIMATOLOGICAL DATA (WS FORM: F-6)

                                          STATION:   WATERLOO IA
                                          MONTH:     FEBRUARY
                                          YEAR:      2019
                                          LATITUDE:   42 32 N
                                          LONGITUDE:  92 24 W

  TEMPERATURE IN F:       :PCPN:    SNOW:  WIND      :SUNSHINE: SKY     :PK WND
================================================================================
1   2   3   4   5  6A  6B    7    8   9   10  11  12  13   14  15   16   17  18
                                     12Z  AVG MX 2MIN
DY MAX MIN AVG DEP HDD CDD  WTR  SNW DPTH SPD SPD DIR MIN PSBL S-S WX    SPD DR
================================================================================

 1  16 -10   3 -17  62   0 0.00  0.0   11  9.0 18 150   M    M   1 18     23 160
 2  42  13  28   8  37   0 0.00  0.0   11  9.2 15 200   M    M   8 12     22 200
 3  46  42  44  24  21   0 0.00  0.0    7  9.5 18 190   M    M  10 12     24 200
 4  45   8  27   7  38   0    T    T    T 15.3 25 310   M    M   8 18     36 310
 5  27   7  17  -3  48   0 0.02  0.1    T  8.1 18  60   M    M   6 18     24 350
 6  28  24  26   6  39   0 0.01  0.1    T  7.4 16  30   M    M  10 1      20  20
 7  28   0  14  -7  51   0 0.14  2.1    T 16.2 30 280   M    M  10 128    42 280
 8   7  -4   2 -19  63   0 0.00  0.0    2 11.2 25 280   M    M   3 8      39 280
 9  21  -6   8 -13  57   0 0.00  0.0    2  9.2 17 130   M    M   5        23 110
10  25  21  23   1  42   0 0.17  2.1    2  8.5 15 110   M    M  10 128    19 150
11  29  20  25   3  40   0 0.42  4.5    4 11.6 22 110   M    M  10 1      29 100
12  26   7  17  -5  48   0 0.22  4.7   10 16.4 30 290   M    M  10 18     48 300
13  26   1  14  -8  51   0    T    T    9  8.0 17 300   M    M   3 18     27 300
14  40   4  22  -1  43   0    T    T    9 11.7 35 320   M    M   4 18     42 310
15  11  -3   4 -19  61   0 0.00  0.0    0 11.0 20 300   M    M   2 8      27 310
16  23  -8   8 -16  57   0 0.03  0.5    7  6.1 15  70   M    M   3 1      19  80
================================================================================
SM  440  116       758   0  1.01    14.1 168.4          M      103
================================================================================
AV 27.5  7.3                              10.5 FASTST   M    M   6    MAX(MPH)
                                 MISC ---->  # 35 320               # 48  300
================================================================================
NOTES:
# LAST OF SEVERAL OCCURRENCES

COLUMN 17 PEAK WIND IN M.P.H.

PRELIMINARY LOCAL CLIMATOLOGICAL DATA (WS FORM: F-6) , PAGE 2

                                          STATION:  WATERLOO IA
                                          MONTH:    FEBRUARY
                                          YEAR:     2019
                                          LATITUDE:   42 32 N
                                          LONGITUDE:  92 24 W

[TEMPERATURE DATA]      [PRECIPITATION DATA]       SYMBOLS USED IN COLUMN 16

AVERAGE MONTHLY: 17.4   TOTAL FOR MONTH:   1.01    1 = FOG OR MIST
DPTR FM NORMAL:  -3.9   DPTR FM NORMAL:    0.51    2 = FOG REDUCING VISIBILITY
HIGHEST:    46 ON  3    GRTST 24HR  0.42 ON 11-11      TO 1/4 MILE OR LESS
LOWEST:    -10 ON  1                               3 = THUNDER
                        SNOW, ICE PELLETS, HAIL    4 = ICE PELLETS
                        TOTAL MONTH:  14.1 INCHES  5 = HAIL
                        GRTST 24HR   4.7 ON 12-12  6 = FREEZING RAIN OR DRIZZLE
                        GRTST DEPTH:  11 ON  2, 1  7 = DUSTSTORM OR SANDSTORM:
                                                       VSBY 1/2 MILE OR LESS
                                                   8 = SMOKE OR HAZE
[NO. OF DAYS WITH]      [WEATHER - DAYS WITH]      9 = BLOWING SNOW
                                                   X = TORNADO
MAX 32 OR BELOW:  12    0.01 INCH OR MORE:   7
MAX 90 OR ABOVE:   0    0.10 INCH OR MORE:   4
MIN 32 OR BELOW:  15    0.50 INCH OR MORE:   0
MIN  0 OR BELOW:   6    1.00 INCH OR MORE:   0

[HDD (BASE 65) ]
TOTAL THIS MO.   758    CLEAR  (SCALE 0-3)   5
DPTR FM NORMAL    60    PTCLDY (SCALE 4-7)   5
TOTAL FM JUL 1  5125    CLOUDY (SCALE 8-10)  6
DPTR FM NORMAL   173

[CDD (BASE 65) ]
TOTAL THIS MO.     0
DPTR FM NORMAL     0    [PRESSURE DATA]
TOTAL FM JAN 1     0    HIGHEST SLP M ON M
DPTR FM NORMAL     0    LOWEST  SLP 29.49 ON 14

[REMARKS]
