000
CXUS56 KPDT 181032
CF6ALW
PRELIMINARY LOCAL CLIMATOLOGICAL DATA (WS FORM: F-6)

                                          STATION:   WALLA WALLA WA
                                          MONTH:     FEBRUARY
                                          YEAR:      2019
                                          LATITUDE:   46  5 N
                                          LONGITUDE: 118 17 W

  TEMPERATURE IN F:       :PCPN:    SNOW:  WIND      :SUNSHINE: SKY     :PK WND
================================================================================
1   2   3   4   5  6A  6B    7    8   9   10  11  12  13   14  15   16   17  18
                                     12Z  AVG MX 2MIN
DY MAX MIN AVG DEP HDD CDD  WTR  SNW DPTH SPD SPD DIR MIN PSBL S-S WX    SPD DR
================================================================================

 1  41  30  36  -1  29   0 0.03    M    M  3.5 13 260   M    M  10 12     14 260
 2  54  36  45   7  20   0 0.06    M    M  4.9 12 150   M    M   9 128    13 150
 3  44  35  40   2  25   0 0.64    M    M  8.6 18 130   M    M   9 12     23 140
 4  40  21  31  -7  34   0 0.04    M    M 11.4 26 210   M    M  10 128    34 210
 5  22  20  21 -17  44   0 0.01    M    M  3.3 10 240   M    M  10 18     14 210
 6  23  12  18 -20  47   0    T    M    M  5.5 10 250   M    M   2 1      14 120
 7  19   9  14 -24  51   0 0.00    M    M  1.5  8 110   M    M   1         8 110
 8  25  16  21 -17  44   0    T    M    M  2.2  8 280   M    M  10 18     10 330
 9  26  20  23 -15  42   0    T    M    M  8.0 17 200   M    M  10 18     21 180
10  38  17  28 -10  37   0 0.02    M    M 13.2 30 180   M    M  10 18     36 180
11  38  20  29  -9  36   0 0.14    M    M  7.0 31 230   M    M  10 168    41 230
12  47  20  34  -4  31   0    T    M    M 16.4 35 150   M    M  10 18     44 160
13  42  25  34  -5  31   0 0.42    M    M  4.0 14 210   M    M  10 168    20 190
14  32  25  29 -10  36   0 0.02    M    M  7.4 18 230   M    M  10 126    22 200
15  39  25  32  -7  33   0 0.04    M    M  5.1 15 180   M    M   6 1268   17 210
16  33  27  30  -9  35   0    T    M    M  4.2 13  80   M    M  10 12     15  80
17  34  25  30  -9  35   0 0.07    M    0  2.5  7 360   M    M  10 128     8 190
================================================================================
SM  597  383       610   0  1.49    M    108.7          M      147
================================================================================
AV 35.1 22.5                               6.4 FASTST   M    M   9    MAX(MPH)
                                 MISC ---->  # 35 150               # 44  160
================================================================================
NOTES:
# LAST OF SEVERAL OCCURRENCES

COLUMN 17 PEAK WIND IN M.P.H.

PRELIMINARY LOCAL CLIMATOLOGICAL DATA (WS FORM: F-6) , PAGE 2

                                          STATION:  WALLA WALLA WA
                                          MONTH:    FEBRUARY
                                          YEAR:     2019
                                          LATITUDE:   46  5 N
                                          LONGITUDE: 118 17 W

[TEMPERATURE DATA]      [PRECIPITATION DATA]       SYMBOLS USED IN COLUMN 16

AVERAGE MONTHLY: 28.8   TOTAL FOR MONTH:   1.49    1 = FOG OR MIST
DPTR FM NORMAL:  -9.4   DPTR FM NORMAL:    0.46    2 = FOG REDUCING VISIBILITY
HIGHEST:    54 ON  2    GRTST 24HR  0.64 ON  3- 3      TO 1/4 MILE OR LESS
LOWEST:      9 ON  7                               3 = THUNDER
                        SNOW, ICE PELLETS, HAIL    4 = ICE PELLETS
                        TOTAL MONTH:    M          5 = HAIL
                        GRTST 24HR    M  ON   M    6 = FREEZING RAIN OR DRIZZLE
                        GRTST DEPTH:   0           7 = DUSTSTORM OR SANDSTORM:
                                                       VSBY 1/2 MILE OR LESS
                                                   8 = SMOKE OR HAZE
[NO. OF DAYS WITH]      [WEATHER - DAYS WITH]      9 = BLOWING SNOW
                                                   X = TORNADO
MAX 32 OR BELOW:   6    0.01 INCH OR MORE:  11
MAX 90 OR ABOVE:   0    0.10 INCH OR MORE:   3
MIN 32 OR BELOW:  15    0.50 INCH OR MORE:   1
MIN  0 OR BELOW:   0    1.00 INCH OR MORE:   0

[HDD (BASE 65) ]
TOTAL THIS MO.   610    CLEAR  (SCALE 0-3)   2
DPTR FM NORMAL   154    PTCLDY (SCALE 4-7)   1
TOTAL FM JUL 1  3305    CLOUDY (SCALE 8-10) 14
DPTR FM NORMAL  -203

[CDD (BASE 65) ]
TOTAL THIS MO.     0
DPTR FM NORMAL     0    [PRESSURE DATA]
TOTAL FM JAN 1     0    HIGHEST SLP M ON M
DPTR FM NORMAL     0    LOWEST  SLP 29.30 ON 14

[REMARKS]
