000
CXUS56 KPDT 260532
CF6ALW
PRELIMINARY LOCAL CLIMATOLOGICAL DATA (WS FORM: F-6)

                                          STATION:   WALLA WALLA WA
                                          MONTH:     APRIL
                                          YEAR:      2019
                                          LATITUDE:   46  5 N
                                          LONGITUDE: 118 17 W

  TEMPERATURE IN F:       :PCPN:    SNOW:  WIND      :SUNSHINE: SKY     :PK WND
================================================================================
1   2   3   4   5  6A  6B    7    8   9   10  11  12  13   14  15   16   17  18
                                     12Z  AVG MX 2MIN
DY MAX MIN AVG DEP HDD CDD  WTR  SNW DPTH SPD SPD DIR MIN PSBL S-S WX    SPD DR
================================================================================

 1  67  43  55   5  10   0 0.00    M    M  5.2 14  80   M    M   2        16  70
 2  65  45  55   5  10   0 0.00    M    M  5.4 14 210   M    M   5        17 210
 3  67  51  59   9   6   0 0.08    M    M 11.5 22 250   M    M   9        28 260
 4  62  47  55   5  10   0 0.01    M    M  6.1 17 140   M    M   6        20 120
 5  68  45  57   6   8   0 0.19    M    M  7.2 29 250   M    M   6 1      42 260
 6  58  39  49  -2  16   0 0.10    M    M  9.3 28 220   M    M   7        37 190
 7  60  48  54   3  11   0 0.33    M    M  8.4 21 250   M    M  10        26 250
 8  57  50  54   3  11   0 0.66    M    M  5.4 15 290   M    M  10 1      18 290
 9  52  44  48  -3  17   0 0.26    M    M 15.3 28 240   M    M  10        34 230
10  57  41  49  -2  16   0 0.04    M    M 16.0 25 230   M    M   7        32 240
11  55   M   M   M   M   M 0.17    M    M  9.0 16 190   M    M   9        21 190
12  56  45  51  -1  14   0 0.32    M    M  7.1 17 200   M    M   9 1      21 190
13  55  47  51  -1  14   0 0.20    M    M 11.2 21 220   M    M   9        26 200
14  52  40  46  -6  19   0    T    M    M 13.5 23 250   M    M   6        31 250
15  60  42  51  -1  14   0    T    M    M  7.0 21  30   M    M   4        26  30
16  59  45  52   0  13   0 0.19    M    M 10.2 16 200   M    M   7        20 190
17  65  50  58   6   7   0 0.00    M    M 12.4 22 220   M    M   5        27 210
18  76  47  62  10   3   0 0.00  0.0    0  6.8 15 230   M    M   1        19 210
19  77  54  66  13   0   1 0.23    M    M  7.7 15 270   M    M   6        19 270
20  61  51  56   3   9   0 0.18  0.0    0  6.2 14 180   M    M   6 1      16 180
21  66  46  56   3   9   0 0.00  0.0    0  8.4 15 190   M    M   0        20 240
22  73  44  59   6   6   0    T  0.0    0  8.8 18 200   M    M   2        23 210
23  74  54  64  10   1   0 0.00  0.0    0 12.4 25 220   M    M   6        32 230
24  66  47  57   3   8   0 0.00  0.0    0  5.6 13  90   M    M   3        20 230
================================================================================
SM 1508 1065       232   1  2.96     0.0 216.1          M      145
================================================================================
AV 62.8 46.3                               9.0 FASTST   M    M   6    MAX(MPH)
                                 MISC ---->  # 29 250               # 42  260
================================================================================
NOTES:
# LAST OF SEVERAL OCCURRENCES

COLUMN 17 PEAK WIND IN M.P.H.

PRELIMINARY LOCAL CLIMATOLOGICAL DATA (WS FORM: F-6) , PAGE 2

                                          STATION:  WALLA WALLA WA
                                          MONTH:    APRIL
                                          YEAR:     2019
                                          LATITUDE:   46  5 N
                                          LONGITUDE: 118 17 W

[TEMPERATURE DATA]      [PRECIPITATION DATA]       SYMBOLS USED IN COLUMN 16

AVERAGE MONTHLY: 54.6   TOTAL FOR MONTH:   2.96    1 = FOG OR MIST
DPTR FM NORMAL:   2.9   DPTR FM NORMAL:    1.43    2 = FOG REDUCING VISIBILITY
HIGHEST:    77 ON 19    GRTST 24HR  0.66 ON  8- 8      TO 1/4 MILE OR LESS
LOWEST:     39 ON  6                               3 = THUNDER
                        SNOW, ICE PELLETS, HAIL    4 = ICE PELLETS
                        TOTAL MONTH:   0.0 INCH    5 = HAIL
                        GRTST 24HR     0.0         6 = FREEZING RAIN OR DRIZZLE
                        GRTST DEPTH:   0           7 = DUSTSTORM OR SANDSTORM:
                                                       VSBY 1/2 MILE OR LESS
                                                   8 = SMOKE OR HAZE
[NO. OF DAYS WITH]      [WEATHER - DAYS WITH]      9 = BLOWING SNOW
                                                   X = TORNADO
MAX 32 OR BELOW:   0    0.01 INCH OR MORE:  14
MAX 90 OR ABOVE:   0    0.10 INCH OR MORE:  11
MIN 32 OR BELOW:   0    0.50 INCH OR MORE:   1
MIN  0 OR BELOW:   0    1.00 INCH OR MORE:   0

[HDD (BASE 65) ]
TOTAL THIS MO.   232    CLEAR  (SCALE 0-3)   4
DPTR FM NORMAL   -88    PTCLDY (SCALE 4-7)  13
TOTAL FM JUL 1  4757    CLOUDY (SCALE 8-10)  7
DPTR FM NORMAL    80

[CDD (BASE 65) ]
TOTAL THIS MO.     1
DPTR FM NORMAL     1    [PRESSURE DATA]
TOTAL FM JAN 1     1    HIGHEST SLP M ON M
DPTR FM NORMAL     1    LOWEST  SLP 29.64 ON  5

[REMARKS]
