000
CXUS56 KPDT 241032
CF6ALW
PRELIMINARY LOCAL CLIMATOLOGICAL DATA (WS FORM: F-6)

                                          STATION:   WALLA WALLA WA
                                          MONTH:     AUGUST
                                          YEAR:      2019
                                          LATITUDE:   46  5 N
                                          LONGITUDE: 118 17 W

  TEMPERATURE IN F:       :PCPN:    SNOW:  WIND      :SUNSHINE: SKY     :PK WND
================================================================================
1   2   3   4   5  6A  6B    7    8   9   10  11  12  13   14  15   16   17  18
                                     12Z  AVG MX 2MIN
DY MAX MIN AVG DEP HDD CDD  WTR  SNW DPTH SPD SPD DIR MIN PSBL S-S WX    SPD DR
================================================================================

 1  95  68  82   5   0  17 0.00    M    M  7.4 15 210   M    M   0        18 220
 2  91  69  80   3   0  15 0.00    M    M 10.6 16 210   M    M   0        30 210
 3  90  66  78   1   0  13 0.00    M    M  6.4 12 280   M    M   0        15 280
 4  97  62  80   3   0  15 0.00    M    M  5.6 12  30   M    M   0        16 220
 5 101  65  83   6   0  18 0.00    M    M  5.8 13  10   M    M   0        17 220
 6 104  68  86  10   0  21    T    M    M  5.9 18 350   M    M   0        21  20
 7 101  74  88  12   0  23 0.00    M    M  6.4 17 120   M    M   0        23 100
 8  92  72  82   6   0  17    T    M    M  7.6 17 180   M    M   1 3      21 170
 9  88  66  77   1   0  12 0.04    M    M  9.9 26 210   M    M   2 3      36 210
10  82  62  72  -4   0   7 0.00    M    M  7.9 25 190   M    M   0 3      33 180
11  78  59  69  -7   0   4 0.26    M    M 11.7 20 170   M    M   6        26 180
12  83  59  71  -5   0   6 0.00    M    M  8.1 15 210   M    M   0        18 180
13  90  57  74  -1   0   9 0.00    M    M  5.7 12  80   M    M   0        13 340
14  92  62  77   2   0  12 0.00    M    M  6.6 15 250   M    M   0        19 250
15  89  68  79   4   0  14 0.00    M    M  9.4 17 200   M    M   0        22 170
16  85  65  75   1   0  10 0.00    M    M 11.2 17 200   M    M   0        26 220
17  83  61  72  -2   0   7 0.00    M    M  9.3 21 180   M    M   0        25 170
18  90  57  74   0   0   9 0.00    M    M  5.6 12 140   M    M   0        15 250
19  90  66  78   4   0  13 0.00    M    M  9.5 18 240   M    M   0        23 190
20  95  63  79   5   0  14 0.00    M    M  6.9 16 170   M    M   0        19 170
21  90  64  77   4   0  12 0.03    M    M 12.8 33 230   M    M   3        40 230
22  81  62  72  -1   0   7 0.00    M    M  9.5 22 180   M    M   2        27 170
23  86  56  71  -2   0   6 0.00    M    M  5.6 10 240   M    M   0        13 230
================================================================================
SM 2073 1471         0 281  0.33    M    185.4          M       14
================================================================================
AV 90.1 64.0                               8.1 FASTST   M    M   1    MAX(MPH)
                                 MISC ---->  # 33 230               # 40  230
================================================================================
NOTES:
# LAST OF SEVERAL OCCURRENCES

COLUMN 17 PEAK WIND IN M.P.H.

PRELIMINARY LOCAL CLIMATOLOGICAL DATA (WS FORM: F-6) , PAGE 2

                                          STATION:  WALLA WALLA WA
                                          MONTH:    AUGUST
                                          YEAR:     2019
                                          LATITUDE:   46  5 N
                                          LONGITUDE: 118 17 W

[TEMPERATURE DATA]      [PRECIPITATION DATA]       SYMBOLS USED IN COLUMN 16

AVERAGE MONTHLY: 77.0   TOTAL FOR MONTH:   0.33    1 = FOG OR MIST
DPTR FM NORMAL:   1.8   DPTR FM NORMAL:   -0.08    2 = FOG REDUCING VISIBILITY
HIGHEST:   104 ON  6    GRTST 24HR  0.26 ON 11-11      TO 1/4 MILE OR LESS
LOWEST:     56 ON 23                               3 = THUNDER
                        SNOW, ICE PELLETS, HAIL    4 = ICE PELLETS
                        TOTAL MONTH:    M          5 = HAIL
                        GRTST 24HR    M  ON   M    6 = FREEZING RAIN OR DRIZZLE
                        GRTST DEPTH:  M  ON   M    7 = DUSTSTORM OR SANDSTORM:
                                                       VSBY 1/2 MILE OR LESS
                                                   8 = SMOKE OR HAZE
[NO. OF DAYS WITH]      [WEATHER - DAYS WITH]      9 = BLOWING SNOW
                                                   X = TORNADO
MAX 32 OR BELOW:   0    0.01 INCH OR MORE:   3
MAX 90 OR ABOVE:  14    0.10 INCH OR MORE:   1
MIN 32 OR BELOW:   0    0.50 INCH OR MORE:   0
MIN  0 OR BELOW:   0    1.00 INCH OR MORE:   0

[HDD (BASE 65) ]
TOTAL THIS MO.     0    CLEAR  (SCALE 0-3)  22
DPTR FM NORMAL     0    PTCLDY (SCALE 4-7)   1
TOTAL FM JUL 1     0    CLOUDY (SCALE 8-10)  0
DPTR FM NORMAL    -6

[CDD (BASE 65) ]
TOTAL THIS MO.   281
DPTR FM NORMAL    43    [PRESSURE DATA]
TOTAL FM JAN 1   755    HIGHEST SLP M ON M
DPTR FM NORMAL    58    LOWEST  SLP 29.68 ON 18

[REMARKS]
