000
CXUS54 KAMA 211015
CF6AMA
PRELIMINARY LOCAL CLIMATOLOGICAL DATA (WS FORM: F-6)

                                          STATION:   AMARILLO
                                          MONTH:     MAY
                                          YEAR:      2018
                                          LATITUDE:   35 13 N
                                          LONGITUDE: 101 42 W

  TEMPERATURE IN F:       :PCPN:    SNOW:  WIND      :SUNSHINE: SKY     :PK WND
================================================================================
1   2   3   4   5  6A  6B    7    8   9   10  11  12  13   14  15   16   17  18
                                     12Z  AVG MX 2MIN
DY MAX MIN AVG DEP HDD CDD  WTR  SNW DPTH SPD SPD DIR MIN PSBL S-S WX    SPD DR
================================================================================

 1  86  58  72  11   0   7 0.00  0.0    0 20.7 32 210   M    M   1        43 220
 2  81  56  69   8   0   4 0.00  0.0    0 16.3 30 230   M    M   1        37 200
 3  78  50  64   2   1   0 0.00  0.0    0 16.5 33 260   M    M   0        42 270
 4  75  45  60  -2   5   0 0.00  0.0    0  8.7 21  30   M    M   0        27  30
 5  84  45  65   3   0   0 0.00  0.0    0  7.2 16 160   M    M   0        20 260
 6  90  47  69   6   0   4 0.00  0.0    0 12.4 22 200   M    M   0        27 220
 7  94  60  77  14   0  12 0.00  0.0    0 17.6 29 220   M    M   0        39 200
 8  95  67  81  18   0  16    T  0.0    0 16.1 22 210   M    M   0        41 260
 9  92  58  75  11   0  10 0.00  0.0    0 14.9 25 150   M    M   0        33 170
10  97  58  78  14   0  13 0.00  0.0    0 18.0 33 170   M    M   0        44 170
11  99  65  82  18   0  17 0.00  0.0    0 21.0 31 200   M    M   0        42 180
12  98  65  82  18   0  17 0.00  0.0    0 16.7 28 170   M    M   0        35 170
13  94  64  79  14   0  14 0.00  0.0    0 14.9 29 130   M    M   0        35 130
14  92  58  75  10   0  10 0.00  0.0    0 12.6 30 120   M    M   0        36 120
15  81  58  70   5   0   5    T  0.0    0 12.3 35 240   M    M   4        53 280
16  87  55  71   5   0   6 0.00  0.0    0 12.4 24 130   M    M   3        29 130
17  92  60  76  10   0  11 0.00  0.0    0 21.6 36 130   M    M   0 3      44 120
18  93  60  77  11   0  12 0.00  0.0    0 22.1 33 140   M    M   0        42 140
19  81  46  64  -3   1   0 0.08    M    0 15.5 47 360   M    M   3 13     58 360
20  75  48  62  -5   3   0 0.00  0.0    0 12.7 25  20   M    M   1        32 340
================================================================================
SM 1764 1123        10 158  0.08     0.0 310.2          M       13
================================================================================
AV 88.2 56.2                              15.5 FASTST   M    M   1    MAX(MPH)
                                 MISC ---->  # 47 360               # 58  360
================================================================================
NOTES:
# LAST OF SEVERAL OCCURRENCES

COLUMN 17 PEAK WIND IN M.P.H.

PRELIMINARY LOCAL CLIMATOLOGICAL DATA (WS FORM: F-6) , PAGE 2

                                          STATION:  AMARILLO
                                          MONTH:    MAY
                                          YEAR:     2018
                                          LATITUDE:   35 13 N
                                          LONGITUDE: 101 42 W

[TEMPERATURE DATA]      [PRECIPITATION DATA]       SYMBOLS USED IN COLUMN 16

AVERAGE MONTHLY: 72.2   TOTAL FOR MONTH:   0.08    1 = FOG OR MIST
DPTR FM NORMAL:   8.2   DPTR FM NORMAL:   -1.15    2 = FOG REDUCING VISIBILITY
HIGHEST:    99 ON 11    GRTST 24HR  0.08 ON 19-19      TO 1/4 MILE OR LESS
LOWEST:     45 ON  5, 4                            3 = THUNDER
                        SNOW, ICE PELLETS, HAIL    4 = ICE PELLETS
                        TOTAL MONTH:   0.0 INCH    5 = HAIL
                        GRTST 24HR     0.0         6 = FREEZING RAIN OR DRIZZLE
                        GRTST DEPTH:   0           7 = DUSTSTORM OR SANDSTORM:
                                                       VSBY 1/2 MILE OR LESS
                                                   8 = SMOKE OR HAZE
[NO. OF DAYS WITH]      [WEATHER - DAYS WITH]      9 = BLOWING SNOW
                                                   X = TORNADO
MAX 32 OR BELOW:   0    0.01 INCH OR MORE:   1
MAX 90 OR ABOVE:  11    0.10 INCH OR MORE:   0
MIN 32 OR BELOW:   0    0.50 INCH OR MORE:   0
MIN  0 OR BELOW:   0    1.00 INCH OR MORE:   0

[HDD (BASE 65) ]
TOTAL THIS MO.    10    CLEAR  (SCALE 0-3)  18
DPTR FM NORMAL   -58    PTCLDY (SCALE 4-7)   2
TOTAL FM JUL 1  3621    CLOUDY (SCALE 8-10)  0
DPTR FM NORMAL  -535

[CDD (BASE 65) ]
TOTAL THIS MO.   158
DPTR FM NORMAL   109    [PRESSURE DATA]
TOTAL FM JAN 1   193    HIGHEST SLP M ON M
DPTR FM NORMAL   123    LOWEST  SLP 29.49 ON 11

[REMARKS]
