000
CXUS53 KDMX 250920
CF6AMW
PRELIMINARY LOCAL CLIMATOLOGICAL DATA (WS FORM: F-6)

                                          STATION:   AMES IA
                                          MONTH:     APRIL
                                          YEAR:      2019
                                          LATITUDE:   41 59 N
                                          LONGITUDE:  93 37 W

  TEMPERATURE IN F:       :PCPN:    SNOW:  WIND      :SUNSHINE: SKY     :PK WND
================================================================================
1   2   3   4   5  6A  6B    7    8   9   10  11  12  13   14  15   16   17  18
                                     12Z  AVG MX 2MIN
DY MAX MIN AVG DEP HDD CDD  WTR  SNW DPTH SPD SPD DIR MIN PSBL S-S WX    SPD DR
================================================================================

 1  60  31  46   2  19   0 0.00  0.0    0 13.5 25 240   M    M   7 8      38 220
 2  54  33  44   0  21   0 0.10    M    M  9.4 22 280   M    M   5 18     29 270
 3  56  26  41  -4  24   0 0.15  0.0    0  5.3 15  70   M    M   6 1      22  60
 4  55  43  49   4  16   0 0.03  0.0    0 12.1 21 110   M    M  10        29 100
 5  66  45  56  10   9   0 0.00  0.0    0  7.0 14 210   M    M   7 18     22 210
 6  77  46  62  16   3   0 0.01  0.0    0 12.0 22 190   M    M   3 1      31 190
 7  73  47  60  14   5   0 0.67  0.0    0  7.7 21 310   M    M   4 13     34 280
 8  79  39  59  12   6   0 0.00  0.0    0 10.6 28 220   M    M   0 12     37 220
 9  66  42  54   7  11   0 0.04  0.0    0  6.0 20  30   M    M   3 3      26  20
10  47  38  43  -5  22   0 0.24  0.0    0 17.2 29  80   M    M  10 13     43  90
11  59  36  48   0  17   0 0.05  0.0    0 22.1 32 100   M    M   9 13     50  80
12  38  31  35 -13  30   0 0.00  0.0    0 22.6 33 250   M    M   9        45 250
13  49  29  39 -10  26   0 0.00  0.0    0 10.6 17 310   M    M   3        26 300
14  51  30  41  -8  24   0 0.00  0.0    0  8.8 18 340   M    M   1        25  20
15  73  28  51   2  14   0 0.00  0.0    0 10.9 24 150   M    M   3        39 160
16  75  43  59   9   6   0 0.00  0.0    0  7.7 16  30   M    M   0        24  60
17  75  47  61  11   4   0 0.25  0.0    0 15.3 30 300   M    M   9 13     42 270
18  56  42  49  -1  16   0 0.00  0.0    0 16.4 24 340   M    M   8        34 320
19  64  36  50  -1  15   0 0.00  0.0    0  8.5 20 350   M    M   0        27  10
20  75  32  54   3  11   0 0.00  0.0    0  7.4 18 170   M    M   0        26 160
21  84  48  66  14   0   1 0.00  0.0    0 12.6 28 160   M    M   1        39 150
22  68  47  58   6   7   0 0.21  0.0    0 11.5 22 320   M    M   8 13     29 320
23  67  42  55   3  10   0 0.00  0.0    0  9.5 21 340   M    M   4        29 350
24  69  37  53   0  12   0 0.00  0.0    0  4.8 15 150   M    M   0        20 150
================================================================================
SM 1536  918       328   1  1.75     0.0 269.5          M      110
================================================================================
AV 64.0 38.3                              11.2 FASTST   M    M   5    MAX(MPH)
                                 MISC ---->  # 33 250               # 50   80
================================================================================
NOTES:
# LAST OF SEVERAL OCCURRENCES

COLUMN 17 PEAK WIND IN M.P.H.

PRELIMINARY LOCAL CLIMATOLOGICAL DATA (WS FORM: F-6) , PAGE 2

                                          STATION:  AMES IA
                                          MONTH:    APRIL
                                          YEAR:     2019
                                          LATITUDE:   41 59 N
                                          LONGITUDE:  93 37 W

[TEMPERATURE DATA]      [PRECIPITATION DATA]       SYMBOLS USED IN COLUMN 16

AVERAGE MONTHLY: 51.1   TOTAL FOR MONTH:   1.75    1 = FOG OR MIST
DPTR FM NORMAL:   2.7   DPTR FM NORMAL:   -0.79    2 = FOG REDUCING VISIBILITY
HIGHEST:    84 ON 21    GRTST 24HR  0.67 ON  7- 7      TO 1/4 MILE OR LESS
LOWEST:     26 ON  3                               3 = THUNDER
                        SNOW, ICE PELLETS, HAIL    4 = ICE PELLETS
                        TOTAL MONTH:   0.0 INCH    5 = HAIL
                        GRTST 24HR     0.0         6 = FREEZING RAIN OR DRIZZLE
                        GRTST DEPTH:   0           7 = DUSTSTORM OR SANDSTORM:
                                                       VSBY 1/2 MILE OR LESS
                                                   8 = SMOKE OR HAZE
[NO. OF DAYS WITH]      [WEATHER - DAYS WITH]      9 = BLOWING SNOW
                                                   X = TORNADO
MAX 32 OR BELOW:   0    0.01 INCH OR MORE:  10
MAX 90 OR ABOVE:   0    0.10 INCH OR MORE:   6
MIN 32 OR BELOW:   7    0.50 INCH OR MORE:   1
MIN  0 OR BELOW:   0    1.00 INCH OR MORE:   0

[HDD (BASE 65) ]
TOTAL THIS MO.   328    CLEAR  (SCALE 0-3)   9
DPTR FM NORMAL   -72    PTCLDY (SCALE 4-7)  10
TOTAL FM JUL 1  6884    CLOUDY (SCALE 8-10)  5
DPTR FM NORMAL   328

[CDD (BASE 65) ]
TOTAL THIS MO.     1
DPTR FM NORMAL     1    [PRESSURE DATA]
TOTAL FM JAN 1     1    HIGHEST SLP M ON M
DPTR FM NORMAL     1    LOWEST  SLP 29.28 ON 11

[REMARKS]
