000
CXUS54 KBMX 201110
CF6ANB
PRELIMINARY LOCAL CLIMATOLOGICAL DATA (WS FORM: F-6)

                                          STATION:   ANNISTON
                                          MONTH:     APRIL
                                          YEAR:      2019
                                          LATITUDE:   33 35 N
                                          LONGITUDE:  85 51 W

  TEMPERATURE IN F:       :PCPN:    SNOW:  WIND      :SUNSHINE: SKY     :PK WND
================================================================================
1   2   3   4   5  6A  6B    7    8   9   10  11  12  13   14  15   16   17  18
                                     12Z  AVG MX 2MIN
DY MAX MIN AVG DEP HDD CDD  WTR  SNW DPTH SPD SPD DIR MIN PSBL S-S WX    SPD DR
================================================================================

 1  64  35  50  -8  15   0 0.00  0.0    0  5.7 13  70   M    M   0        18 110
 2  65  40  53  -5  12   0    T    M    0  4.7 16  10   M    M   4        19  10
 3  75  36  56  -3   9   0 0.00  0.0    0  2.5 10  40   M    M   0        14  60
 4  70  44  57  -2   8   0 0.12  0.0    0  4.8 16 130   M    M   4 1      22 130
 5  74  56  65   6   0   0 0.14  0.0    0  3.2 13 240   M    M   7 1      16 230
 6  77  57  67   8   0   2 0.66  0.0    0  5.1 30 280   M    M   7 13     40 290
 7  81  61  71  11   0   6 0.17  0.0    0  4.9 14 140   M    M   4 13     22 140
 8  76  62  69   9   0   4 0.03  0.0    0  3.8 16 200   M    M   5        23 190
 9  76  56  66   6   0   1 0.31  0.0    0  2.9  9  40   M    M   6 123    13 310
10  86  53  70  10   0   5 0.00  0.0    0  1.5 10 240   M    M   3 12     11 240
11  84  58  71  10   0   6 0.00  0.0    0  8.2 20 180   M    M   1        26 170
12  79  64  72  11   0   7 0.00  0.0    0  4.2 13 250   M    M   4        16 250
13  80  62  71  10   0   6    T  0.0    0  7.0 17 160   M    M   2        29 150
14  79  49  64   3   1   0 0.70  0.0    0 12.8 28 250   M    M   7 13     37 180
15  68  41  55  -7  10   0 0.00  0.0    0  5.4 17 270   M    M   1        24 270
16  80  43  62   0   3   0 0.00  0.0    0  3.0 10 250   M    M   0 18     12 250
17  82  49  66   4   0   1 0.00  0.0    0  2.2 10 250   M    M   0        15 250
18  81  59  70   8   0   5 1.20  0.0    0  7.9 22 260   M    M   5 13     30 270
19  64  45  55  -8  10   0 0.55  0.0    0 11.0 23 240   M    M  10 13     31 260
================================================================================
SM 1441  970        68  43  3.88     0.0 100.8          M       70
================================================================================
AV 75.8 51.1                               5.3 FASTST   M    M   4    MAX(MPH)
                                 MISC ---->  # 30 280               # 40  290
================================================================================
NOTES:
# LAST OF SEVERAL OCCURRENCES

COLUMN 17 PEAK WIND IN M.P.H.

PRELIMINARY LOCAL CLIMATOLOGICAL DATA (WS FORM: F-6) , PAGE 2

                                          STATION:  ANNISTON
                                          MONTH:    APRIL
                                          YEAR:     2019
                                          LATITUDE:   33 35 N
                                          LONGITUDE:  85 51 W

[TEMPERATURE DATA]      [PRECIPITATION DATA]       SYMBOLS USED IN COLUMN 16

AVERAGE MONTHLY: 63.5   TOTAL FOR MONTH:   3.88    1 = FOG OR MIST
DPTR FM NORMAL:   3.1   DPTR FM NORMAL:    1.25    2 = FOG REDUCING VISIBILITY
HIGHEST:    86 ON 10    GRTST 24HR  1.20 ON 18-18      TO 1/4 MILE OR LESS
LOWEST:     35 ON  1                               3 = THUNDER
                        SNOW, ICE PELLETS, HAIL    4 = ICE PELLETS
                        TOTAL MONTH:   0.0 INCH    5 = HAIL
                        GRTST 24HR     0.0         6 = FREEZING RAIN OR DRIZZLE
                        GRTST DEPTH:   0           7 = DUSTSTORM OR SANDSTORM:
                                                       VSBY 1/2 MILE OR LESS
                                                   8 = SMOKE OR HAZE
[NO. OF DAYS WITH]      [WEATHER - DAYS WITH]      9 = BLOWING SNOW
                                                   X = TORNADO
MAX 32 OR BELOW:   0    0.01 INCH OR MORE:   9
MAX 90 OR ABOVE:   0    0.10 INCH OR MORE:   8
MIN 32 OR BELOW:   0    0.50 INCH OR MORE:   4
MIN  0 OR BELOW:   0    1.00 INCH OR MORE:   1

[HDD (BASE 65) ]
TOTAL THIS MO.    68    CLEAR  (SCALE 0-3)   8
DPTR FM NORMAL   -44    PTCLDY (SCALE 4-7)  10
TOTAL FM JUL 1  2430    CLOUDY (SCALE 8-10)  1
DPTR FM NORMAL  -290

[CDD (BASE 65) ]
TOTAL THIS MO.    43
DPTR FM NORMAL    19    [PRESSURE DATA]
TOTAL FM JAN 1    61    HIGHEST SLP M ON M
DPTR FM NORMAL    24    LOWEST  SLP 29.50 ON 19

[REMARKS]
