000
CXAK56 PAFC 201320
CF6ANC
PRELIMINARY LOCAL CLIMATOLOGICAL DATA (WS FORM: F-6)

                                          STATION:   ANCHORAGE AK
                                          MONTH:     FEBRUARY
                                          YEAR:      2019
                                          LATITUDE:   61 10 N
                                          LONGITUDE: 150  2 W

  TEMPERATURE IN F:       :PCPN:    SNOW:  WIND      :SUNSHINE: SKY     :PK WND
================================================================================
1   2   3   4   5  6A  6B    7    8   9   10  11  12  13   14  15   16   17  18
                                     12Z  AVG MX 2MIN
DY MAX MIN AVG DEP HDD CDD  WTR  SNW DPTH SPD SPD DIR MIN PSBL S-S WX    SPD DR
================================================================================

 1  21  10  16  -2  49   0 0.00  0.0   14  4.0 10 360   M    M   6 1      15 360
 2  18  11  15  -3  50   0    T  0.1   14  6.1 13 340   M    M   6 1      15 340
 3  22  16  19   1  46   0 0.15  1.3   14  6.2 13 360   M    M  10 1      20 150
 4  25  22  24   6  41   0 0.01    T   15  5.8 12  30   M    M   9 1      17 160
 5  28  23  26   8  39   0 0.12  2.9   17  4.5 12  30   M    M  10 16     14  20
 6  29  24  27   8  38   0    T    T   17  4.0  9  40   M    M   9 1      14  50
 7  30  23  27   8  38   0 0.00  0.0   17  3.4 12  80   M    M  10 1      17 140
 8  32  19  26   7  39   0 0.00  0.0   16  2.0  7  80   M    M   7         9  50
 9  31  24  28   9  37   0 0.00  0.0   15  2.0  7  50   M    M  10 12     11  30
10  30  19  25   6  40   0 0.00  0.0   15  2.9 13  60   M    M   9 12     14  70
11  34  13  24   4  41   0 0.06  0.4   15  3.4 15 160   M    M   7 12     21 150
12  37  20  29   9  36   0    T    T   15  5.4 13 200   M    M   8 12     18  40
13  25  17  21   1  44   0 0.00  0.0   15 10.8 25 350   M    M   5 2      34 340
14  22   5  14  -6  51   0 0.00  0.0   15  9.3 23 360   M    M   2        32 360
15  17   0   9 -11  56   0 0.00  0.0    0  2.0  8 270   M    M   1        14 350
16  23   5  14  -6  51   0 0.17  2.8   15  5.5 12  30   M    M   8 1      20 160
17  38  23  31  10  34   0 0.16  1.1   19 10.0 26 150   M    M   9 1      36 140
18  38  30  34  13  31   0 0.13  1.4   18  6.6 16 210   M    M   9 12     24 150
19  31  18  25   4  40   0 0.07  0.9   20  5.9 17  10   M    M   5 1      25  10
================================================================================
SM  531  322       801   0  0.87    10.9  99.8          M      140
================================================================================
AV 28.0 17.0                               5.3 FASTST   M    M   7    MAX(MPH)
                                 MISC ---->  # 26 150               # 36  140
================================================================================
NOTES:
# LAST OF SEVERAL OCCURRENCES

COLUMN 17 PEAK WIND IN M.P.H.

PRELIMINARY LOCAL CLIMATOLOGICAL DATA (WS FORM: F-6) , PAGE 2

                                          STATION:  ANCHORAGE AK
                                          MONTH:    FEBRUARY
                                          YEAR:     2019
                                          LATITUDE:   61 10 N
                                          LONGITUDE: 150  2 W

[TEMPERATURE DATA]      [PRECIPITATION DATA]       SYMBOLS USED IN COLUMN 16

AVERAGE MONTHLY: 22.5   TOTAL FOR MONTH:   0.87    1 = FOG OR MIST
DPTR FM NORMAL:   3.1   DPTR FM NORMAL:    0.35    2 = FOG REDUCING VISIBILITY
HIGHEST:    38 ON 18,17 GRTST 24HR  0.17 ON 16-16      TO 1/4 MILE OR LESS
LOWEST:      0 ON 15                               3 = THUNDER
                        SNOW, ICE PELLETS, HAIL    4 = ICE PELLETS
                        TOTAL MONTH:  10.9 INCHES  5 = HAIL
                        GRTST 24HR   2.9 ON  5- 5  6 = FREEZING RAIN OR DRIZZLE
                        GRTST DEPTH:  20 ON 19     7 = DUSTSTORM OR SANDSTORM:
                                                       VSBY 1/2 MILE OR LESS
                                                   8 = SMOKE OR HAZE
[NO. OF DAYS WITH]      [WEATHER - DAYS WITH]      9 = BLOWING SNOW
                                                   X = TORNADO
MAX 32 OR BELOW:  15    0.01 INCH OR MORE:   8
MAX 90 OR ABOVE:   0    0.10 INCH OR MORE:   5
MIN 32 OR BELOW:  19    0.50 INCH OR MORE:   0
MIN  0 OR BELOW:   1    1.00 INCH OR MORE:   0

[HDD (BASE 65) ]
TOTAL THIS MO.   801    CLEAR  (SCALE 0-3)   2
DPTR FM NORMAL   -67    PTCLDY (SCALE 4-7)   7
TOTAL FM JUL 1  5663    CLOUDY (SCALE 8-10) 10
DPTR FM NORMAL -1280

[CDD (BASE 65) ]
TOTAL THIS MO.     0
DPTR FM NORMAL     0    [PRESSURE DATA]
TOTAL FM JAN 1     0    HIGHEST SLP M ON M
DPTR FM NORMAL     0    LOWEST  SLP 29.61 ON 18

[REMARKS]
