000
CXAK56 PAFC 231334
CF6ANC

PRELIMINARY LOCAL CLIMATOLOGICAL DATA (WS FORM: F-6)

                                          STATION:   ANCHORAGE AK
                                          MONTH:     APRIL
                                          YEAR:      2019
                                          LATITUDE:   61 10 N
                                          LONGITUDE: 150  2 W

  TEMPERATURE IN F:       :PCPN:    SNOW:  WIND      :SUNSHINE: SKY     :PK WND
================================================================================
1   2   3   4   5  6A  6B    7    8   9   10  11  12  13   14  15   16   17  18
                                     12Z  AVG MX 2MIN
DY MAX MIN AVG DEP HDD CDD  WTR  SNW DPTH SPD SPD DIR MIN PSBL S-S WX    SPD DR
================================================================================

 1  49  29  39   8  26   0 0.00  0.0    T  3.5  9 290   M    M   1        13 280
 2  46  28  37   5  28   0 0.00  0.0    0  3.7  8 170   M    M   5        14 170
 3  48  27  38   6  27   0 0.00  0.0    0  8.9 22  30   M    M   1        30  20
 4  42  32  37   5  28   0 0.00  0.0    0 10.4 17  10   M    M   7        24 360
 5  47  28  38   5  27   0 0.00  0.0    0  8.2 16  30   M    M   6        18  30
 6  45  31  38   5  27   0 0.01  0.2    0  6.6 14 360   M    M   9        19  10
 7  51  31  41   8  24   0 0.00  0.0    0  6.5 17 150   M    M   6        26 140
 8  54  37  46  12  19   0    T  0.0    0  8.8 18 160   M    M   8        29 150
 9  50  33  42   8  23   0 0.01  0.0    0  7.6 17 150   M    M   8        24 150
10  52  31  42   7  23   0 0.00  0.0    0  9.6 24 160   M    M   2        36 150
11  49  35  42   7  23   0 0.00  0.0    0  7.8 14 140   M    M   7        29 160
12  48  38  43   8  22   0 0.05  0.0    0  7.5 14 140   M    M   8        22 140
13  51  30  41   5  24   0 0.00  0.0    0  6.6 14 140   M    M   6        20 170
14  51  30  41   5  24   0 0.00  0.0    0  4.4 12 260   M    M   4        16 340
15  51  32  42   5  23   0 0.00  0.0    0  6.4 18 150   M    M   2        26 150
16  48  38  43   6  22   0 0.05  0.0    0  6.6 16 240   M    M   7        22 160
17  41  34  38   1  27   0 0.09  0.5    0  6.8 13 130   M    M   8 15     16 150
18  41  33  37  -1  28   0 0.16  1.0    0  6.4 15 200   M    M  10 18     20 190
19  44  31  38   0  27   0 0.15  2.5    3 11.7 23 150   M    M   9 1      31 150
20  41  31  36  -3  29   0 0.02    T    0  7.0 16 220   M    M   8 18     20 210
21  44  34  39   0  26   0 0.03    T    0  9.7 25 130   M    M   8 1      34 130
22  37  30  34  -5  31   0 0.27  3.5    3  5.8 15 170   M    M   9 12     21 150
================================================================================
SM 1030  703       558   0  0.84     7.7 160.5          M      139
================================================================================
AV 46.8 32.0                               7.3 FASTST   M    M   6    MAX(MPH)
                                 MISC ---->  # 25 130               # 36  150
================================================================================
NOTES:
# LAST OF SEVERAL OCCURRENCES

COLUMN 17 PEAK WIND IN M.P.H.

PRELIMINARY LOCAL CLIMATOLOGICAL DATA (WS FORM: F-6) , PAGE 2

                                          STATION:  ANCHORAGE AK
                                          MONTH:    APRIL
                                          YEAR:     2019
                                          LATITUDE:   61 10 N
                                          LONGITUDE: 150  2 W

[TEMPERATURE DATA]      [PRECIPITATION DATA]       SYMBOLS USED IN COLUMN 16

AVERAGE MONTHLY: 39.4   TOTAL FOR MONTH:   0.84    1 = FOG OR MIST
DPTR FM NORMAL:   4.2   DPTR FM NORMAL:    0.51    2 = FOG REDUCING VISIBILITY
HIGHEST:    54 ON  8    GRTST 24HR  0.27 ON 22-22      TO 1/4 MILE OR LESS
LOWEST:     27 ON  3                               3 = THUNDER
                        SNOW, ICE PELLETS, HAIL    4 = ICE PELLETS
                        TOTAL MONTH:   7.7 INCHES  5 = HAIL
                        GRTST 24HR   3.5 ON 22-22  6 = FREEZING RAIN OR DRIZZLE
                        GRTST DEPTH:   3 ON 22,19  7 = DUSTSTORM OR SANDSTORM:
                                                       VSBY 1/2 MILE OR LESS
                                                   8 = SMOKE OR HAZE
[NO. OF DAYS WITH]      [WEATHER - DAYS WITH]      9 = BLOWING SNOW
                                                   X = TORNADO
MAX 32 OR BELOW:   0    0.01 INCH OR MORE:  10
MAX 90 OR ABOVE:   0    0.10 INCH OR MORE:   3
MIN 32 OR BELOW:  14    0.50 INCH OR MORE:   0
MIN  0 OR BELOW:   0    1.00 INCH OR MORE:   0

[HDD (BASE 65) ]
TOTAL THIS MO.   558    CLEAR  (SCALE 0-3)   4
DPTR FM NORMAL   -97    PTCLDY (SCALE 4-7)  11
TOTAL FM JUL 1  7549    CLOUDY (SCALE 8-10)  7
DPTR FM NORMAL -1627

[CDD (BASE 65) ]
TOTAL THIS MO.     0
DPTR FM NORMAL     0    [PRESSURE DATA]
TOTAL FM JAN 1     0    HIGHEST SLP M ON M
DPTR FM NORMAL     0    LOWEST  SLP 29.11 ON 21

[REMARKS]
