000
CXUS53 KAPX 170631
CF6ANJ
PRELIMINARY LOCAL CLIMATOLOGICAL DATA (WS FORM: F-6)

                                          STATION:   SAULT STE MARIE MI
                                          MONTH:     FEBRUARY
                                          YEAR:      2019
                                          LATITUDE:   46 28 N
                                          LONGITUDE:  84 21 W

  TEMPERATURE IN F:       :PCPN:    SNOW:  WIND      :SUNSHINE: SKY     :PK WND
================================================================================
1   2   3   4   5  6A  6B    7    8   9   10  11  12  13   14  15   16   17  18
                                     12Z  AVG MX 2MIN
DY MAX MIN AVG DEP HDD CDD  WTR  SNW DPTH SPD SPD DIR MIN PSBL S-S WX    SPD DR
================================================================================

 1  16 -12   2 -13  63   0    T    T   25  2.9 10 210   M    M   1 18     14 200
 2  25  13  19   4  46   0 0.05  0.6   25  5.1 16 240   M    M  10 18     24 260
 3  29  23  26  10  39   0 0.04  0.0   24  4.9 13 120   M    M  10 126    21 110
 4  32  18  25   9  40   0 0.40  0.1   24  7.3 17 110   M    M  10 16     30 100
 5  18   2  10  -6  55   0    T    T   24  5.8 15 320   M    M   6 18     22 320
 6  19  10  15  -1  50   0 0.11  1.6   25  5.1 14 100   M    M   9 18     22  90
 7  26  15  21   5  44   0 0.61  3.0   24  7.1 18 280   M    M  10 18     27 270
 8  19  10  15  -1  50   0 0.29  2.5   26 17.3 28 260   M    M  10 128    39 300
 9  18  10  14  -2  51   0 0.08  1.3   28  7.1 17 290   M    M   9 128    31 300
10  19  -1   9  -8  56   0 0.01  0.2   27  1.1  6  60   M    M   8 1       7 240
11  23  11  17   0  48   0 0.02  0.2   27  5.1 10 130   M    M   3 18     20 110
12  22  14  18   1  47   0 0.24  3.8   27  9.7 18  80   M    M   6 128    32  50
13  20  12  16  -1  49   0 0.14  3.0   31  8.2 21 310   M    M  10 18     29 320
14  25  14  20   3  45   0 0.43  4.7   30  6.6 15 130   M    M  10 12     24  90
15  27  20  24   6  41   0 0.36  3.6   35 12.0 23 310   M    M  10 18     36 310
16  20   6  13  -5  52   0    T    T   35  7.8 16 300   M    M   6 18     26 320
================================================================================
SM  358  165       776   0  2.78    24.6 113.1          M      128
================================================================================
AV 22.4 10.3                               7.1 FASTST   M    M   8    MAX(MPH)
                                 MISC ---->  # 28 260               # 39  300
================================================================================
NOTES:
# LAST OF SEVERAL OCCURRENCES

COLUMN 17 PEAK WIND IN M.P.H.

PRELIMINARY LOCAL CLIMATOLOGICAL DATA (WS FORM: F-6) , PAGE 2

                                          STATION:  SAULT STE MARIE MI
                                          MONTH:    FEBRUARY
                                          YEAR:     2019
                                          LATITUDE:   46 28 N
                                          LONGITUDE:  84 21 W

[TEMPERATURE DATA]      [PRECIPITATION DATA]       SYMBOLS USED IN COLUMN 16

AVERAGE MONTHLY: 16.3   TOTAL FOR MONTH:   2.78    1 = FOG OR MIST
DPTR FM NORMAL:  -0.1   DPTR FM NORMAL:    2.01    2 = FOG REDUCING VISIBILITY
HIGHEST:    32 ON  4    GRTST 24HR  0.61 ON  7- 7      TO 1/4 MILE OR LESS
LOWEST:    -12 ON  1                               3 = THUNDER
                        SNOW, ICE PELLETS, HAIL    4 = ICE PELLETS
                        TOTAL MONTH:  24.6 INCHES  5 = HAIL
                        GRTST 24HR   4.7 ON 14-14  6 = FREEZING RAIN OR DRIZZLE
                        GRTST DEPTH:  35 ON 16,15  7 = DUSTSTORM OR SANDSTORM:
                                                       VSBY 1/2 MILE OR LESS
                                                   8 = SMOKE OR HAZE
[NO. OF DAYS WITH]      [WEATHER - DAYS WITH]      9 = BLOWING SNOW
                                                   X = TORNADO
MAX 32 OR BELOW:  16    0.01 INCH OR MORE:  13
MAX 90 OR ABOVE:   0    0.10 INCH OR MORE:   8
MIN 32 OR BELOW:  16    0.50 INCH OR MORE:   1
MIN  0 OR BELOW:   2    1.00 INCH OR MORE:   0

[HDD (BASE 65) ]
TOTAL THIS MO.   776    CLEAR  (SCALE 0-3)   2
DPTR FM NORMAL    -1    PTCLDY (SCALE 4-7)   4
TOTAL FM JUL 1  5559    CLOUDY (SCALE 8-10) 10
DPTR FM NORMAL   -18

[CDD (BASE 65) ]
TOTAL THIS MO.     0
DPTR FM NORMAL     0    [PRESSURE DATA]
TOTAL FM JAN 1     0    HIGHEST SLP M ON M
DPTR FM NORMAL     0    LOWEST  SLP 29.30 ON 15

[REMARKS]
