000
CXUS53 KAPX 230631
CF6ANJ
PRELIMINARY LOCAL CLIMATOLOGICAL DATA (WS FORM: F-6)

                                          STATION:   SAULT STE MARIE MI
                                          MONTH:     AUGUST
                                          YEAR:      2019
                                          LATITUDE:   46 28 N
                                          LONGITUDE:  84 21 W

  TEMPERATURE IN F:       :PCPN:    SNOW:  WIND      :SUNSHINE: SKY     :PK WND
================================================================================
1   2   3   4   5  6A  6B    7    8   9   10  11  12  13   14  15   16   17  18
                                     12Z  AVG MX 2MIN
DY MAX MIN AVG DEP HDD CDD  WTR  SNW DPTH SPD SPD DIR MIN PSBL S-S WX    SPD DR
================================================================================

 1  82  47  65  -1   0   0 0.00  0.0    0  2.7 12 300   M    M   0 1      16 320
 2  87  53  70   4   0   5 0.00  0.0    0  4.2 14 240   M    M   2        20 210
 3  83  62  73   7   0   8 0.00  0.0    0  4.9 14 320   M    M   1        23 310
 4  81  58  70   4   0   5 0.00  0.0    0  4.1  9 190   M    M   0        14 170
 5  84  58  71   5   0   6 0.49  0.0    0  5.1 26 290   M    M   3 13     37 290
 6  72  55  64  -2   1   0 0.00  0.0    0  7.1 15 290   M    M   5        22 290
 7  83  51  67   1   0   2 0.02  0.0    0  2.6 18 280   M    M   4 123    29 270
 8  72  62  67   1   0   2 0.10  0.0    0  9.4 15 290   M    M   5 1      31 290
 9  70  56  63  -3   2   0 0.00  0.0    0 11.6 23 290   M    M   4        34 290
10  78  56  67   1   0   2 0.00  0.0    0  5.9 17 310   M    M   1        27 350
11  85  54  70   5   0   5 0.00  0.0    0  4.0 12 280   M    M   3 12     18 280
12  80  62  71   6   0   6 0.00  0.0    0  6.7 15 310   M    M   2        22 280
13  75  61  68   3   0   3 0.00  0.0    0  5.0 13 310   M    M   5        21 300
14  74  53  64  -1   1   0 0.00  0.0    0  4.9 14 300   M    M   1        19 310
15  75  50  63  -2   2   0 0.00  0.0    0  2.9 13 240   M    M   1 1      20 250
16  76  55  66   1   0   1 0.02  0.0    0  5.5 16 150   M    M   4 12     22 150
17  77  60  69   4   0   4 0.20  0.0    0  4.1 10 290   M    M   5 1      16 280
18  82  58  70   5   0   5    T  0.0    0  9.6 24 220   M    M   5 12     38 290
19  81  56  69   5   0   4 0.00  0.0    0  5.6 15 230   M    M   0        21 230
20  86  55  71   7   0   6 0.00  0.0    0  4.9 16 210   M    M   2        24 190
21  76  58  67   3   0   2 0.00  0.0    0  9.1 22 320   M    M   2        32 310
22  69  51  60  -4   5   0 0.00  0.0    0  7.1 15 300   M    M   4        23 310
================================================================================
SM 1728 1231        11  66  0.83     0.0 127.0          M       59
================================================================================
AV 78.6 56.0                               5.8 FASTST   M    M   3    MAX(MPH)
                                 MISC ---->  # 26 290               # 38  290
================================================================================
NOTES:
# LAST OF SEVERAL OCCURRENCES

COLUMN 17 PEAK WIND IN M.P.H.

PRELIMINARY LOCAL CLIMATOLOGICAL DATA (WS FORM: F-6) , PAGE 2

                                          STATION:  SAULT STE MARIE MI
                                          MONTH:    AUGUST
                                          YEAR:     2019
                                          LATITUDE:   46 28 N
                                          LONGITUDE:  84 21 W

[TEMPERATURE DATA]      [PRECIPITATION DATA]       SYMBOLS USED IN COLUMN 16

AVERAGE MONTHLY: 67.3   TOTAL FOR MONTH:   0.83    1 = FOG OR MIST
DPTR FM NORMAL:   2.0   DPTR FM NORMAL:   -1.40    2 = FOG REDUCING VISIBILITY
HIGHEST:    87 ON  2    GRTST 24HR  0.49 ON  5- 5      TO 1/4 MILE OR LESS
LOWEST:     47 ON  1                               3 = THUNDER
                        SNOW, ICE PELLETS, HAIL    4 = ICE PELLETS
                        TOTAL MONTH:   0.0 INCH    5 = HAIL
                        GRTST 24HR     0.0         6 = FREEZING RAIN OR DRIZZLE
                        GRTST DEPTH:   0           7 = DUSTSTORM OR SANDSTORM:
                                                       VSBY 1/2 MILE OR LESS
                                                   8 = SMOKE OR HAZE
[NO. OF DAYS WITH]      [WEATHER - DAYS WITH]      9 = BLOWING SNOW
                                                   X = TORNADO
MAX 32 OR BELOW:   0    0.01 INCH OR MORE:   5
MAX 90 OR ABOVE:   0    0.10 INCH OR MORE:   3
MIN 32 OR BELOW:   0    0.50 INCH OR MORE:   0
MIN  0 OR BELOW:   0    1.00 INCH OR MORE:   0

[HDD (BASE 65) ]
TOTAL THIS MO.    11    CLEAR  (SCALE 0-3)  13
DPTR FM NORMAL   -35    PTCLDY (SCALE 4-7)   9
TOTAL FM JUL 1    30    CLOUDY (SCALE 8-10)  0
DPTR FM NORMAL   -85

[CDD (BASE 65) ]
TOTAL THIS MO.    66
DPTR FM NORMAL    11    [PRESSURE DATA]
TOTAL FM JAN 1   202    HIGHEST SLP M ON M
DPTR FM NORMAL    34    LOWEST  SLP 29.67 ON  7

[REMARKS]
