000
CXUS53 KAPX 250631
CF6ANJ
PRELIMINARY LOCAL CLIMATOLOGICAL DATA (WS FORM: F-6)

                                          STATION:   SAULT STE MARIE MI
                                          MONTH:     APRIL
                                          YEAR:      2019
                                          LATITUDE:   46 28 N
                                          LONGITUDE:  84 21 W

  TEMPERATURE IN F:       :PCPN:    SNOW:  WIND      :SUNSHINE: SKY     :PK WND
================================================================================
1   2   3   4   5  6A  6B    7    8   9   10  11  12  13   14  15   16   17  18
                                     12Z  AVG MX 2MIN
DY MAX MIN AVG DEP HDD CDD  WTR  SNW DPTH SPD SPD DIR MIN PSBL S-S WX    SPD DR
================================================================================

 1  38  15  27  -6  38   0 0.02  0.3   24  7.7 22 230   M    M   5 1      30 220
 2  41  31  36   2  29   0 0.11  0.5   24  6.8 17 210   M    M   7 1      25 200
 3  35  23  29  -5  36   0 0.03  0.1   24 15.2 28 300   M    M   8 18     45 300
 4  37  17  27  -8  38   0 0.00  0.0   23  4.5 10 260   M    M   0        15 120
 5  37  29  33  -2  32   0 0.08  0.8   23  5.4 13 120   M    M   9 1      20 120
 6  45  31  38   2  27   0 0.01  0.0   23  2.3  7 140   M    M  10 128    10  70
 7  43  38  41   5  24   0 0.61  0.0   22  7.2 13 100   M    M  10 12     25 110
 8  44  36  40   3  25   0 0.43  0.0   19  4.6 14 310   M    M  10 12     20 300
 9  39  34  37   0  28   0 0.46  0.5   18  7.7 14  20   M    M  10 1      20  20
10  39  29  34  -4  31   0 0.00  0.0   18  6.0 14 310   M    M   1        21 330
11  35  28  32  -6  33   0 0.02  0.2   17 11.0 23 130   M    M   4 1      36 110
12  45  34  40   1  25   0 0.63  0.1   17 13.7 26 230   M    M  10 136    39 240
13  38  32  35  -4  30   0 0.01    T   16 11.2 22 240   M    M  10 18     33 240
14  46  28  37  -3  28   0    T    T   16  4.8 12  40   M    M   3        20  40
15  44  30  37  -3  28   0 0.00  0.0   15  8.1 18 300   M    M   0        24 290
16  48  30  39  -2  26   0 0.00  0.0   13  3.9 10 150   M    M   6        15 100
17  50  30  40  -1  25   0 0.38  0.0   12  8.1 16 140   M    M   2 1      27 100
18  44  39  42   0  23   0 0.46  0.0    9  6.2 15 100   M    M  10 18     25  90
19  50  33  42   0  23   0 0.00  0.0    7  8.5 17 310   M    M   2        25 300
20  63  29  46   3  19   0 0.00  0.0    5  3.1 10 290   M    M   1        14 270
21  57  45  51   8  14   0 0.01  0.0    2  2.4  9 270   M    M  10        12  90
22  55  42  49   5  16   0 0.43  0.0    1  7.3 16  80   M    M   9 1      25  70
23  50  36  43  -1  22   0 0.67  0.0    T  9.9 23 320   M    M   9 1      36 310
24  61  31  46   2  19   0 0.00  0.0    T  6.0 15 230   M    M   2        22 200
================================================================================
SM 1084  750       639   0  4.36     2.5 171.6          M      148
================================================================================
AV 45.2 31.3                               7.1 FASTST   M    M   6    MAX(MPH)
                                 MISC ---->  # 28 300               # 45  300
================================================================================
NOTES:
# LAST OF SEVERAL OCCURRENCES

COLUMN 17 PEAK WIND IN M.P.H.

PRELIMINARY LOCAL CLIMATOLOGICAL DATA (WS FORM: F-6) , PAGE 2

                                          STATION:  SAULT STE MARIE MI
                                          MONTH:    APRIL
                                          YEAR:     2019
                                          LATITUDE:   46 28 N
                                          LONGITUDE:  84 21 W

[TEMPERATURE DATA]      [PRECIPITATION DATA]       SYMBOLS USED IN COLUMN 16

AVERAGE MONTHLY: 38.2   TOTAL FOR MONTH:   4.36    1 = FOG OR MIST
DPTR FM NORMAL:  -0.7   DPTR FM NORMAL:    2.42    2 = FOG REDUCING VISIBILITY
HIGHEST:    63 ON 20    GRTST 24HR  0.67 ON 23-23      TO 1/4 MILE OR LESS
LOWEST:     15 ON  1                               3 = THUNDER
                        SNOW, ICE PELLETS, HAIL    4 = ICE PELLETS
                        TOTAL MONTH:   2.5 INCHES  5 = HAIL
                        GRTST 24HR   0.8 ON  5- 5  6 = FREEZING RAIN OR DRIZZLE
                        GRTST DEPTH:  24 ON  3, 2  7 = DUSTSTORM OR SANDSTORM:
                                                       VSBY 1/2 MILE OR LESS
                                                   8 = SMOKE OR HAZE
[NO. OF DAYS WITH]      [WEATHER - DAYS WITH]      9 = BLOWING SNOW
                                                   X = TORNADO
MAX 32 OR BELOW:   0    0.01 INCH OR MORE:  16
MAX 90 OR ABOVE:   0    0.10 INCH OR MORE:   9
MIN 32 OR BELOW:  15    0.50 INCH OR MORE:   3
MIN  0 OR BELOW:   0    1.00 INCH OR MORE:   0

[HDD (BASE 65) ]
TOTAL THIS MO.   639    CLEAR  (SCALE 0-3)   8
DPTR FM NORMAL    13    PTCLDY (SCALE 4-7)   5
TOTAL FM JUL 1  8047    CLOUDY (SCALE 8-10) 11
DPTR FM NORMAL    95

[CDD (BASE 65) ]
TOTAL THIS MO.     0
DPTR FM NORMAL     0    [PRESSURE DATA]
TOTAL FM JAN 1     0    HIGHEST SLP M ON M
DPTR FM NORMAL     0    LOWEST  SLP 29.46 ON 18

[REMARKS]
