000
CXUS53 KIWX 210800
CF6AOH
PRELIMINARY LOCAL CLIMATOLOGICAL DATA (WS FORM: F-6)

                                          STATION:   LIMA
                                          MONTH:     JULY
                                          YEAR:      2019
                                          LATITUDE:   40 42 N
                                          LONGITUDE:  84  1 W

  TEMPERATURE IN F:       :PCPN:    SNOW:  WIND      :SUNSHINE: SKY     :PK WND
================================================================================
1   2   3   4   5  6A  6B    7    8   9   10  11  12  13   14  15   16   17  18
                                     12Z  AVG MX 2MIN
DY MAX MIN AVG DEP HDD CDD  WTR  SNW DPTH SPD SPD DIR MIN PSBL S-S WX    SPD DR
================================================================================

 1  92  66  79   5   0  14 0.00  0.0    0  7.2 14 240   M    M   0 8      20 250
 2  96  73  85  11   0  20 0.05  0.0    0  8.5 30 260   M    M   3 38     42 260
 3  86  70  78   4   0  13 0.85  0.0    0  5.5 16 320   M    M   2 13     20 320
 4  89  70  80   6   0  15 0.00  0.0    0  6.1 13 190   M    M   2 18     18 170
 5  92  74  83   9   0  18 0.00  0.0    0  7.6 18 270   M    M   1 18     23 250
 6  89  74  82   8   0  17 0.02  0.0    0  5.3 15 320   M    M   2 3      21 330
 7  77  68  73  -1   0   8 0.34  0.0    0  6.8 14 360   M    M   7 18     19 330
 8  82  62  72  -2   0   7 0.00  0.0    0  6.6 14  60   M    M   0        19  40
 9  87  58  73  -1   0   8 0.00  0.0    0  4.6 12  80   M    M   0        15  70
10  91  69  80   6   0  15 0.46  0.0    0  8.3 32 240   M    M   1 3      40 240
11  86  70  78   4   0  13 0.00  0.0    0  7.9 16 350   M    M   3        22 310
12  83  65  74   0   0   9 0.00  0.0    0  5.2 12 330   M    M   4        17 350
13  90  62  76   2   0  11 0.00  0.0    0  7.1 18 260   M    M   0        26 270
14  88  69  79   5   0  14 0.02  0.0    0  4.0 21 350   M    M   3 13     32 350
15  91  70  81   7   0  16 0.37  0.0    0  6.2 28 190   M    M   1 13     41 200
16  86  72  79   5   0  14 0.46  0.0    0  8.6 24 240   M    M   5 13     37 240
17  87  72  80   6   0  15 0.06  0.0    0  6.4 13 310   M    M   4 1      19 330
18  88  72  80   6   0  15 0.43  0.0    0  7.2 23 260   M    M   2 13     30 250
19  92  76  84  10   0  19 0.00  0.0    0 10.8 20 230   M    M   2 1      26 240
20  93  77  85  11   0  20    T  0.0    0 11.1 22 240   M    M   2 1      30 190
================================================================================
SM 1765 1389         0 281  3.06     0.0 141.0          M       44
================================================================================
AV 88.3 69.5                               7.1 FASTST   M    M   2    MAX(MPH)
                                 MISC ---->  # 32 240               # 42  260
================================================================================
NOTES:
# LAST OF SEVERAL OCCURRENCES

COLUMN 17 PEAK WIND IN M.P.H.

PRELIMINARY LOCAL CLIMATOLOGICAL DATA (WS FORM: F-6) , PAGE 2

                                          STATION:  LIMA
                                          MONTH:    JULY
                                          YEAR:     2019
                                          LATITUDE:   40 42 N
                                          LONGITUDE:  84  1 W

[TEMPERATURE DATA]      [PRECIPITATION DATA]       SYMBOLS USED IN COLUMN 16

AVERAGE MONTHLY: 78.9   TOTAL FOR MONTH:   3.06    1 = FOG OR MIST
DPTR FM NORMAL:   4.8   DPTR FM NORMAL:    0.49    2 = FOG REDUCING VISIBILITY
HIGHEST:    96 ON  2    GRTST 24HR  0.85 ON  3- 3      TO 1/4 MILE OR LESS
LOWEST:     58 ON  9                               3 = THUNDER
                        SNOW, ICE PELLETS, HAIL    4 = ICE PELLETS
                        TOTAL MONTH:   0.0 INCH    5 = HAIL
                        GRTST 24HR     0.0         6 = FREEZING RAIN OR DRIZZLE
                        GRTST DEPTH:   0           7 = DUSTSTORM OR SANDSTORM:
                                                       VSBY 1/2 MILE OR LESS
                                                   8 = SMOKE OR HAZE
[NO. OF DAYS WITH]      [WEATHER - DAYS WITH]      9 = BLOWING SNOW
                                                   X = TORNADO
MAX 32 OR BELOW:   0    0.01 INCH OR MORE:  10
MAX 90 OR ABOVE:   8    0.10 INCH OR MORE:   6
MIN 32 OR BELOW:   0    0.50 INCH OR MORE:   1
MIN  0 OR BELOW:   0    1.00 INCH OR MORE:   0

[HDD (BASE 65) ]
TOTAL THIS MO.     0    CLEAR  (SCALE 0-3)  15
DPTR FM NORMAL     0    PTCLDY (SCALE 4-7)   5
TOTAL FM JUL 1     0    CLOUDY (SCALE 8-10)  0
DPTR FM NORMAL     0

[CDD (BASE 65) ]
TOTAL THIS MO.   281
DPTR FM NORMAL   101    [PRESSURE DATA]
TOTAL FM JAN 1   537    HIGHEST SLP M ON M
DPTR FM NORMAL   111    LOWEST  SLP 29.73 ON 18

[REMARKS]
