000
CXUS53 KIWX 230800
CF6AOH
PRELIMINARY LOCAL CLIMATOLOGICAL DATA (WS FORM: F-6)

                                          STATION:   LIMA
                                          MONTH:     FEBRUARY
                                          YEAR:      2019
                                          LATITUDE:   40 42 N
                                          LONGITUDE:  84  1 W

  TEMPERATURE IN F:       :PCPN:    SNOW:  WIND      :SUNSHINE: SKY     :PK WND
================================================================================
1   2   3   4   5  6A  6B    7    8   9   10  11  12  13   14  15   16   17  18
                                     12Z  AVG MX 2MIN
DY MAX MIN AVG DEP HDD CDD  WTR  SNW DPTH SPD SPD DIR MIN PSBL S-S WX    SPD DR
================================================================================

 1  17   7  12 -15  53   0 0.08    M    M  7.0 13 180   M    M   7 18     17 180
 2  38  12  25  -2  40   0 0.00  0.0    M 10.3 16 220   M    M   4 18     23 200
 3  54  36  45  17  20   0 0.00  0.0    M  9.3 16 200   M    M   4 1      23 190
 4  56  43  50  22  15   0 0.14    M    M 12.2 18 210   M    M   6 1      28 200
 5  51  34  43  15  22   0 0.03    M    M  8.6 16 300   M    M  10 12     21 300
 6  54  36  45  17  20   0 0.65    M    M  8.1 15 270   M    M   9 12     21 160
 7  59  32  46  18  19   0 0.58    M    0 15.7 41 270   M    M  10 12     57 270
 8  31  14  23  -5  42   0    T    M    M 25.3 39 270   M    M   9        51 270
 9  26  11  19  -9  46   0 0.00  0.0    M  5.4 20 320   M    M   3        24 320
10  33  17  25  -4  40   0 0.18    M    0  8.0 13 120   M    M   6 16     17 130
11  34  30  32   3  33   0 0.05    M    M  9.0 20  80   M    M  10 126    26  70
12  44  28  36   7  29   0 0.69    M    M 17.4 39 250   M    M  10 126    52 250
13  31  21  26  -3  39   0    T    M    M 22.0 39 260   M    M   2        50 260
14  47  27  37   8  28   0 0.00  0.0    M 11.6 21 220   M    M   3        34 200
15  47  23  35   5  30   0    T    M    M 16.1 30 270   M    M   6 18     40 280
16  26  19  23  -7  42   0 0.00  0.0    M  8.8 18  70   M    M   8        23  90
17  29  24  27  -3  38   0 0.03    M    M 11.3 20  80   M    M  10 18     27 100
18  26  23  25  -5  40   0    T    M    M  7.4 14 320   M    M  10 18     18 320
19  34  15  25  -6  40   0 0.00  0.0    M  4.3 12 100   M    M   1        16 100
20  43  28  36   5  29   0 0.52    M    M 14.2 25 260   M    M  10 16     34 250
21  40  32  36   5  29   0 0.00  0.0    M 12.3 24 270   M    M   3        33 280
22  37  28  33   1  32   0 0.00  0.0    M  5.9 13  70   M    M   0 18     17  70
================================================================================
SM  857  540       726   0  2.95     0.0 250.2          M      141
================================================================================
AV 39.0 24.6                              11.4 FASTST   M    M   6    MAX(MPH)
                                 MISC ---->  # 41 270               # 57  270
================================================================================
NOTES:
# LAST OF SEVERAL OCCURRENCES

COLUMN 17 PEAK WIND IN M.P.H.

PRELIMINARY LOCAL CLIMATOLOGICAL DATA (WS FORM: F-6) , PAGE 2

                                          STATION:  LIMA
                                          MONTH:    FEBRUARY
                                          YEAR:     2019
                                          LATITUDE:   40 42 N
                                          LONGITUDE:  84  1 W

[TEMPERATURE DATA]      [PRECIPITATION DATA]       SYMBOLS USED IN COLUMN 16

AVERAGE MONTHLY: 31.8   TOTAL FOR MONTH:   2.95    1 = FOG OR MIST
DPTR FM NORMAL:   2.7   DPTR FM NORMAL:    1.32    2 = FOG REDUCING VISIBILITY
HIGHEST:    59 ON  7    GRTST 24HR  0.69 ON 12-12      TO 1/4 MILE OR LESS
LOWEST:      7 ON  1                               3 = THUNDER
                        SNOW, ICE PELLETS, HAIL    4 = ICE PELLETS
                        TOTAL MONTH:   0.0 INCH    5 = HAIL
                        GRTST 24HR     0.0         6 = FREEZING RAIN OR DRIZZLE
                        GRTST DEPTH:   0           7 = DUSTSTORM OR SANDSTORM:
                                                       VSBY 1/2 MILE OR LESS
                                                   8 = SMOKE OR HAZE
[NO. OF DAYS WITH]      [WEATHER - DAYS WITH]      9 = BLOWING SNOW
                                                   X = TORNADO
MAX 32 OR BELOW:   7    0.01 INCH OR MORE:  10
MAX 90 OR ABOVE:   0    0.10 INCH OR MORE:   6
MIN 32 OR BELOW:  18    0.50 INCH OR MORE:   4
MIN  0 OR BELOW:   0    1.00 INCH OR MORE:   0

[HDD (BASE 65) ]
TOTAL THIS MO.   726    CLEAR  (SCALE 0-3)   3
DPTR FM NORMAL   -66    PTCLDY (SCALE 4-7)  10
TOTAL FM JUL 1  4161    CLOUDY (SCALE 8-10)  9
DPTR FM NORMAL   -52

[CDD (BASE 65) ]
TOTAL THIS MO.     0
DPTR FM NORMAL     0    [PRESSURE DATA]
TOTAL FM JAN 1     0    HIGHEST SLP M ON M
DPTR FM NORMAL     0    LOWEST  SLP 29.48 ON M

[REMARKS]
