000
CXUS51 KCTP 230700
CF6AOO
PRELIMINARY LOCAL CLIMATOLOGICAL DATA (WS FORM: F-6)

                                          STATION:   ALTOONA
                                          MONTH:     FEBRUARY
                                          YEAR:      2019
                                          LATITUDE:   40 17 N
                                          LONGITUDE:  78 19 W

  TEMPERATURE IN F:       :PCPN:    SNOW:  WIND      :SUNSHINE: SKY     :PK WND
================================================================================
1   2   3   4   5  6A  6B    7    8   9   10  11  12  13   14  15   16   17  18
                                     12Z  AVG MX 2MIN
DY MAX MIN AVG DEP HDD CDD  WTR  SNW DPTH SPD SPD DIR MIN PSBL S-S WX    SPD DR
================================================================================

 1  15   3   9 -18  56   0 0.08    M    M  0.6  6 250   M    M   7 18      7 250
 2  42   2  22  -5  43   0 0.00    M    M  5.8 17 240   M    M   1 18     21 230
 3  50  33  42  14  23   0 0.00    M    M  5.4 15 230   M    M   4 1      19 230
 4  56  31  44  16  21   0    T    M    M  2.8 12 190   M    M   1 128    16 200
 5  58  40  49  21  16   0 0.00    M    M  7.4 16 280   M    M   7 1      20 280
 6  46  38  42  14  23   0 0.49    M    M  2.4 12 150   M    M  10 12     14 140
 7  52  37  45  17  20   0 0.82    M    M  3.4 24 300   M    M  10 12     31 300
 8  57  22  40  12  25   0 0.13    M    M 20.3 40 300   M    M   5 1      51 290
 9  28  16  22  -6  43   0 0.00    M    M 11.8 29 300   M    M   3        38 310
10  31  14  23  -5  42   0 0.04    M    M  3.7 10 170   M    M   4 1      14 160
11  33  27  30   2  35   0 0.40    M    M  3.5  9  80   M    M  10 18     11  80
12  33  29  31   2  34   0 0.83    M    M  9.5 20 180   M    M  10 16     25 150
13  37  28  33   4  32   0    T    M    M 21.9 37 280   M    M  10 168    53 280
14  43  25  34   5  31   0 0.00    M    M 10.4 28 270   M    M   2        35 280
15  50  30  40  11  25   0 0.03    M    M  9.8 31 270   M    M   7        45 280
16  33  21  27  -2  38   0 0.00    M    M  8.8 20 320   M    M   3        25 320
17  31  13  22  -7  43   0 0.07    M    M  6.3 15 150   M    M   5 16     19 160
18  37  22  30   0  35   0    T    M    M 12.4 30 280   M    M  10 1      35 280
19  30  16  23  -7  42   0 0.00    M    M  6.2 21 310   M    M   1        24 310
20  32  23  28  -2  37   0 1.17    M    M  7.7 20 160   M    M   8 12468  26 170
21  46  31  39   9  26   0 0.00    M    M  9.5 23 290   M    M   3 1      28 290
22  39  30  35   5  30   0 0.00    M    M  2.5 14 300   M    M   0        17 290
================================================================================
SM  879  531       720   0  4.06    M    172.1          M      121
================================================================================
AV 40.0 24.1                               7.8 FASTST   M    M   6    MAX(MPH)
                                 MISC ---->  # 40 300               # 53  280
================================================================================
NOTES:
# LAST OF SEVERAL OCCURRENCES

COLUMN 17 PEAK WIND IN M.P.H.

PRELIMINARY LOCAL CLIMATOLOGICAL DATA (WS FORM: F-6) , PAGE 2

                                          STATION:  ALTOONA
                                          MONTH:    FEBRUARY
                                          YEAR:     2019
                                          LATITUDE:   40 17 N
                                          LONGITUDE:  78 19 W

[TEMPERATURE DATA]      [PRECIPITATION DATA]       SYMBOLS USED IN COLUMN 16

AVERAGE MONTHLY: 32.1   TOTAL FOR MONTH:   4.06    1 = FOG OR MIST
DPTR FM NORMAL:   3.4   DPTR FM NORMAL:    2.48    2 = FOG REDUCING VISIBILITY
HIGHEST:    58 ON  5    GRTST 24HR  1.17 ON 20-20      TO 1/4 MILE OR LESS
LOWEST:      2 ON  2                               3 = THUNDER
                        SNOW, ICE PELLETS, HAIL    4 = ICE PELLETS
                        TOTAL MONTH:    M          5 = HAIL
                        GRTST 24HR    M  ON   M    6 = FREEZING RAIN OR DRIZZLE
                        GRTST DEPTH:  M  ON   M    7 = DUSTSTORM OR SANDSTORM:
                                                       VSBY 1/2 MILE OR LESS
                                                   8 = SMOKE OR HAZE
[NO. OF DAYS WITH]      [WEATHER - DAYS WITH]      9 = BLOWING SNOW
                                                   X = TORNADO
MAX 32 OR BELOW:   6    0.01 INCH OR MORE:  10
MAX 90 OR ABOVE:   0    0.10 INCH OR MORE:   6
MIN 32 OR BELOW:  18    0.50 INCH OR MORE:   3
MIN  0 OR BELOW:   0    1.00 INCH OR MORE:   1

[HDD (BASE 65) ]
TOTAL THIS MO.   720    CLEAR  (SCALE 0-3)   7
DPTR FM NORMAL   -80    PTCLDY (SCALE 4-7)   8
TOTAL FM JUL 1  4093    CLOUDY (SCALE 8-10)  7
DPTR FM NORMAL  -273

[CDD (BASE 65) ]
TOTAL THIS MO.     0
DPTR FM NORMAL     0    [PRESSURE DATA]
TOTAL FM JAN 1     0    HIGHEST SLP M ON M
DPTR FM NORMAL     0    LOWEST  SLP 29.55 ON 15

[REMARKS]
