000
CXUS51 KCTP 180700
CF6AOO
PRELIMINARY LOCAL CLIMATOLOGICAL DATA (WS FORM: F-6)

                                          STATION:   ALTOONA
                                          MONTH:     APRIL
                                          YEAR:      2019
                                          LATITUDE:   40 17 N
                                          LONGITUDE:  78 19 W

  TEMPERATURE IN F:       :PCPN:    SNOW:  WIND      :SUNSHINE: SKY     :PK WND
================================================================================
1   2   3   4   5  6A  6B    7    8   9   10  11  12  13   14  15   16   17  18
                                     12Z  AVG MX 2MIN
DY MAX MIN AVG DEP HDD CDD  WTR  SNW DPTH SPD SPD DIR MIN PSBL S-S WX    SPD DR
================================================================================

 1  42  24  33 -11  32   0    T    M    M  8.5 22 330   M    M   4        29 310
 2  46  26  36  -8  29   0 0.00    M    M  7.0 20 170   M    M   1        27 150
 3  59  28  44   0  21   0 0.00    M    M 13.3 38 280   M    M   0        49 280
 4  59  35  47   2  18   0 0.00    M    M  5.4 15 250   M    M   6        20 250
 5  48  37  43  -2  22   0 0.43    M    M  5.1 13 160   M    M  10 1      15 130
 6  62  38  50   4  15   0 0.00    M    M  2.4  9  90   M    M   7 128    12  80
 7  69  43  56  10   9   0 0.09    M    M  6.3 18 150   M    M   4 18     22 160
 8  72  52  62  16   3   0    T    M    M 11.3 23 260   M    M   5        28 260
 9  71  43  57  10   8   0 0.00    M    M 12.9 29 290   M    M   2 1      39 300
10  59  41  50   3  15   0 0.00    M    M  8.1 20 290   M    M   2        26 270
11  59  38  49   2  16   0    T    M    M  9.2 18 170   M    M   3        24 130
12  66  47  57   9   8   0 0.37    M    M  9.5 24 170   M    M   8 12     32 170
13  70  51  61  13   4   0 0.00    M    M  6.7 16 180   M    M   3 12     20 180
14  67  51  59  10   6   0 0.75    M    M  8.6 36 250   M    M   8 13     49 280
15  59  38  49   0  16   0 0.15    M    M 18.7 37 290   M    M   8 1      51 290
16  64  40  52   3  13   0 0.00    M    M  7.7 18 260   M    M   3        25 260
17  61  45  53   3  12   0 0.00  0.0    0  6.0 14  30   M    M   6        17  30
================================================================================
SM 1033  677       247   0  1.79     0.0 146.7          M       80
================================================================================
AV 60.8 39.8                               8.6 FASTST   M    M   5    MAX(MPH)
                                 MISC ---->  # 38 280               # 51  290
================================================================================
NOTES:
# LAST OF SEVERAL OCCURRENCES

COLUMN 17 PEAK WIND IN M.P.H.

PRELIMINARY LOCAL CLIMATOLOGICAL DATA (WS FORM: F-6) , PAGE 2

                                          STATION:  ALTOONA
                                          MONTH:    APRIL
                                          YEAR:     2019
                                          LATITUDE:   40 17 N
                                          LONGITUDE:  78 19 W

[TEMPERATURE DATA]      [PRECIPITATION DATA]       SYMBOLS USED IN COLUMN 16

AVERAGE MONTHLY: 50.3   TOTAL FOR MONTH:   1.79    1 = FOG OR MIST
DPTR FM NORMAL:   3.6   DPTR FM NORMAL:   -0.03    2 = FOG REDUCING VISIBILITY
HIGHEST:    72 ON  8    GRTST 24HR  0.75 ON 14-14      TO 1/4 MILE OR LESS
LOWEST:     24 ON  1                               3 = THUNDER
                        SNOW, ICE PELLETS, HAIL    4 = ICE PELLETS
                        TOTAL MONTH:   0.0 INCH    5 = HAIL
                        GRTST 24HR     0.0         6 = FREEZING RAIN OR DRIZZLE
                        GRTST DEPTH:   0           7 = DUSTSTORM OR SANDSTORM:
                                                       VSBY 1/2 MILE OR LESS
                                                   8 = SMOKE OR HAZE
[NO. OF DAYS WITH]      [WEATHER - DAYS WITH]      9 = BLOWING SNOW
                                                   X = TORNADO
MAX 32 OR BELOW:   0    0.01 INCH OR MORE:   5
MAX 90 OR ABOVE:   0    0.10 INCH OR MORE:   4
MIN 32 OR BELOW:   3    0.50 INCH OR MORE:   1
MIN  0 OR BELOW:   0    1.00 INCH OR MORE:   0

[HDD (BASE 65) ]
TOTAL THIS MO.   247    CLEAR  (SCALE 0-3)   6
DPTR FM NORMAL   -68    PTCLDY (SCALE 4-7)   9
TOTAL FM JUL 1  5430    CLOUDY (SCALE 8-10)  2
DPTR FM NORMAL  -314

[CDD (BASE 65) ]
TOTAL THIS MO.     0
DPTR FM NORMAL     0    [PRESSURE DATA]
TOTAL FM JAN 1     0    HIGHEST SLP M ON M
DPTR FM NORMAL    -1    LOWEST  SLP 29.24 ON 14

[REMARKS]
