000
CXUS51 KCTP 220700
CF6AOO
PRELIMINARY LOCAL CLIMATOLOGICAL DATA (WS FORM: F-6)

                                          STATION:   ALTOONA
                                          MONTH:     JULY
                                          YEAR:      2019
                                          LATITUDE:   40 17 N
                                          LONGITUDE:  78 19 W

  TEMPERATURE IN F:       :PCPN:    SNOW:  WIND      :SUNSHINE: SKY     :PK WND
================================================================================
1   2   3   4   5  6A  6B    7    8   9   10  11  12  13   14  15   16   17  18
                                     12Z  AVG MX 2MIN
DY MAX MIN AVG DEP HDD CDD  WTR  SNW DPTH SPD SPD DIR MIN PSBL S-S WX    SPD DR
================================================================================

 1  83  53  68  -2   0   3 0.00    M    M  3.5 10 310   M    M   0        14 310
 2  89  62  76   6   0  11 0.38    M    M  7.0 26 330   M    M   2 13     36 320
 3  84  66  75   5   0  10 0.00    M    M  4.8 15 310   M    M   4        20 310
 4  86  67  77   7   0  12 1.42    M    M  3.0 17 130   M    M   3 1238   23 140
 5  85  67  76   6   0  11 0.01    M    M  2.9 18 260   M    M   6 12     22 270
 6  88  66  77   6   0  12 0.29    M    M  2.8 20 310   M    M   6 123    26 300
 7  84  67  76   5   0  11 0.17    M    M  2.5 10  80   M    M   8 128    16  70
 8  74  63  69  -2   0   4 0.18    M    M  3.9 12  10   M    M   9 12     13  10
 9  82  62  72   1   0   7 0.00    M    M  2.9 10 170   M    M   5 12     13 150
10  86  63  75   4   0  10 0.00    M    M  3.2 17 200   M    M   2 1      22 200
11  77  66  72   1   0   7 0.17    M    M  3.3 12 320   M    M   4 13     16 320
12  81  62  72   1   0   7 0.00    M    M  6.7 18 320   M    M   5 18     24 320
13  84  58  71   0   0   6 0.00    M    M  5.4 13 300   M    M   0 1      17 310
14  83  63  73   2   0   8 0.00    M    M  6.4 16 310   M    M   0        22 310
15  85  55  70  -1   0   5 0.00    M    M  3.0 12 310   M    M   0        15 270
16  86  62  74   3   0   9    T    M    M  5.5 14 210   M    M   1 13     20 230
17  86  67  77   6   0  12 0.62    M    M  4.9 21 190   M    M   4 18     30 190
18  87  69  78   7   0  13    T    M    M  4.7 14 320   M    M   6 12     18 320
19  92  68  80   9   0  15 0.00    M    M  6.5 15 280   M    M   1 1      25 230
20  91  74  83  12   0  18 0.00    M    M  5.9 14 240   M    M   2 138    19 290
21   M   M   M   M   M   M    M    M    M   M   M   M   M    M   M 138     M  M
================================================================================
SM 1693 1280         0 191  3.24    M     88.8          M       68
================================================================================
AV 84.7 64.0                               4.4 FASTST   M    M   3    MAX(MPH)
                                 MISC ---->  # 26 330               # 36  320
================================================================================
NOTES:
# LAST OF SEVERAL OCCURRENCES

COLUMN 17 PEAK WIND IN M.P.H.

PRELIMINARY LOCAL CLIMATOLOGICAL DATA (WS FORM: F-6) , PAGE 2

                                          STATION:  ALTOONA
                                          MONTH:    JULY
                                          YEAR:     2019
                                          LATITUDE:   40 17 N
                                          LONGITUDE:  78 19 W

[TEMPERATURE DATA]      [PRECIPITATION DATA]       SYMBOLS USED IN COLUMN 16

AVERAGE MONTHLY: 74.3   TOTAL FOR MONTH:   3.24    1 = FOG OR MIST
DPTR FM NORMAL:   3.6   DPTR FM NORMAL:    1.01    2 = FOG REDUCING VISIBILITY
HIGHEST:    92 ON 19    GRTST 24HR  1.42 ON  4- 4      TO 1/4 MILE OR LESS
LOWEST:     53 ON  1                               3 = THUNDER
                        SNOW, ICE PELLETS, HAIL    4 = ICE PELLETS
                        TOTAL MONTH:    M          5 = HAIL
                        GRTST 24HR    M  ON   M    6 = FREEZING RAIN OR DRIZZLE
                        GRTST DEPTH:  M  ON   M    7 = DUSTSTORM OR SANDSTORM:
                                                       VSBY 1/2 MILE OR LESS
                                                   8 = SMOKE OR HAZE
[NO. OF DAYS WITH]      [WEATHER - DAYS WITH]      9 = BLOWING SNOW
                                                   X = TORNADO
MAX 32 OR BELOW:   0    0.01 INCH OR MORE:   8
MAX 90 OR ABOVE:   2    0.10 INCH OR MORE:   7
MIN 32 OR BELOW:   0    0.50 INCH OR MORE:   2
MIN  0 OR BELOW:   0    1.00 INCH OR MORE:   1

[HDD (BASE 65) ]
TOTAL THIS MO.     0    CLEAR  (SCALE 0-3)  10
DPTR FM NORMAL    -1    PTCLDY (SCALE 4-7)   9
TOTAL FM JUL 1     0    CLOUDY (SCALE 8-10)  1
DPTR FM NORMAL    -1

[CDD (BASE 65) ]
TOTAL THIS MO.   191
DPTR FM NORMAL    66    [PRESSURE DATA]
TOTAL FM JAN 1   379    HIGHEST SLP M ON M
DPTR FM NORMAL   112    LOWEST  SLP 29.77 ON  2

[REMARKS]
