000
CXUS55 KBOU 220814
CF6APA
PRELIMINARY LOCAL CLIMATOLOGICAL DATA (WS FORM: F-6)

                                          STATION:   CENTENNIAL CO
                                          MONTH:     APRIL
                                          YEAR:      2019
                                          LATITUDE:   39 33 N
                                          LONGITUDE: 104 51 W

  TEMPERATURE IN F:       :PCPN:    SNOW:  WIND      :SUNSHINE: SKY     :PK WND
================================================================================
1   2   3   4   5  6A  6B    7    8   9   10  11  12  13   14  15   16   17  18
                                     12Z  AVG MX 2MIN
DY MAX MIN AVG DEP HDD CDD  WTR  SNW DPTH SPD SPD DIR MIN PSBL S-S WX    SPD DR
================================================================================

 1  57  26  42  -1  23   0 0.00    M    M  8.2 21 320   M    M   5        27 360
 2  55  31  43   0  22   0 0.00    M    M  5.0 12 360   M    M   8        15 360
 3  60  35  48   5  17   0    T    M    M  7.1 18 320   M    M   6 18     29 310
 4  66  35  51   8  14   0 0.00    M    M  5.6 16 290   M    M   5 18     25 280
 5  68  40  54  10  11   0 0.00    M    M  7.5 18 210   M    M   7        23 210
 6  67  41  54  10  11   0    T    M    M  5.8 28 320   M    M   6        42 340
 7  70  36  53   9  12   0 0.00    M    M  7.4 18 290   M    M   4        24 350
 8  74  43  59  15   6   0 0.00    M    M  6.3 17  10   M    M   5        21  10
 9  78  44  61  17   4   0 0.00    M    M 13.4 30 220   M    M   7        39 250
10  59  17  38  -7  27   0 0.19    M    M 14.5 31 350   M    M   9 12     37 360
11  40  16  28 -17  37   0 0.01    M    M  6.2 20  10   M    M   7 1      27  30
12  44  23  34 -11  31   0 0.20    M    M  6.4 15 170   M    M   9 12     21 120
13  42  27  35 -10  30   0 0.01    M    M  6.1 12 160   M    M   7 1      15 180
14  65  30  48   2  17   0 0.00    M    M  8.1 22 300   M    M   6        28 300
15  72  47  60  14   5   0 0.00    M    M  9.1 22 230   M    M   6        27 240
16  69  37  53   7  12   0    T    M    M  5.9 22 340   M    M   6        26 340
17  61  40  51   5  14   0 0.00    M    M  7.5 18  30   M    M   6        27  60
18  60  35  48   1  17   0    T    M    M  7.8 18  10   M    M   6        28 350
19  71  32  52   5  13   0 0.00    M    M  7.5 17 170   M    M   1        24 180
20  78  44  61  14   4   0    T    M    M  7.1 30 170   M    M   7        46 200
21  68  47  58  10   7   0    T    M    0 10.3 28 230   M    M   7        35 230
================================================================================
SM 1324  726       334   0  0.41    M    162.8          M      130
================================================================================
AV 63.1 34.6                               7.8 FASTST   M    M   6    MAX(MPH)
                                 MISC ---->  # 31 350               # 46  200
================================================================================
NOTES:
# LAST OF SEVERAL OCCURRENCES

COLUMN 17 PEAK WIND IN M.P.H.

PRELIMINARY LOCAL CLIMATOLOGICAL DATA (WS FORM: F-6) , PAGE 2

                                          STATION:  CENTENNIAL CO
                                          MONTH:    APRIL
                                          YEAR:     2019
                                          LATITUDE:   39 33 N
                                          LONGITUDE: 104 51 W

[TEMPERATURE DATA]      [PRECIPITATION DATA]       SYMBOLS USED IN COLUMN 16

AVERAGE MONTHLY: 48.8   TOTAL FOR MONTH:   0.41    1 = FOG OR MIST
DPTR FM NORMAL:   3.8   DPTR FM NORMAL:   -0.99    2 = FOG REDUCING VISIBILITY
HIGHEST:    78 ON 20, 9 GRTST 24HR  0.20 ON 12-12      TO 1/4 MILE OR LESS
LOWEST:     16 ON 11                               3 = THUNDER
                        SNOW, ICE PELLETS, HAIL    4 = ICE PELLETS
                        TOTAL MONTH:    M          5 = HAIL
                        GRTST 24HR    M  ON   M    6 = FREEZING RAIN OR DRIZZLE
                        GRTST DEPTH:   0           7 = DUSTSTORM OR SANDSTORM:
                                                       VSBY 1/2 MILE OR LESS
                                                   8 = SMOKE OR HAZE
[NO. OF DAYS WITH]      [WEATHER - DAYS WITH]      9 = BLOWING SNOW
                                                   X = TORNADO
MAX 32 OR BELOW:   0    0.01 INCH OR MORE:   4
MAX 90 OR ABOVE:   0    0.10 INCH OR MORE:   2
MIN 32 OR BELOW:   8    0.50 INCH OR MORE:   0
MIN  0 OR BELOW:   0    1.00 INCH OR MORE:   0

[HDD (BASE 65) ]
TOTAL THIS MO.   334    CLEAR  (SCALE 0-3)   1
DPTR FM NORMAL   -87    PTCLDY (SCALE 4-7)  18
TOTAL FM JUL 1  5709    CLOUDY (SCALE 8-10)  2
DPTR FM NORMAL    35

[CDD (BASE 65) ]
TOTAL THIS MO.     0
DPTR FM NORMAL     0    [PRESSURE DATA]
TOTAL FM JAN 1     0    HIGHEST SLP M ON M
DPTR FM NORMAL     0    LOWEST  SLP 29.30 ON 10

[REMARKS]
