000
CXUS55 KBOU 190737
CF6APA
PRELIMINARY LOCAL CLIMATOLOGICAL DATA (WS FORM: F-6)

                                          STATION:   CENTENNIAL CO
                                          MONTH:     FEBRUARY
                                          YEAR:      2019
                                          LATITUDE:   39 33 N
                                          LONGITUDE: 104 51 W

  TEMPERATURE IN F:       :PCPN:    SNOW:  WIND      :SUNSHINE: SKY     :PK WND
================================================================================
1   2   3   4   5  6A  6B    7    8   9   10  11  12  13   14  15   16   17  18
                                     12Z  AVG MX 2MIN
DY MAX MIN AVG DEP HDD CDD  WTR  SNW DPTH SPD SPD DIR MIN PSBL S-S WX    SPD DR
================================================================================

 1  50  22  36   4  29   0 0.00    M    M  5.7 13 220   M    M   0        15 190
 2  55  23  39   7  26   0 0.00    M    M  6.9 18 210   M    M   4        21 210
 3  59  37  48  16  17   0 0.00    M    M 15.4 31 240   M    M   4        43 230
 4  54  26  40   8  25   0 0.00    M    M 12.2 28 200   M    M   4        38 200
 5  52  19  36   4  29   0 0.00    M    M 11.1 30 220   M    M   2 1      39 220
 6  42   0  21 -11  44   0 0.01    M    M  9.5 25 230   M    M   7 12     34 220
 7  21  -7   7 -25  58   0    T    M    M  6.7 15 160   M    M   4 18     20 160
 8  38   6  22 -10  43   0 0.00    M    M  6.4 21 250   M    M   3        27 240
 9  49  22  36   4  29   0 0.00    M    M 11.7 25 220   M    M   5 18     35 210
10  46  14  30  -2  35   0    T    M    M  7.2 24 140   M    M   4 1      35 140
11  41  21  31  -1  34   0 0.00    M    M  9.3 22 360   M    M   2        31 310
12  48  19  34   2  31   0 0.00    M    M  6.9 15 150   M    M   5        21 140
13  59  25  42  10  23   0 0.00    M    M  8.8 24 260   M    M   5        35 260
14  56  29  43  11  22   0 0.00    M    M 10.2 25 250   M    M   7        37 260
15  58  24  41   8  24   0 0.00    M    M  8.6 24 240   M    M   5        33 250
16  46  19  33   0  32   0 0.02    M    M 10.7 24 340   M    M   5 13     32 280
17  34  12  23 -10  42   0    T    M    M  6.9 17  80   M    M   5 1      23  80
18  20   6  13 -20  52   0    T    M    0  7.5 14 360   M    M   9 18     18 360
================================================================================
SM  828  317       595   0  0.03    M    161.7          M       80
================================================================================
AV 46.0 17.6                               9.0 FASTST   M    M   4    MAX(MPH)
                                 MISC ---->  # 31 240               # 43  230
================================================================================
NOTES:
# LAST OF SEVERAL OCCURRENCES

COLUMN 17 PEAK WIND IN M.P.H.

PRELIMINARY LOCAL CLIMATOLOGICAL DATA (WS FORM: F-6) , PAGE 2

                                          STATION:  CENTENNIAL CO
                                          MONTH:    FEBRUARY
                                          YEAR:     2019
                                          LATITUDE:   39 33 N
                                          LONGITUDE: 104 51 W

[TEMPERATURE DATA]      [PRECIPITATION DATA]       SYMBOLS USED IN COLUMN 16

AVERAGE MONTHLY: 31.8   TOTAL FOR MONTH:   0.03    1 = FOG OR MIST
DPTR FM NORMAL:  -0.4   DPTR FM NORMAL:   -0.29    2 = FOG REDUCING VISIBILITY
HIGHEST:    59 ON 13, 3 GRTST 24HR  0.02 ON 16-16      TO 1/4 MILE OR LESS
LOWEST:     -7 ON  7                               3 = THUNDER
                        SNOW, ICE PELLETS, HAIL    4 = ICE PELLETS
                        TOTAL MONTH:    M          5 = HAIL
                        GRTST 24HR    M  ON   M    6 = FREEZING RAIN OR DRIZZLE
                        GRTST DEPTH:   0           7 = DUSTSTORM OR SANDSTORM:
                                                       VSBY 1/2 MILE OR LESS
                                                   8 = SMOKE OR HAZE
[NO. OF DAYS WITH]      [WEATHER - DAYS WITH]      9 = BLOWING SNOW
                                                   X = TORNADO
MAX 32 OR BELOW:   2    0.01 INCH OR MORE:   2
MAX 90 OR ABOVE:   0    0.10 INCH OR MORE:   0
MIN 32 OR BELOW:  17    0.50 INCH OR MORE:   0
MIN  0 OR BELOW:   2    1.00 INCH OR MORE:   0

[HDD (BASE 65) ]
TOTAL THIS MO.   595    CLEAR  (SCALE 0-3)   4
DPTR FM NORMAL     6    PTCLDY (SCALE 4-7)  13
TOTAL FM JUL 1  4110    CLOUDY (SCALE 8-10)  1
DPTR FM NORMAL   -46

[CDD (BASE 65) ]
TOTAL THIS MO.     0
DPTR FM NORMAL     0    [PRESSURE DATA]
TOTAL FM JAN 1     0    HIGHEST SLP M ON M
DPTR FM NORMAL     0    LOWEST  SLP 29.24 ON  3

[REMARKS]
