000
CXUS56 KMTR 201000
CF6APC
PRELIMINARY LOCAL CLIMATOLOGICAL DATA (WS FORM: F-6)

                                          STATION:   NAPA AIRPORT
                                          MONTH:     FEBRUARY
                                          YEAR:      2019
                                          LATITUDE:   38 13 N
                                          LONGITUDE: 122 17 W

  TEMPERATURE IN F:       :PCPN:    SNOW:  WIND      :SUNSHINE: SKY     :PK WND
================================================================================
1   2   3   4   5  6A  6B    7    8   9   10  11  12  13   14  15   16   17  18
                                     12Z  AVG MX 2MIN
DY MAX MIN AVG DEP HDD CDD  WTR  SNW DPTH SPD SPD DIR MIN PSBL S-S WX    SPD DR
================================================================================

 1  60  48  54   7  11   0 0.37  0.0    0  8.2 20 110   M    M   8 1      28  90
 2  60  51  56   8   9   0 0.89  0.0    0 13.6 29 100   M    M  10 18     38 100
 3  57  49  53   5  12   0 0.07    M    0 10.8 26 250   M    M   9 1      32 240
 4  51  37  44  -4  21   0 0.76    M    0 12.0 29 290   M    M   8 1      36 270
 5  50  33  42  -6  23   0 0.01    M    0  5.8 13 290   M    M   2 1      15 200
 6  56  29  43  -5  22   0 0.00  0.0    0  3.8 12  90   M    M   1        15  80
 7  54  32  43  -5  22   0 0.00  0.0    0  6.4 16  90   M    M   1        21  90
 8  51  44  48   0  17   0 0.25    M    0  6.7 16  80   M    M  10 1      22  90
 9  53  43  48   0  17   0 0.23    M    0 11.0 24 200   M    M  10 1      29 270
10  53  32  43  -5  22   0 0.06    M    0  7.1 20 300   M    M   3        24 290
11  55  28  42  -7  23   0 0.00  0.0    0  4.4 10  10   M    M   5        12 220
12  47  37  42  -7  23   0 0.17  0.0    0 11.1 23  90   M    M   5        30  90
13  60  44  52   3  13   0 2.10    M    0 14.1 30  90   M    M  10 1      40  90
14  62  48  55   6  10   0 1.44  0.0    0 14.7 26 270   M    M   9 1      35 180
15  52  39  46  -3  19   0 0.35    M    0  9.2 25 220   M    M   5 18     32 240
16  54  38  46  -3  19   0 0.05    M    0  8.1 30 320   M    M   3        37 320
17  56  34  45  -4  20   0 0.01  0.0    0  5.1 21 280   M    M   4        27 290
18  57  32  45  -5  20   0 0.00  0.0    0  8.5 24 360   M    M   0        33  10
19  57  32  45  -5  20   0 0.00  0.0    0  7.4 14 200   M    M   0        16 170
================================================================================
SM 1045  730       343   0  6.76     0.0 168.0          M      103
================================================================================
AV 55.0 38.4                               8.8 FASTST   M    M   5    MAX(MPH)
                                 MISC ---->  # 30  90               # 40   90
================================================================================
NOTES:
# LAST OF SEVERAL OCCURRENCES

COLUMN 17 PEAK WIND IN M.P.H.

PRELIMINARY LOCAL CLIMATOLOGICAL DATA (WS FORM: F-6) , PAGE 2

                                          STATION:  NAPA AIRPORT
                                          MONTH:    FEBRUARY
                                          YEAR:     2019
                                          LATITUDE:   38 13 N
                                          LONGITUDE: 122 17 W

[TEMPERATURE DATA]      [PRECIPITATION DATA]       SYMBOLS USED IN COLUMN 16

AVERAGE MONTHLY: 46.7   TOTAL FOR MONTH:   6.76    1 = FOG OR MIST
DPTR FM NORMAL:  -1.8   DPTR FM NORMAL:    4.26    2 = FOG REDUCING VISIBILITY
HIGHEST:    62 ON 14    GRTST 24HR  2.10 ON 13-13      TO 1/4 MILE OR LESS
LOWEST:     28 ON 11                               3 = THUNDER
                        SNOW, ICE PELLETS, HAIL    4 = ICE PELLETS
                        TOTAL MONTH:   0.0 INCH    5 = HAIL
                        GRTST 24HR     0.0         6 = FREEZING RAIN OR DRIZZLE
                        GRTST DEPTH:   0           7 = DUSTSTORM OR SANDSTORM:
                                                       VSBY 1/2 MILE OR LESS
                                                   8 = SMOKE OR HAZE
[NO. OF DAYS WITH]      [WEATHER - DAYS WITH]      9 = BLOWING SNOW
                                                   X = TORNADO
MAX 32 OR BELOW:   0    0.01 INCH OR MORE:  14
MAX 90 OR ABOVE:   0    0.10 INCH OR MORE:   9
MIN 32 OR BELOW:   6    0.50 INCH OR MORE:   4
MIN  0 OR BELOW:   0    1.00 INCH OR MORE:   2

[HDD (BASE 65) ]
TOTAL THIS MO.   343    CLEAR  (SCALE 0-3)   5
DPTR FM NORMAL    30    PTCLDY (SCALE 4-7)   8
TOTAL FM JUL 1  1815    CLOUDY (SCALE 8-10)  6
DPTR FM NORMAL  -438

[CDD (BASE 65) ]
TOTAL THIS MO.     0
DPTR FM NORMAL     0    [PRESSURE DATA]
TOTAL FM JAN 1     0    HIGHEST SLP M ON M
DPTR FM NORMAL     0    LOWEST  SLP 29.34 ON 14

[REMARKS]
