200
CXUS53 KAPX 210631
CF6APX
PRELIMINARY LOCAL CLIMATOLOGICAL DATA (WS FORM: F-6)

                                          STATION:   GAYLORD  WFO
                                          MONTH:     APRIL
                                          YEAR:      2019
                                          LATITUDE:   45  4 N
                                          LONGITUDE:  84 43 W

  TEMPERATURE IN F:       :PCPN:    SNOW:  WIND      :SUNSHINE: SKY     :PK WND
================================================================================
1   2   3   4   5  6A  6B    7    8   9   10  11  12  13   14  15   16   17  18
                                     12Z  AVG MX 2MIN
DY MAX MIN AVG DEP HDD CDD  WTR  SNW DPTH SPD SPD DIR MIN PSBL S-S WX    SPD DR
================================================================================

 1  39  16  28  -6  37   0 0.01  0.3    6   M   M   M   M    M   M         M  M
 2  37  33  35   0  30   0 0.13    T    6   M   M   M   M    M   M         M  M
 3  36  25  31  -5  34   0 0.16  1.4    7   M   M   M   M    M   M         M  M
 4  43  20  32  -4  33   0 0.00  0.0    5   M   M   M   M    M   M         M  M
 5  39  28  34  -2  31   0 0.80  0.2    5   M   M   M   M    M   M         M  M
 6  53  36  45   8  20   0 0.04  0.0    4   M   M   M   M    M   M         M  M
 7  63  41  52  15  13   0 0.18  0.0    2   M   M   M   M    M   M         M  M
 8  59  39  49  11  16   0 0.12  0.0    T   M   M   M   M    M   M 12      M  M
 9  43  31  37  -1  28   0 0.02  0.2    0   M   M   M   M    M   M         M  M
10  42  27  35  -4  30   0 0.01  0.1    T   M   M   M   M    M   M         M  M
11  30  26  28 -11  37   0 0.61  2.5    0   M   M   M   M    M   M 146     M  M
12  49  29  39  -1  26   0 0.50    T    3   M   M   M   M    M   M         M  M
13  36  32  34  -6  31   0    T    T    T   M   M   M   M    M   M         M  M
14  34  28  31 -10  34   0 0.36  2.8    T   M   M   M   M    M   M         M  M
15  46  29  38  -3  27   0 0.01  0.1    3   M   M   M   M    M   M         M  M
16  46  35  41  -1  24   0 0.00  0.0    T   M   M   M   M    M   M         M  M
17  57  31  44   2  21   0 0.49  0.0    0   M   M   M   M    M   M 13      M  M
18  52  35  44   2  21   0 0.45  0.0    0   M   M   M   M    M   M 12      M  M
19  50  34  42  -1  23   0 0.02  0.0    0   M   M   M   M    M   M 1       M  M
20  61  32  47   4  18   0 0.00  0.0    0   M   M   M   M    M   M         M  M
================================================================================
SM  915  607       534   0  3.91     7.6     M          M        M
================================================================================
AV 45.8 30.4                                 M FASTST   M    M   6    MAX(MPH)
                                 MISC ---->     M   M                  M    M
================================================================================
NOTES:
# LAST OF SEVERAL OCCURRENCES

COLUMN 17 PEAK WIND IN M.P.H.

PRELIMINARY LOCAL CLIMATOLOGICAL DATA (WS FORM: F-6) , PAGE 2

                                          STATION:  GAYLORD  WFO
                                          MONTH:    APRIL
                                          YEAR:     2019
                                          LATITUDE:   45  4 N
                                          LONGITUDE:  84 43 W

[TEMPERATURE DATA]      [PRECIPITATION DATA]       SYMBOLS USED IN COLUMN 16

AVERAGE MONTHLY: 38.1   TOTAL FOR MONTH:   3.91    1 = FOG OR MIST
DPTR FM NORMAL:  -0.9   DPTR FM NORMAL:    2.03    2 = FOG REDUCING VISIBILITY
HIGHEST:    63 ON  7    GRTST 24HR  0.80 ON  5- 5      TO 1/4 MILE OR LESS
LOWEST:     16 ON  1                               3 = THUNDER
                        SNOW, ICE PELLETS, HAIL    4 = ICE PELLETS
                        TOTAL MONTH:   7.6 INCHES  5 = HAIL
                        GRTST 24HR   2.8 ON 14-14  6 = FREEZING RAIN OR DRIZZLE
                        GRTST DEPTH:   7 ON  3     7 = DUSTSTORM OR SANDSTORM:
                                                       VSBY 1/2 MILE OR LESS
                                                   8 = SMOKE OR HAZE
[NO. OF DAYS WITH]      [WEATHER - DAYS WITH]      9 = BLOWING SNOW
                                                   X = TORNADO
MAX 32 OR BELOW:   1    0.01 INCH OR MORE:  16
MAX 90 OR ABOVE:   0    0.10 INCH OR MORE:  10
MIN 32 OR BELOW:  13    0.50 INCH OR MORE:   3
MIN  0 OR BELOW:   0    1.00 INCH OR MORE:   0

[HDD (BASE 65) ]
TOTAL THIS MO.   534    CLEAR  (SCALE 0-3)   0
DPTR FM NORMAL    12    PTCLDY (SCALE 4-7)   0
TOTAL FM JUL 1  7657    CLOUDY (SCALE 8-10)  0
DPTR FM NORMAL   -64

[CDD (BASE 65) ]
TOTAL THIS MO.     0
DPTR FM NORMAL     0    [PRESSURE DATA]
TOTAL FM JAN 1     0    HIGHEST SLP M ON M
DPTR FM NORMAL     0    LOWEST  SLP M ON M

[REMARKS]
