000
CXUS53 KAPX 190631
CF6APX
PRELIMINARY LOCAL CLIMATOLOGICAL DATA (WS FORM: F-6)

                                          STATION:   GAYLORD  WFO
                                          MONTH:     FEBRUARY
                                          YEAR:      2019
                                          LATITUDE:   45  4 N
                                          LONGITUDE:  84 43 W

  TEMPERATURE IN F:       :PCPN:    SNOW:  WIND      :SUNSHINE: SKY     :PK WND
================================================================================
1   2   3   4   5  6A  6B    7    8   9   10  11  12  13   14  15   16   17  18
                                     12Z  AVG MX 2MIN
DY MAX MIN AVG DEP HDD CDD  WTR  SNW DPTH SPD SPD DIR MIN PSBL S-S WX    SPD DR
================================================================================

 1  14  -4   5 -11  60   0 0.00  0.0   19   M   M   M   M    M   M         M  M
 2  30  12  21   4  44   0 0.01    T   19   M   M   M   M    M   M         M  M
 3  41  30  36  19  29   0 0.07  0.0   17   M   M   M   M    M   M 1       M  M
 4  44  29  37  20  28   0 0.09    T   13   M   M   M   M    M   M         M  M
 5  24  14  19   2  46   0    T  0.1   10   M   M   M   M    M   M         M  M
 6  24  15  20   3  45   0 0.16  1.3   11   M   M   M   M    M   M         M  M
 7  34  18  26   9  39   0 0.37  0.7   11   M   M   M   M    M   M         M  M
 8  24   8  16  -1  49   0 0.44  7.6   16   M   M   M   M    M   M         M  M
 9  16   9  13  -5  52   0 0.01  0.3   15   M   M   M   M    M   M         M  M
10  20   7  14  -4  51   0 0.03  0.4   14   M   M   M   M    M   M         M  M
11  23  15  19   1  46   0 0.02  0.5   15   M   M   M   M    M   M         M  M
12  23  19  21   3  44   0 0.58  7.1   15   M   M   M   M    M   M         M  M
13  21  15  18   0  47   0 0.35  6.8   21   M   M   M   M    M   M         M  M
14  32  16  24   6  41   0 0.16  1.9   24   M   M   M   M    M   M         M  M
15  32  16  24   5  41   0 0.35  6.2   26   M   M   M   M    M   M         M  M
16  24  11  18  -1  47   0 0.02  0.4   28   M   M   M   M    M   M         M  M
17  24   9  17  -2  48   0    T    T   27   M   M   M   M    M   M         M  M
18  19   9  14  -5  51   0    T    T   24   M   M   M   M    M   M         M  M
================================================================================
SM  469  248       808   0  2.66    33.3     M          M        M
================================================================================
AV 26.1 13.8                                 M FASTST   M    M   8    MAX(MPH)
                                 MISC ---->     M   M                  M    M
================================================================================
NOTES:
# LAST OF SEVERAL OCCURRENCES

COLUMN 17 PEAK WIND IN M.P.H.

PRELIMINARY LOCAL CLIMATOLOGICAL DATA (WS FORM: F-6) , PAGE 2

                                          STATION:  GAYLORD  WFO
                                          MONTH:    FEBRUARY
                                          YEAR:     2019
                                          LATITUDE:   45  4 N
                                          LONGITUDE:  84 43 W

[TEMPERATURE DATA]      [PRECIPITATION DATA]       SYMBOLS USED IN COLUMN 16

AVERAGE MONTHLY: 19.9   TOTAL FOR MONTH:   2.66    1 = FOG OR MIST
DPTR FM NORMAL:   2.2   DPTR FM NORMAL:    1.39    2 = FOG REDUCING VISIBILITY
HIGHEST:    44 ON  4    GRTST 24HR  0.58 ON 12-12      TO 1/4 MILE OR LESS
LOWEST:     -4 ON  1                               3 = THUNDER
                        SNOW, ICE PELLETS, HAIL    4 = ICE PELLETS
                        TOTAL MONTH:  33.3 INCHES  5 = HAIL
                        GRTST 24HR   7.6 ON  8- 8  6 = FREEZING RAIN OR DRIZZLE
                        GRTST DEPTH:  28 ON 16     7 = DUSTSTORM OR SANDSTORM:
                                                       VSBY 1/2 MILE OR LESS
                                                   8 = SMOKE OR HAZE
[NO. OF DAYS WITH]      [WEATHER - DAYS WITH]      9 = BLOWING SNOW
                                                   X = TORNADO
MAX 32 OR BELOW:  15    0.01 INCH OR MORE:  14
MAX 90 OR ABOVE:   0    0.10 INCH OR MORE:   7
MIN 32 OR BELOW:  18    0.50 INCH OR MORE:   1
MIN  0 OR BELOW:   1    1.00 INCH OR MORE:   0

[HDD (BASE 65) ]
TOTAL THIS MO.   808    CLEAR  (SCALE 0-3)   0
DPTR FM NORMAL   -43    PTCLDY (SCALE 4-7)   0
TOTAL FM JUL 1  5469    CLOUDY (SCALE 8-10)  0
DPTR FM NORMAL  -138

[CDD (BASE 65) ]
TOTAL THIS MO.     0
DPTR FM NORMAL     0    [PRESSURE DATA]
TOTAL FM JAN 1     0    HIGHEST SLP M ON M
DPTR FM NORMAL     0    LOWEST  SLP M ON M

[REMARKS]
