000
CXUS54 KEWX 240910
CF6AQO
PRELIMINARY LOCAL CLIMATOLOGICAL DATA (WS FORM: F-6)

                                          STATION:   Llano Municipal Airport
                                          MONTH:     AUGUST
                                          YEAR:      2019
                                          LATITUDE:   30 47 N
                                          LONGITUDE:  98 40 W

  TEMPERATURE IN F:       :PCPN:    SNOW:  WIND      :SUNSHINE: SKY     :PK WND
================================================================================
1   2   3   4   5  6A  6B    7    8   9   10  11  12  13   14  15   16   17  18
                                     12Z  AVG MX 2MIN
DY MAX MIN AVG DEP HDD CDD  WTR  SNW DPTH SPD SPD DIR MIN PSBL S-S WX    SPD DR
================================================================================

 1 100  73  87   M   0  22 0.00    M    M  3.1 13  70   M    M   0        16  70
 2 104  73  89   M   0  24 0.00    M    M  3.6 12 120   M    M   0        16 130
 3 100  77  89   M   0  24 0.00    M    M  4.6 12 140   M    M   0        17 120
 4  99  75  87   M   0  22 0.01    M    M  4.3 10 130   M    M   2         M  M
 5 100  75  88   M   0  23 0.00    M    M  3.4 10  80   M    M   1         M  M
 6 102  75  89   M   0  24 0.00    M    M  3.8  8  90   M    M   0         M  M
 7 104  77  91   M   0  26 0.00    M    M  4.3 10 140   M    M   0         M  M
 8 102  79  91   M   0  26 0.00    M    M  4.9  9 160   M    M   0         M  M
 9 104  75  90   M   0  25 0.00    M    M  7.7 15 200   M    M   1        20 210
10 104  73  89   M   0  24 0.00    M    M  5.9 16 170   M    M   1        21 170
11 104  75  90   M   0  25 0.00    M    M  5.7 14 150   M    M   0        21 130
12 106  77  92   M   0  27 0.00    M    M  5.4  9 140   M    M   0        17 190
13 108  75  92   M   0  27 0.00    M    M  5.4  9 120   M    M   0         M  M
14 102  79  91   M   0  26 0.00    M    M  1.9  8  80   M    M   1         M  M
15 100  75  88   M   0  23 0.00    M    M  2.2  9  90   M    M   1         M  M
16 106  75  91   M   0  26 0.00    M    M  4.1 13 130   M    M   0        20 140
17 104  75  90   M   0  25 0.00    M    M  6.3 10 130   M    M   0        18 160
18 104  75  90   M   0  25 0.00    M    M  6.7 13 160   M    M   0        20 160
19 102  75  89   M   0  24 0.00    M    M  4.7 10 210   M    M   0        16 120
20 102  77  90   M   0  25 0.00    M    M  4.4 12 140   M    M   0        20 100
21 100  73  87   M   0  22 0.00    M    M  4.7 10 170   M    M   1        16 150
22 100  73  87   M   0  22 0.00    M    M  6.3 12 130   M    M   0        18 110
23 100  75  88   M   0  23 0.03    M    M  6.2 14 340   M    M   2 3      23 130
================================================================================
SM 2357 1731         0 560  0.04    M    109.6          M       10
================================================================================
AV102.5 75.3                               4.8 FASTST   M    M   0    MAX(MPH)
                                 MISC ---->  # 16 170               # 23  130
================================================================================
NOTES:
# LAST OF SEVERAL OCCURRENCES

COLUMN 17 PEAK WIND IN M.P.H.

PRELIMINARY LOCAL CLIMATOLOGICAL DATA (WS FORM: F-6) , PAGE 2

                                          STATION:  Llano Municipal Airport
                                          MONTH:    AUGUST
                                          YEAR:     2019
                                          LATITUDE:   30 47 N
                                          LONGITUDE:  98 40 W

[TEMPERATURE DATA]      [PRECIPITATION DATA]       SYMBOLS USED IN COLUMN 16

AVERAGE MONTHLY: 88.9   TOTAL FOR MONTH:   0.04    1 = FOG OR MIST
DPTR FM NORMAL:     M   DPTR FM NORMAL:       M    2 = FOG REDUCING VISIBILITY
HIGHEST:   108 ON 13    GRTST 24HR  0.03 ON 23-23      TO 1/4 MILE OR LESS
LOWEST:     73 ON 22,21                            3 = THUNDER
                        SNOW, ICE PELLETS, HAIL    4 = ICE PELLETS
                        TOTAL MONTH:    M          5 = HAIL
                        GRTST 24HR    M  ON   M    6 = FREEZING RAIN OR DRIZZLE
                        GRTST DEPTH:  M  ON   M    7 = DUSTSTORM OR SANDSTORM:
                                                       VSBY 1/2 MILE OR LESS
                                                   8 = SMOKE OR HAZE
[NO. OF DAYS WITH]      [WEATHER - DAYS WITH]      9 = BLOWING SNOW
                                                   X = TORNADO
MAX 32 OR BELOW:   0    0.01 INCH OR MORE:   2
MAX 90 OR ABOVE:  23    0.10 INCH OR MORE:   0
MIN 32 OR BELOW:   0    0.50 INCH OR MORE:   0
MIN  0 OR BELOW:   0    1.00 INCH OR MORE:   0

[HDD (BASE 65) ]
TOTAL THIS MO.     0    CLEAR  (SCALE 0-3)  23
DPTR FM NORMAL     M    PTCLDY (SCALE 4-7)   0
TOTAL FM JUL 1     0    CLOUDY (SCALE 8-10)  0
DPTR FM NORMAL     M

[CDD (BASE 65) ]
TOTAL THIS MO.   560
DPTR FM NORMAL     M    [PRESSURE DATA]
TOTAL FM JAN 1  2177    HIGHEST SLP M ON M
DPTR FM NORMAL     M    LOWEST  SLP M ON M

[REMARKS]
