000
CXUS54 KEWX 250910
CF6AQO
PRELIMINARY LOCAL CLIMATOLOGICAL DATA (WS FORM: F-6)

                                          STATION:   Llano Municipal Airport
                                          MONTH:     APRIL
                                          YEAR:      2019
                                          LATITUDE:   30 47 N
                                          LONGITUDE:  98 40 W

  TEMPERATURE IN F:       :PCPN:    SNOW:  WIND      :SUNSHINE: SKY     :PK WND
================================================================================
1   2   3   4   5  6A  6B    7    8   9   10  11  12  13   14  15   16   17  18
                                     12Z  AVG MX 2MIN
DY MAX MIN AVG DEP HDD CDD  WTR  SNW DPTH SPD SPD DIR MIN PSBL S-S WX    SPD DR
================================================================================

 1  64  43  54   M  11   0 0.00    M    M  1.6  8 110   M    M   4         M  M
 2  75  34  55   M  10   0 0.00    M    M  5.0 12 150   M    M   0        18 140
 3  66  54  60   M   5   0 0.00    M    M  6.2 13 130   M    M   9 18     18 140
 4  90  57  74   M   0   9 0.00    M    M  5.8 15 320   M    M   3        23 320
 5  84  55  70   M   0   5 0.00    M    M  4.4 13 110   M    M   3 1      18 110
 6  81  63  72   M   0   7 0.00    M    M  3.2 13 110   M    M   4 13     17 110
 7  70  61  66   M   0   1 0.00    M    M  4.0 14 270   M    M   3 13     20 270
 8  86  54  70   M   0   5 0.00    M    M  3.5 12 320   M    M   0        20 320
 9  93  48  71   M   0   6 0.00    M    M  4.5 13 160   M    M   0        18 190
10  99  54  77   M   0  12 0.00    M    M  8.2 22 180   M    M   0 8      32 180
11  81  52  67   M   0   2 0.00    M    M  8.1 20 300   M    M   0        24 300
12  81  39  60   M   5   0 0.00    M    M  6.5 15  90   M    M   1        21  90
13  66  46  56   M   9   0 0.28    M    M 13.0 24 290   M    M   8 13     36 290
14  73  43  58   M   7   0 0.00    M    M  6.0 14 310   M    M   1        20 310
15  84  45  65   M   0   0 0.00    M    M  6.6 17 170   M    M   0        22 170
16  79  59  69   M   0   4 0.00    M    M  8.8 15 150   M    M   3        25 160
17  88  61  75   M   0  10 0.47    M    M  8.5 14 140   M    M   7 3      22 140
18  75  54  65   M   0   0 0.14    M    M 10.1 25 320   M    M   2 3      33 350
19  73  48  61   M   4   0 0.00    M    M  7.6 17 330   M    M   1        25 330
20  84  43  64   M   1   0 0.00    M    M  3.9  9 160   M    M   0         M  M
21  84  54  69   M   0   4 0.00    M    M  8.8 16 170   M    M   1        24 160
22  81  61  71   M   0   6 0.00    M    M  7.2 13 130   M    M   2        21 140
23  75  66  71   M   0   6 0.00    M    M  4.8  9 140   M    M   6 1      16 160
24  70  57  64   M   1   0 0.96    M    M  6.7 17 330   M    M   4 3      23 350
================================================================================
SM 1902 1251        53  77  1.85    M    153.0          M       62
================================================================================
AV 79.3 52.1                               6.4 FASTST   M    M   3    MAX(MPH)
                                 MISC ---->  # 25 320               # 36  290
================================================================================
NOTES:
# LAST OF SEVERAL OCCURRENCES

COLUMN 17 PEAK WIND IN M.P.H.

PRELIMINARY LOCAL CLIMATOLOGICAL DATA (WS FORM: F-6) , PAGE 2

                                          STATION:  Llano Municipal Airport
                                          MONTH:    APRIL
                                          YEAR:     2019
                                          LATITUDE:   30 47 N
                                          LONGITUDE:  98 40 W

[TEMPERATURE DATA]      [PRECIPITATION DATA]       SYMBOLS USED IN COLUMN 16

AVERAGE MONTHLY: 65.7   TOTAL FOR MONTH:   1.85    1 = FOG OR MIST
DPTR FM NORMAL:     M   DPTR FM NORMAL:       M    2 = FOG REDUCING VISIBILITY
HIGHEST:    99 ON 10    GRTST 24HR  0.96 ON 24-24      TO 1/4 MILE OR LESS
LOWEST:     34 ON  2                               3 = THUNDER
                        SNOW, ICE PELLETS, HAIL    4 = ICE PELLETS
                        TOTAL MONTH:    M          5 = HAIL
                        GRTST 24HR    M  ON   M    6 = FREEZING RAIN OR DRIZZLE
                        GRTST DEPTH:  M  ON   M    7 = DUSTSTORM OR SANDSTORM:
                                                       VSBY 1/2 MILE OR LESS
                                                   8 = SMOKE OR HAZE
[NO. OF DAYS WITH]      [WEATHER - DAYS WITH]      9 = BLOWING SNOW
                                                   X = TORNADO
MAX 32 OR BELOW:   0    0.01 INCH OR MORE:   4
MAX 90 OR ABOVE:   3    0.10 INCH OR MORE:   4
MIN 32 OR BELOW:   0    0.50 INCH OR MORE:   1
MIN  0 OR BELOW:   0    1.00 INCH OR MORE:   0

[HDD (BASE 65) ]
TOTAL THIS MO.    53    CLEAR  (SCALE 0-3)  17
DPTR FM NORMAL     M    PTCLDY (SCALE 4-7)   6
TOTAL FM JUL 1  1850    CLOUDY (SCALE 8-10)  1
DPTR FM NORMAL     M

[CDD (BASE 65) ]
TOTAL THIS MO.    77
DPTR FM NORMAL     M    [PRESSURE DATA]
TOTAL FM JAN 1   141    HIGHEST SLP M ON M
DPTR FM NORMAL     M    LOWEST  SLP M ON M

[REMARKS]
