000
CXUS54 KEWX 180910
CF6AQO
PRELIMINARY LOCAL CLIMATOLOGICAL DATA (WS FORM: F-6)

                                          STATION:   Llano Municipal Airport
                                          MONTH:     FEBRUARY
                                          YEAR:      2019
                                          LATITUDE:   30 47 N
                                          LONGITUDE:  98 40 W

  TEMPERATURE IN F:       :PCPN:    SNOW:  WIND      :SUNSHINE: SKY     :PK WND
================================================================================
1   2   3   4   5  6A  6B    7    8   9   10  11  12  13   14  15   16   17  18
                                     12Z  AVG MX 2MIN
DY MAX MIN AVG DEP HDD CDD  WTR  SNW DPTH SPD SPD DIR MIN PSBL S-S WX    SPD DR
================================================================================

 1  70  54  62   M   3   0 0.00    M    M  2.5  7 120   M    M   9 1       M  M
 2  73  55  64   M   1   0 0.00    M    M  4.3 12 200   M    M   8 1       M  M
 3  81  48  65   M   0   0 0.00    M    M  3.9 13 180   M    M   4 12     16 220
 4  82  50  66   M   0   1 0.00    M    M  2.4 10 220   M    M   3 12      M  M
 5  81  54  68   M   0   3 0.00    M    M  4.4 14 170   M    M   5 12     20 170
 6  82  64  73   M   0   8 0.00    M    M  5.6 15 190   M    M   5 1      18 170
 7  73  37  55   M  10   0 0.00    M    M 10.5 20 340   M    M   2        28 320
 8  36  32  34   M  31   0 0.00    M    M  6.8 10  30   M    M   3         M  M
 9  46  36  41   M  24   0 0.00    M    M  6.3 10 110   M    M   9 18      M  M
10  50  37  44   M  21   0 0.00    M    M  3.4  8 100   M    M  10 1       M  M
11  63  48  56   M   9   0 0.00    M    M  0.9  9 110   M    M   5 1       M  M
12  66  32  49   M  16   0 0.00    M    M  7.7 14 320   M    M   0        22 320
13  68  28  48   M  17   0 0.00    M    M  4.3 20 190   M    M   0        23 190
14  81  41  61   M   4   0 0.00    M    M  4.7 13 190   M    M   0         M  M
15  90  45  68   M   0   3 0.00    M    M  3.5 15 250   M    M   0        20 250
16  66  39  53   M  12   0 0.00    M    M  4.7 10 100   M    M   2         M  M
17  63  46  55   M  10   0 0.00    M    M  7.7 12 360   M    M   1        18 330
================================================================================
SM 1171  746       158  15  0.00    M     83.6          M       66
================================================================================
AV 68.9 43.9                               4.9 FASTST   M    M   4    MAX(MPH)
                                 MISC ---->  # 20 340               # 28  320
================================================================================
NOTES:
# LAST OF SEVERAL OCCURRENCES

COLUMN 17 PEAK WIND IN M.P.H.

PRELIMINARY LOCAL CLIMATOLOGICAL DATA (WS FORM: F-6) , PAGE 2

                                          STATION:  Llano Municipal Airport
                                          MONTH:    FEBRUARY
                                          YEAR:     2019
                                          LATITUDE:   30 47 N
                                          LONGITUDE:  98 40 W

[TEMPERATURE DATA]      [PRECIPITATION DATA]       SYMBOLS USED IN COLUMN 16

AVERAGE MONTHLY: 56.4   TOTAL FOR MONTH:   0.00    1 = FOG OR MIST
DPTR FM NORMAL:     M   DPTR FM NORMAL:       M    2 = FOG REDUCING VISIBILITY
HIGHEST:    90 ON 15    GRTST 24HR  0.00 ON 17-17      TO 1/4 MILE OR LESS
LOWEST:     28 ON 13                               3 = THUNDER
                        SNOW, ICE PELLETS, HAIL    4 = ICE PELLETS
                        TOTAL MONTH:    M          5 = HAIL
                        GRTST 24HR    M  ON   M    6 = FREEZING RAIN OR DRIZZLE
                        GRTST DEPTH:  M  ON   M    7 = DUSTSTORM OR SANDSTORM:
                                                       VSBY 1/2 MILE OR LESS
                                                   8 = SMOKE OR HAZE
[NO. OF DAYS WITH]      [WEATHER - DAYS WITH]      9 = BLOWING SNOW
                                                   X = TORNADO
MAX 32 OR BELOW:   0    0.01 INCH OR MORE:   0
MAX 90 OR ABOVE:   1    0.10 INCH OR MORE:   0
MIN 32 OR BELOW:   3    0.50 INCH OR MORE:   0
MIN  0 OR BELOW:   0    1.00 INCH OR MORE:   0

[HDD (BASE 65) ]
TOTAL THIS MO.   158    CLEAR  (SCALE 0-3)   8
DPTR FM NORMAL     M    PTCLDY (SCALE 4-7)   6
TOTAL FM JUL 1  1448    CLOUDY (SCALE 8-10)  3
DPTR FM NORMAL     M

[CDD (BASE 65) ]
TOTAL THIS MO.    15
DPTR FM NORMAL     M    [PRESSURE DATA]
TOTAL FM JAN 1    15    HIGHEST SLP M ON M
DPTR FM NORMAL     M    LOWEST  SLP M ON M

[REMARKS]
