000
CXUS51 KALY 210710
CF6AQW
PRELIMINARY LOCAL CLIMATOLOGICAL DATA (WS FORM: F-6)

                                          STATION:   NORTH ADAMS    ASOS
                                          MONTH:     APRIL
                                          YEAR:      2019
                                          LATITUDE:   42 42 N
                                          LONGITUDE:  73 10 W

  TEMPERATURE IN F:       :PCPN:    SNOW:  WIND      :SUNSHINE: SKY     :PK WND
================================================================================
1   2   3   4   5  6A  6B    7    8   9   10  11  12  13   14  15   16   17  18
                                     12Z  AVG MX 2MIN
DY MAX MIN AVG DEP HDD CDD  WTR  SNW DPTH SPD SPD DIR MIN PSBL S-S WX    SPD DR
================================================================================

 1  39  23  31   M  34   0    T    M    M 13.0 26 270   M    M   5        36 270
 2  51  20  36   M  29   0 0.00    M    M  8.5 18 120   M    M   1        29 100
 3  57  31  44   M  21   0 0.00    M    M 12.3 33 260   M    M   3        47 270
 4  44  30  37   M  28   0 0.00    M    M 16.4 29 270   M    M   1        43 270
 5  43  21  32   M  33   0 0.11    M    M  4.1 13 110   M    M   5 1      18  70
 6  54  31  43   M  22   0    T    M    M  5.2 18 260   M    M   8        23 270
 7  66  28  47   M  18   0    T    M    M  2.6 12 100   M    M   5 1      15 270
 8  53  36  45   M  20   0 0.12    M    M  9.1 22 100   M    M   8 1      30  90
 9  51  34  43   M  22   0 0.32    M    M  7.6 23 100   M    M   7 1      36 260
10  44  26  35   M  30   0    T    M    M  8.0 25 270   M    M   8 8      33 260
11  47  23  35   M  30   0 0.00    M    M  2.1 12 250   M    M   5        15 270
12  59  35  47   M  18   0 0.10    M    M  8.6 17  80   M    M   8 1      27 100
13  73  40  57   M   8   0 0.18    M    M  4.5 22 220   M    M   5 1      33 240
14  69  38  54   M  11   0 0.12    M    M  4.8 21 130   M    M   6 1      30 120
15  70  39  55   M  10   0 0.71    M    M 14.4 36 270   M    M  10 13     55 270
16  55  36  46   M  19   0 0.00    M    M 15.2 28 280   M    M   5        41 280
17  60  26  43   M  22   0 0.00    M    M  2.2 12 240   M    M   0        18 270
18  56  35  46   M  19   0 0.07    M    M 12.3 31 120   M    M   9        45 120
19  74  55  65   M   0   0 0.02    M    M 10.9 21 220   M    M   7        33 200
20  71  59  65   M   0   0 0.35    M    M 14.7 30 120   M    M   7 1      43 120
================================================================================
SM 1136  666       394   0  2.10    M    176.5          M      113
================================================================================
AV 56.8 33.3                               8.8 FASTST   M    M   6    MAX(MPH)
                                 MISC ---->  # 36 270               # 55  270
================================================================================
NOTES:
# LAST OF SEVERAL OCCURRENCES

COLUMN 17 PEAK WIND IN M.P.H.

PRELIMINARY LOCAL CLIMATOLOGICAL DATA (WS FORM: F-6) , PAGE 2

                                          STATION:  NORTH ADAMS    ASOS
                                          MONTH:    APRIL
                                          YEAR:     2019
                                          LATITUDE:   42 42 N
                                          LONGITUDE:  73 10 W

[TEMPERATURE DATA]      [PRECIPITATION DATA]       SYMBOLS USED IN COLUMN 16

AVERAGE MONTHLY: 45.1   TOTAL FOR MONTH:   2.10    1 = FOG OR MIST
DPTR FM NORMAL:     M   DPTR FM NORMAL:       M    2 = FOG REDUCING VISIBILITY
HIGHEST:    74 ON 19    GRTST 24HR  0.71 ON 15-15      TO 1/4 MILE OR LESS
LOWEST:     20 ON  2                               3 = THUNDER
                        SNOW, ICE PELLETS, HAIL    4 = ICE PELLETS
                        TOTAL MONTH:    M          5 = HAIL
                        GRTST 24HR    M  ON   M    6 = FREEZING RAIN OR DRIZZLE
                        GRTST DEPTH:  M  ON   M    7 = DUSTSTORM OR SANDSTORM:
                                                       VSBY 1/2 MILE OR LESS
                                                   8 = SMOKE OR HAZE
[NO. OF DAYS WITH]      [WEATHER - DAYS WITH]      9 = BLOWING SNOW
                                                   X = TORNADO
MAX 32 OR BELOW:   0    0.01 INCH OR MORE:  10
MAX 90 OR ABOVE:   0    0.10 INCH OR MORE:   8
MIN 32 OR BELOW:  10    0.50 INCH OR MORE:   1
MIN  0 OR BELOW:   0    1.00 INCH OR MORE:   0

[HDD (BASE 65) ]
TOTAL THIS MO.   394    CLEAR  (SCALE 0-3)   4
DPTR FM NORMAL     M    PTCLDY (SCALE 4-7)  12
TOTAL FM JUL 1  6310    CLOUDY (SCALE 8-10)  4
DPTR FM NORMAL     M

[CDD (BASE 65) ]
TOTAL THIS MO.     0
DPTR FM NORMAL     M    [PRESSURE DATA]
TOTAL FM JAN 1     0    HIGHEST SLP M ON M
DPTR FM NORMAL     M    LOWEST  SLP 29.25 ON 15

[REMARKS]
