000
CXUS54 KLCH 230837
CF6ARA
PRELIMINARY LOCAL CLIMATOLOGICAL DATA (WS FORM: F-6)

                                          STATION:   NEW IBERIA
                                          MONTH:     APRIL
                                          YEAR:      2019
                                          LATITUDE:   30  1 N
                                          LONGITUDE:  91 53 W

  TEMPERATURE IN F:       :PCPN:    SNOW:  WIND      :SUNSHINE: SKY     :PK WND
================================================================================
1   2   3   4   5  6A  6B    7    8   9   10  11  12  13   14  15   16   17  18
                                     12Z  AVG MX 2MIN
DY MAX MIN AVG DEP HDD CDD  WTR  SNW DPTH SPD SPD DIR MIN PSBL S-S WX    SPD DR
================================================================================

 1  66  40  53 -12  12   0    T    M    0  8.7 20 360   M    M   2        24 350
 2  70  39  55 -10  10   0 0.00    M    0  5.7 13  30   M    M   0        17  30
 3  75  45  60  -5   5   0 0.00  0.0    0  9.0 17 160   M    M   3        25 140
 4  66  63  65   0   0   0 4.22  0.0    0 12.7 24 120   M    M   7 13     30 120
 5  77  63  70   4   0   5 0.21  0.0    0  5.6 12  80   M    M   9 123    14  60
 6  81  65  73   7   0   8 0.00  0.0    0 11.1 23 160   M    M   9 12     28 160
 7  82  66  74   8   0   9 0.92  0.0    0 14.5 30 140   M    M   8 3      41 260
 8  75  64  70   4   0   5 0.06  0.0    0 10.2 20 220   M    M   7 3      25 220
 9  84  60  72   6   0   7 0.00  0.0    0  6.0 20 300   M    M   1 3      24 300
10  83  58  71   4   0   6 0.00  0.0    0  6.6 16 200   M    M   0 1      19 200
11  79  65  72   5   0   7    T  0.0    0 13.4 25 160   M    M   3        32 150
12  81  64  73   6   0   8    T  0.0    0  9.7 18 360   M    M   8        23 110
13  81  68  75   8   0  10    T  0.0    0 18.4 38 160   M    M  10        52 160
14  69  51  60  -8   5   0    T  0.0    0 13.1 28 290   M    M   2        35 310
15  74  48  61  -7   4   0 0.00    M    0  5.6 14 210   M    M   0        17 180
16  78  50  64  -4   1   0 0.00  0.0    0  9.0 18 170   M    M   0        24 140
17  79  61  70   2   0   5 0.00  0.0    0 12.3 22 160   M    M   3        28 140
18  76  60  68   0   0   3 2.94  0.0    0 12.8 29 330   M    M   8 13     37 310
19  69  53  61  -8   4   0 0.00  0.0    0 10.8 32 330   M    M   3        41 340
20  72  52  62  -7   3   0 0.00  0.0    0  6.8 15 310   M    M   0        20 300
21  75  51  63  -6   2   0 0.00  0.0    0  8.0 17 190   M    M   0        22 200
22  77  55  66  -4   0   1 0.00  0.0    0  8.5 18 150   M    M   1        24 190
================================================================================
SM 1669 1241        46  74  8.35     0.0 218.5          M       84
================================================================================
AV 75.9 56.4                               9.9 FASTST   M    M   4    MAX(MPH)
                                 MISC ---->  # 38 160               # 52  160
================================================================================
NOTES:
# LAST OF SEVERAL OCCURRENCES

COLUMN 17 PEAK WIND IN M.P.H.

PRELIMINARY LOCAL CLIMATOLOGICAL DATA (WS FORM: F-6) , PAGE 2

                                          STATION:  NEW IBERIA
                                          MONTH:    APRIL
                                          YEAR:     2019
                                          LATITUDE:   30  1 N
                                          LONGITUDE:  91 53 W

[TEMPERATURE DATA]      [PRECIPITATION DATA]       SYMBOLS USED IN COLUMN 16

AVERAGE MONTHLY: 66.1   TOTAL FOR MONTH:   8.35    1 = FOG OR MIST
DPTR FM NORMAL:  -0.9   DPTR FM NORMAL:    5.10    2 = FOG REDUCING VISIBILITY
HIGHEST:    84 ON  9    GRTST 24HR  4.22 ON  4- 4      TO 1/4 MILE OR LESS
LOWEST:     39 ON  2                               3 = THUNDER
                        SNOW, ICE PELLETS, HAIL    4 = ICE PELLETS
                        TOTAL MONTH:   0.0 INCH    5 = HAIL
                        GRTST 24HR     0.0         6 = FREEZING RAIN OR DRIZZLE
                        GRTST DEPTH:   0           7 = DUSTSTORM OR SANDSTORM:
                                                       VSBY 1/2 MILE OR LESS
                                                   8 = SMOKE OR HAZE
[NO. OF DAYS WITH]      [WEATHER - DAYS WITH]      9 = BLOWING SNOW
                                                   X = TORNADO
MAX 32 OR BELOW:   0    0.01 INCH OR MORE:   5
MAX 90 OR ABOVE:   0    0.10 INCH OR MORE:   4
MIN 32 OR BELOW:   0    0.50 INCH OR MORE:   3
MIN  0 OR BELOW:   0    1.00 INCH OR MORE:   2

[HDD (BASE 65) ]
TOTAL THIS MO.    46    CLEAR  (SCALE 0-3)  13
DPTR FM NORMAL     4    PTCLDY (SCALE 4-7)   5
TOTAL FM JUL 1  1268    CLOUDY (SCALE 8-10)  4
DPTR FM NORMAL  -138

[CDD (BASE 65) ]
TOTAL THIS MO.    74
DPTR FM NORMAL   -12    [PRESSURE DATA]
TOTAL FM JAN 1   168    HIGHEST SLP M ON M
DPTR FM NORMAL    -1    LOWEST  SLP 29.54 ON 13

[REMARKS]
