000
CXUS54 KLCH 210831
CF6ARA
PRELIMINARY LOCAL CLIMATOLOGICAL DATA (WS FORM: F-6)

                                          STATION:   NEW IBERIA
                                          MONTH:     FEBRUARY
                                          YEAR:      2019
                                          LATITUDE:   30  1 N
                                          LONGITUDE:  91 53 W

  TEMPERATURE IN F:       :PCPN:    SNOW:  WIND      :SUNSHINE: SKY     :PK WND
================================================================================
1   2   3   4   5  6A  6B    7    8   9   10  11  12  13   14  15   16   17  18
                                     12Z  AVG MX 2MIN
DY MAX MIN AVG DEP HDD CDD  WTR  SNW DPTH SPD SPD DIR MIN PSBL S-S WX    SPD DR
================================================================================

 1  69  55  62   8   3   0 0.00  0.0    0  9.5 20 100   M    M   8        24 110
 2  72  50  61   7   4   0 0.00  0.0    0  4.4  9  70   M    M   1 8      14  60
 3  70  55  63   9   2   0 0.00  0.0    M  4.9 12 160   M    M   7 128    13 130
 4  76  59  68  14   0   3 0.01  0.0    0  7.7 14 210   M    M   9 1      17 180
 5  75  66  71  17   0   6 0.06  0.0    0  9.2 18 170   M    M  10 123    22 170
 6  77  65  71  17   0   6    T  0.0    0 12.3 21 180   M    M  10 1      26 190
 7  79  56  68  14   0   3 0.06  0.0    0 13.6 24 320   M    M   9 1      30 180
 8  56  42  49  -5  16   0    T    M    0 17.3 25  20   M    M  10        32 350
 9  59  41  50  -4  15   0 0.00  0.0    0 10.0 21  40   M    M   9        25  40
10  72  53  63   8   2   0 0.00  0.0    0  7.7 15 110   M    M   9        17 100
11  74  62  68  13   0   3    T  0.0    0 10.3 18 190   M    M  10 1      23 200
12  68  45  57   2   8   0 0.34    M    0  9.1 23 300   M    M   6        30 300
13  64  40  52  -3  13   0    T    M    0  5.2 10 200   M    M   0        15  60
14  70  44  57   2   8   0    T    M    0 11.5 28 200   M    M   4        34 210
15  72  60  66  10   0   1 0.01  0.0    0 11.3 22 200   M    M  10 1      28 200
16  72  63  68  12   0   3 0.00  0.0    0  6.1 20 190   M    M  10 128    23 190
17  78  52  65   9   0   0    T  0.0    0 12.8 25  10   M    M   9 1      31  10
18  59  50  55  -1  10   0    T  0.0    0 17.1 24  30   M    M  10        31  30
19  72  54  63   7   2   0 0.05  0.0    0 12.8 24 170   M    M   9 13     31 150
20  72  54  63   6   2   0 0.54  0.0    0 11.8 24 170   M    M  10 3      31 160
================================================================================
SM 1406 1066        85  25  1.07     0.0 204.6          M      160
================================================================================
AV 70.3 53.3                              10.2 FASTST   M    M   8    MAX(MPH)
                                 MISC ---->  # 28 200               # 34  210
================================================================================
NOTES:
# LAST OF SEVERAL OCCURRENCES

COLUMN 17 PEAK WIND IN M.P.H.

PRELIMINARY LOCAL CLIMATOLOGICAL DATA (WS FORM: F-6) , PAGE 2

                                          STATION:  NEW IBERIA
                                          MONTH:    FEBRUARY
                                          YEAR:     2019
                                          LATITUDE:   30  1 N
                                          LONGITUDE:  91 53 W

[TEMPERATURE DATA]      [PRECIPITATION DATA]       SYMBOLS USED IN COLUMN 16

AVERAGE MONTHLY: 61.8   TOTAL FOR MONTH:   1.07    1 = FOG OR MIST
DPTR FM NORMAL:   6.9   DPTR FM NORMAL:   -1.90    2 = FOG REDUCING VISIBILITY
HIGHEST:    79 ON  7    GRTST 24HR  0.54 ON 20-20      TO 1/4 MILE OR LESS
LOWEST:     40 ON 13                               3 = THUNDER
                        SNOW, ICE PELLETS, HAIL    4 = ICE PELLETS
                        TOTAL MONTH:   0.0 INCH    5 = HAIL
                        GRTST 24HR     0.0         6 = FREEZING RAIN OR DRIZZLE
                        GRTST DEPTH:   0           7 = DUSTSTORM OR SANDSTORM:
                                                       VSBY 1/2 MILE OR LESS
                                                   8 = SMOKE OR HAZE
[NO. OF DAYS WITH]      [WEATHER - DAYS WITH]      9 = BLOWING SNOW
                                                   X = TORNADO
MAX 32 OR BELOW:   0    0.01 INCH OR MORE:   7
MAX 90 OR ABOVE:   0    0.10 INCH OR MORE:   2
MIN 32 OR BELOW:   0    0.50 INCH OR MORE:   1
MIN  0 OR BELOW:   0    1.00 INCH OR MORE:   0

[HDD (BASE 65) ]
TOTAL THIS MO.    85    CLEAR  (SCALE 0-3)   2
DPTR FM NORMAL  -129    PTCLDY (SCALE 4-7)   4
TOTAL FM JUL 1  1021    CLOUDY (SCALE 8-10) 14
DPTR FM NORMAL  -130

[CDD (BASE 65) ]
TOTAL THIS MO.    25
DPTR FM NORMAL     9    [PRESSURE DATA]
TOTAL FM JAN 1    25    HIGHEST SLP M ON M
DPTR FM NORMAL    -3    LOWEST  SLP 29.68 ON 17

[REMARKS]
