000
CXUS54 KLZK 021456
CF6ARG

PRELIMINARY LOCAL CLIMATOLOGICAL DATA (WS FORM: F-6)

                                          STATION:   WALNUT RIDGE AIRPORT
                                          MONTH:     JANUARY
                                          YEAR:      2019
                                          LATITUDE:   36  7 N
                                          LONGITUDE:  90 55 W

  TEMPERATURE IN F:       :PCPN:    SNOW:  WIND      :SUNSHINE: SKY     :PK WND
================================================================================
1   2   3   4   5  6A  6B    7    8   9   10  11  12  13   14  15   16   17  18
                                     12Z  AVG MX 2MIN
DY MAX MIN AVG DEP HDD CDD  WTR  SNW DPTH SPD SPD DIR MIN PSBL S-S WX    SPD DR
================================================================================

 1  45  36  41   M  24   0 0.00  0.0    0  7.8 13 360   M    M   9         M  M
 2  39  37  38   M  27   0    T  0.0    0  4.5  8 350   M    M   9         M  M
 3  41  38  40   M  25   0    T  0.0    0  9.3 17  40   M    M   9 8       M  M
 4  42  33  38   M  27   0 0.83  0.0    0 10.0 17  30   M    M   7 13      M  M
 5  58  30  44   M  21   0 0.00  0.0    0  7.6 12 180   M    M   0 1       M  M
 6  62  36  49   M  16   0 0.00  0.0    0  7.7 15 180   M    M   0         M  M
 7  60  52  56   M   9   0    T  0.0    0 15.7 27 200   M    M   4 1      33 200
 8  62  41  52   M  13   0 0.01  0.0    0 10.3 21 310   M    M   3 12     30 310
 9  48  30  39   M  26   0 0.00  0.0    0 10.4 21 330   M    M   0         M  M
10  40  25  33   M  32   0 0.00  0.0    0  5.8  9  50   M    M   1         M  M
11  35  31  33   M  32   0 0.53    T    0  7.3 12  70   M    M  10 1       M  M
12  42  35  39   M  26   0 0.45  0.0    0  8.7 14 300   M    M  10 12      M  M
13  39  35  37   M  28   0 0.00  0.0    0 12.1 17 320   M    M  10         M  M
14  40  33  37   M  28   0    T  0.0    0  5.7  9 350   M    M  10         M  M
15  40  32  36   M  29   0 0.00  0.0    0  6.1 12 220   M    M   7 1       M  M
16  45  28  37   M  28   0    T  0.0    0  5.6 10 190   M    M   7 12      M  M
17  50  43  47   M  18   0 0.05  0.0    0  6.1 10 210   M    M  10 1       M  M
18  50  42  46   M  19   0 0.28  0.0    0  8.1 14 120   M    M  10 13      M  M
19  54  25  40   M  25   0 0.45  2.5    0 21.1 25 330   M    M   9 123    38 320
20  34  16  25   M  40   0 0.03  0.0    2  9.3 22 330   M    M   1        25 330
21  34  22  28   M  37   0 0.00  0.0    0 11.2 15  60   M    M   4         M  M
22  52  33  43   M  22   0 0.06  0.0    0 13.7 25 180   M    M   9        32 180
23  54  25  40   M  25   0 0.73  0.0    0 15.3 21 320   M    M   8 1      31 280
24  47  21  34   M  31   0 0.00  0.0    0  8.9 22 330   M    M   0         M  M
25  31  17  24   M  41   0 0.00  0.0    0  8.3 14 330   M    M   3         M  M
26  49  22  36   M  29   0 0.00  0.0    0  9.7 18 200   M    M   0         M  M
27  51  28  40   M  25   0 0.00  0.0    0  4.9  8 170   M    M   2         M  M
28  50  26  38   M  27   0 0.01  0.0    0 14.1 29 320   M    M   3        36 320
29  36  17  27   M  38   0 0.00  0.0    0 11.0 22 320   M    M   2        23 320
30  28  18  23   M  42   0    T    T    0 10.4 20 340   M    M   4        25  10
31  38  17  28   M  37   0    T  0.0    0  6.7 13  70   M    M   4         M  M
================================================================================
SM 1396  924       825   0  3.43     2.5 293.4          M      165
================================================================================
AV 45.0 29.8                               9.5 FASTST   M    M   5    MAX(MPH)
                                 MISC ---->  # 29 320               # 38  320
================================================================================
NOTES:
# LAST OF SEVERAL OCCURRENCES

COLUMN 17 PEAK WIND IN M.P.H.

PRELIMINARY LOCAL CLIMATOLOGICAL DATA (WS FORM: F-6) , PAGE 2

                                          STATION:  WALNUT RIDGE AIRPORT
                                          MONTH:    JANUARY
                                          YEAR:     2019
                                          LATITUDE:   36  7 N
                                          LONGITUDE:  90 55 W

[TEMPERATURE DATA]      [PRECIPITATION DATA]       SYMBOLS USED IN COLUMN 16

AVERAGE MONTHLY: 37.4   TOTAL FOR MONTH:   3.43    1 = FOG OR MIST
DPTR FM NORMAL:     M   DPTR FM NORMAL:       M    2 = FOG REDUCING VISIBILITY
HIGHEST:    62 ON  8, 6 GRTST 24HR  0.83 ON  4- 4      TO 1/4 MILE OR LESS
LOWEST:     16 ON 20                               3 = THUNDER
                        SNOW, ICE PELLETS, HAIL    4 = ICE PELLETS
                        TOTAL MONTH:   2.5 INCHES  5 = HAIL
                        GRTST 24HR   2.5 ON 19-19  6 = FREEZING RAIN OR DRIZZLE
                        GRTST DEPTH:   2 ON 20     7 = DUSTSTORM OR SANDSTORM:
                                                       VSBY 1/2 MILE OR LESS
                                                   8 = SMOKE OR HAZE
[NO. OF DAYS WITH]      [WEATHER - DAYS WITH]      9 = BLOWING SNOW
                                                   X = TORNADO
MAX 32 OR BELOW:   2    0.01 INCH OR MORE:  11
MAX 90 OR ABOVE:   0    0.10 INCH OR MORE:   6
MIN 32 OR BELOW:  18    0.50 INCH OR MORE:   3
MIN  0 OR BELOW:   0    1.00 INCH OR MORE:   0

[HDD (BASE 65) ]
TOTAL THIS MO.   825    CLEAR  (SCALE 0-3)  11
DPTR FM NORMAL     M    PTCLDY (SCALE 4-7)   9
TOTAL FM JUL 1  2147    CLOUDY (SCALE 8-10) 11
DPTR FM NORMAL     M

[CDD (BASE 65) ]
TOTAL THIS MO.     0
DPTR FM NORMAL     M    [PRESSURE DATA]
TOTAL FM JAN 1     0    HIGHEST SLP 30.49 ON 21
DPTR FM NORMAL     M    LOWEST  SLP 29.53 ON 19

[REMARKS]
#FINAL-01-19#
