000
CXUS54 KLZK 141255
CF6ARG
PRELIMINARY LOCAL CLIMATOLOGICAL DATA (WS FORM: F-6)

                                          STATION:   Walnut Ridge Airport
                                          MONTH:     MARCH
                                          YEAR:      2019
                                          LATITUDE:   36  7 N
                                          LONGITUDE:  90 55 W

  TEMPERATURE IN F:       :PCPN:    SNOW:  WIND      :SUNSHINE: SKY     :PK WND
================================================================================
1   2   3   4   5  6A  6B    7    8   9   10  11  12  13   14  15   16   17  18
                                     12Z  AVG MX 2MIN
DY MAX MIN AVG DEP HDD CDD  WTR  SNW DPTH SPD SPD DIR MIN PSBL S-S WX    SPD DR
================================================================================

 1  41  30  36   M  29   0 0.00  0.0    0  5.8 12 360   M    M  10 18      M  M
 2  41  36  39   M  26   0    T  0.0    0  5.8 14  30   M    M  10 1       M  M
 3  40  21  31   M  34   0 0.02    T    M 15.9 22 340   M    M   8 18     24 360
 4  31  13  22   M  43   0    T    T    0 12.4 20 350   M    M   2        20 340
 5  42  15  29   M  36   0 0.00  0.0    0 10.6 20 310   M    M   0        24 300
 6  38  17  28   M  37   0 0.00  0.0    0  6.3  9 160   M    M   0        16 200
 7  44  26  35   M  30   0 0.07    T    0  6.1 12  50   M    M   8 1       M  M
 8  44  37  41   M  24   0 0.02    T    0  9.0 13  30   M    M  10 1       M  M
 9  67  43  55   M  10   0 1.63  0.0    0 13.9 31 200   M    M   7 123    43 200
10  55  40  48   M  17   0    T  0.0    0  9.0 15 300   M    M   3         M  M
11  56  44  50   M  15   0    T  0.0    0  7.8 12  40   M    M   4 8       M  M
12  55  41  48   M  17   0    T  0.0    0  6.6 10  40   M    M   6         M  M
13  70  50  60   M   5   0 1.30  0.0    0 14.5 32 170   M    M   8 13     46 170
14  67  47  57   M   8   0 0.17  0.0    0 20.3 31 230   M    M   5 13     47 230
15  57  37  47   M  18   0 0.00  0.0    0 14.0 24 290   M    M   4        31 290
16  57  32  45   M  20   0 0.00  0.0    0  5.2  8 150   M    M   0 8       M  M
17  65  36  51   M  14   0 0.00  0.0    0  7.3 15 320   M    M   0 8       M  M
18  57  39  48   M  17   0 0.00  0.0    0  6.4  9 130   M    M   3 1       M  M
19  60  34  47   M  18   0 0.00  0.0    0  7.0 14 160   M    M   0 12      M  M
20  53  38  46   M  19   0 0.22  0.0    0  8.3 13 230   M    M   6 1       M  M
21  62  36  49   M  16   0 0.00  0.0    0 10.7 16 330   M    M   0 1      23 330
22  70  36  53   M  12   0 0.00  0.0    0  6.7 12 160   M    M   0         M  M
23  67  43  55   M  10   0 0.14  0.0    0  8.1 15 120   M    M   1         M  M
24  70  49  60   M   5   0 0.09  0.0    0 12.4 21 200   M    M   8         M  M
25  60  43  52   M  13   0 0.00  0.0    0 12.4 22 360   M    M   7        27 360
26  59  37  48   M  17   0 0.00  0.0    0  9.1 15  50   M    M   0 8      20  70
27  65  34  50   M  15   0 0.00  0.0    0  5.8 10 200   M    M   0 8       M  M
28  74  43  59   M   6   0 0.03  0.0    0 13.0 24 200   M    M   2 8      31 210
29  68  56  62   M   3   0 0.06  0.0    0 14.4 23 200   M    M   7 3      27 200
30  62  41  52   M  13   0 0.30  0.0    0 16.6 29 330   M    M   9 13     37 320
31  52  33  43   M  22   0 0.00  0.0    0  9.9 18 360   M    M   1        27 360
================================================================================
SM 1749 1127       569   0  4.05    T    311.3          M      129
================================================================================
AV 56.4 36.4                              10.0 FASTST   M    M   4    MAX(MPH)
                                 MISC ---->  # 32 170               # 47  230
================================================================================
NOTES:
# LAST OF SEVERAL OCCURRENCES

COLUMN 17 PEAK WIND IN M.P.H.

PRELIMINARY LOCAL CLIMATOLOGICAL DATA (WS FORM: F-6) , PAGE 2

                                          STATION:  Walnut Ridge Airport
                                          MONTH:    MARCH
                                          YEAR:     2019
                                          LATITUDE:   36  7 N
                                          LONGITUDE:  90 55 W

[TEMPERATURE DATA]      [PRECIPITATION DATA]       SYMBOLS USED IN COLUMN 16

AVERAGE MONTHLY: 46.4   TOTAL FOR MONTH:   4.05    1 = FOG OR MIST
DPTR FM NORMAL:     M   DPTR FM NORMAL:       M    2 = FOG REDUCING VISIBILITY
HIGHEST:    74 ON 28    GRTST 24HR  1.63 ON  9- 9      TO 1/4 MILE OR LESS
LOWEST:     13 ON  4                               3 = THUNDER
                        SNOW, ICE PELLETS, HAIL    4 = ICE PELLETS
                        TOTAL MONTH:    T          5 = HAIL
                        GRTST 24HR    T  ON  8- 8  6 = FREEZING RAIN OR DRIZZLE
                        GRTST DEPTH:   0           7 = DUSTSTORM OR SANDSTORM:
                                                       VSBY 1/2 MILE OR LESS
                                                   8 = SMOKE OR HAZE
[NO. OF DAYS WITH]      [WEATHER - DAYS WITH]      9 = BLOWING SNOW
                                                   X = TORNADO
MAX 32 OR BELOW:   1    0.01 INCH OR MORE:  12
MAX 90 OR ABOVE:   0    0.10 INCH OR MORE:   6
MIN 32 OR BELOW:   7    0.50 INCH OR MORE:   2
MIN  0 OR BELOW:   0    1.00 INCH OR MORE:   2

[HDD (BASE 65) ]
TOTAL THIS MO.   569    CLEAR  (SCALE 0-3)  15
DPTR FM NORMAL     M    PTCLDY (SCALE 4-7)  10
TOTAL FM JUL 1  3230    CLOUDY (SCALE 8-10)  6
DPTR FM NORMAL     M

[CDD (BASE 65) ]
TOTAL THIS MO.     0
DPTR FM NORMAL     M    [PRESSURE DATA]
TOTAL FM JAN 1     0    HIGHEST SLP 30.50 ON 16
DPTR FM NORMAL     M    LOWEST  SLP 29.77 ON 30

[REMARKS]
#FINAL-03-19#
