000
CXUS54 KHGX 181515
CF6ARM
PRELIMINARY LOCAL CLIMATOLOGICAL DATA (WS FORM: F-6)

                                          STATION:   Wharton
                                          MONTH:     APRIL
                                          YEAR:      2019
                                          LATITUDE:   29 15 N
                                          LONGITUDE:  96  9 W

  TEMPERATURE IN F:       :PCPN:    SNOW:  WIND      :SUNSHINE: SKY     :PK WND
================================================================================
1   2   3   4   5  6A  6B    7    8   9   10  11  12  13   14  15   16   17  18
                                     12Z  AVG MX 2MIN
DY MAX MIN AVG DEP HDD CDD  WTR  SNW DPTH SPD SPD DIR MIN PSBL S-S WX    SPD DR
================================================================================

 1  55  39  47   M  18   0 0.00  0.0    0  3.4  8  10   M    M   6         M  M
 2  72  36  54   M  11   0 0.00  0.0    0  2.3 12 150   M    M   0         M  M
 3  73  49  61   M   4   0 0.03    M    0  6.3 15 120   M    M   9 18     18 120
 4  82  66  74   M   0   9 0.13  0.0    0  6.9 10 200   M    M   8 128     M  M
 5  83  66  75   M   0  10 0.00  0.0    0  2.7 10 100   M    M   9 128     M  M
 6  84  69  77   M   0  12 0.00  0.0    0  7.0 14 160   M    M   8 138    21 150
 7  75  61  68   M   0   3 0.52  0.0    0  6.2 13 270   M    M   5 13      M  M
 8  84  58  71   M   0   6 0.00  0.0    0  7.3 14 300   M    M   1        20 300
 9  89  56  73   M   0   8 0.00  0.0    0  2.8  9 250   M    M   0         M  M
10  86  61  74   M   0   9 0.00  0.0    0 12.1 21 180   M    M   0        28 180
11  81  66  74   M   0   9 0.00  0.0    0  6.6 14 170   M    M   7        20 150
12  80  60  70   M   0   5 0.00  0.0    0  6.1 12 100   M    M   6 1      17 100
13  85  51  68   M   0   3 0.00  0.0    0 13.6 21 300   M    M   6 18     29 300
14  73  46  60   M   5   0 0.00  0.0    0  8.7 18 330   M    M   0        24 330
15  78  46  62   M   3   0 0.00  0.0    0  6.8 14 140   M    M   0        20 140
16  81  58  70   M   0   5 0.00  0.0    0  9.6 16 150   M    M   6        23 130
17  77  70  74   M   0   9 0.00  0.0    0 11.0 16 140   M    M  10 1      20 140
================================================================================
SM 1338  958        41  88  0.68     0.0 119.4          M       81
================================================================================
AV 78.7 56.4                               7.0 FASTST   M    M   5    MAX(MPH)
                                 MISC ---->  # 21 180               # 29  300
================================================================================
NOTES:
# LAST OF SEVERAL OCCURRENCES

COLUMN 17 PEAK WIND IN M.P.H.

PRELIMINARY LOCAL CLIMATOLOGICAL DATA (WS FORM: F-6) , PAGE 2

                                          STATION:  Wharton
                                          MONTH:    APRIL
                                          YEAR:     2019
                                          LATITUDE:   29 15 N
                                          LONGITUDE:  96  9 W

[TEMPERATURE DATA]      [PRECIPITATION DATA]       SYMBOLS USED IN COLUMN 16

AVERAGE MONTHLY: 67.5   TOTAL FOR MONTH:   0.68    1 = FOG OR MIST
DPTR FM NORMAL:     M   DPTR FM NORMAL:       M    2 = FOG REDUCING VISIBILITY
HIGHEST:    89 ON  9    GRTST 24HR  0.52 ON  7- 7      TO 1/4 MILE OR LESS
LOWEST:     36 ON  2                               3 = THUNDER
                        SNOW, ICE PELLETS, HAIL    4 = ICE PELLETS
                        TOTAL MONTH:   0.0 INCH    5 = HAIL
                        GRTST 24HR     0.0         6 = FREEZING RAIN OR DRIZZLE
                        GRTST DEPTH:   0           7 = DUSTSTORM OR SANDSTORM:
                                                       VSBY 1/2 MILE OR LESS
                                                   8 = SMOKE OR HAZE
[NO. OF DAYS WITH]      [WEATHER - DAYS WITH]      9 = BLOWING SNOW
                                                   X = TORNADO
MAX 32 OR BELOW:   0    0.01 INCH OR MORE:   3
MAX 90 OR ABOVE:   0    0.10 INCH OR MORE:   2
MIN 32 OR BELOW:   0    0.50 INCH OR MORE:   1
MIN  0 OR BELOW:   0    1.00 INCH OR MORE:   0

[HDD (BASE 65) ]
TOTAL THIS MO.    41    CLEAR  (SCALE 0-3)   6
DPTR FM NORMAL     M    PTCLDY (SCALE 4-7)   7
TOTAL FM JUL 1  1408    CLOUDY (SCALE 8-10)  4
DPTR FM NORMAL     M

[CDD (BASE 65) ]
TOTAL THIS MO.    88
DPTR FM NORMAL     M    [PRESSURE DATA]
TOTAL FM JAN 1   185    HIGHEST SLP M ON M
DPTR FM NORMAL     M    LOWEST  SLP M ON M

[REMARKS]
