000
CXUS54 KHGX 201515
CF6ARM
PRELIMINARY LOCAL CLIMATOLOGICAL DATA (WS FORM: F-6)

                                          STATION:   Wharton
                                          MONTH:     SEPTEMBER
                                          YEAR:      2019
                                          LATITUDE:   29 15 N
                                          LONGITUDE:  96  9 W

  TEMPERATURE IN F:       :PCPN:    SNOW:  WIND      :SUNSHINE: SKY     :PK WND
================================================================================
1   2   3   4   5  6A  6B    7    8   9   10  11  12  13   14  15   16   17  18
                                     12Z  AVG MX 2MIN
DY MAX MIN AVG DEP HDD CDD  WTR  SNW DPTH SPD SPD DIR MIN PSBL S-S WX    SPD DR
================================================================================

 1  96  73  85   M   0  20 0.00  0.0    0  3.9 10  50   M    M   2 1      16  50
 2  95  72  84   M   0  19 0.00  0.0    0  4.7 12  70   M    M   1 3       M  M
 3  95  72  84   M   0  19 0.00  0.0    0  6.3 16 100   M    M   2        21 100
 4  95  75  85   M   0  20 0.00  0.0    0  7.2 16  70   M    M   2        25  80
 5  96  71  84   M   0  19 0.00  0.0    0  5.4 12 150   M    M   1 1      18 130
 6  96  71  84   M   0  19 0.00  0.0    0  4.5 12 140   M    M   2 1      17 140
 7  96  68  82   M   0  17 0.00  0.0    0  3.6 12 170   M    M   1 1      16 140
 8  95  68  82   M   0  17 0.00  0.0    0  6.3 16 180   M    M   2 1      23 180
 9  95  73  84   M   0  19 0.01  0.0    0  6.7 17 150   M    M   2 13     25 150
10  95  74  85   M   0  20 0.03  0.0    0  5.8 15 170   M    M   3 13     22 170
11  93  73  83   M   0  18 0.68  0.0    0  4.9 14 120   M    M   3 3      21 120
12  91  72  82   M   0  17 0.06  0.0    0  3.7 12 160   M    M   2 1      22 160
13  89  71  80   M   0  15 0.24  0.0    0  2.7 10 270   M    M   3 13      M  M
14  96  69  83   M   0  18 0.00  0.0    0  5.2 13  80   M    M   1 1      20  90
15  94  70  82   M   0  17 0.02  0.0    0  4.9 10 100   M    M   2        17  80
16  92  71  82   M   0  17 0.13  0.0    0  6.3 14  80   M    M   3        22  80
17  79  73  76   M   0  11 0.23  0.0    0  5.6  8 230   M    M   8 3       M  M
18  90  73  82   M   0  17 0.57  0.0    0  6.2 15 190   M    M   6 13     18 180
19  84  74  79   M   0  14 1.03  0.0    0  6.4 12 100   M    M   5 13     16 100
================================================================================
SM 1762 1363         0 333  3.00     0.0 100.3          M       51
================================================================================
AV 92.7 71.7                               5.3 FASTST   M    M   3    MAX(MPH)
                                 MISC ---->  # 17 150               # 25   80
================================================================================
NOTES:
# LAST OF SEVERAL OCCURRENCES

COLUMN 17 PEAK WIND IN M.P.H.

PRELIMINARY LOCAL CLIMATOLOGICAL DATA (WS FORM: F-6) , PAGE 2

                                          STATION:  Wharton
                                          MONTH:    SEPTEMBER
                                          YEAR:     2019
                                          LATITUDE:   29 15 N
                                          LONGITUDE:  96  9 W

[TEMPERATURE DATA]      [PRECIPITATION DATA]       SYMBOLS USED IN COLUMN 16

AVERAGE MONTHLY: 82.2   TOTAL FOR MONTH:   3.00    1 = FOG OR MIST
DPTR FM NORMAL:     M   DPTR FM NORMAL:       M    2 = FOG REDUCING VISIBILITY
HIGHEST:    96 ON 14, 7 GRTST 24HR  1.03 ON 19-19      TO 1/4 MILE OR LESS
LOWEST:     68 ON  8, 7                            3 = THUNDER
                        SNOW, ICE PELLETS, HAIL    4 = ICE PELLETS
                        TOTAL MONTH:   0.0 INCH    5 = HAIL
                        GRTST 24HR     0.0         6 = FREEZING RAIN OR DRIZZLE
                        GRTST DEPTH:   0           7 = DUSTSTORM OR SANDSTORM:
                                                       VSBY 1/2 MILE OR LESS
                                                   8 = SMOKE OR HAZE
[NO. OF DAYS WITH]      [WEATHER - DAYS WITH]      9 = BLOWING SNOW
                                                   X = TORNADO
MAX 32 OR BELOW:   0    0.01 INCH OR MORE:  10
MAX 90 OR ABOVE:  16    0.10 INCH OR MORE:   6
MIN 32 OR BELOW:   0    0.50 INCH OR MORE:   3
MIN  0 OR BELOW:   0    1.00 INCH OR MORE:   1

[HDD (BASE 65) ]
TOTAL THIS MO.     0    CLEAR  (SCALE 0-3)  15
DPTR FM NORMAL     M    PTCLDY (SCALE 4-7)   3
TOTAL FM JUL 1     0    CLOUDY (SCALE 8-10)  1
DPTR FM NORMAL     M

[CDD (BASE 65) ]
TOTAL THIS MO.   333
DPTR FM NORMAL     M    [PRESSURE DATA]
TOTAL FM JAN 1  2654    HIGHEST SLP M ON M
DPTR FM NORMAL     M    LOWEST  SLP M ON M

[REMARKS]
