000
CXUS51 KBUF 171205
CF6ART
PRELIMINARY LOCAL CLIMATOLOGICAL DATA (WS FORM: F-6)

                                          STATION:   WATERTOWN NY
                                          MONTH:     AUGUST
                                          YEAR:      2019
                                          LATITUDE:   43 59 N
                                          LONGITUDE:  76  2 W

  TEMPERATURE IN F:       :PCPN:    SNOW:  WIND      :SUNSHINE: SKY     :PK WND
================================================================================
1   2   3   4   5  6A  6B    7    8   9   10  11  12  13   14  15   16   17  18
                                     12Z  AVG MX 2MIN
DY MAX MIN AVG DEP HDD CDD  WTR  SNW DPTH SPD SPD DIR MIN PSBL S-S WX    SPD DR
================================================================================

 1  82  52  67  -2   0   2 0.00    M    M  4.2 12 360   M    M   0        18  40
 2  82  49  66  -3   0   1 0.00    M    M  3.8 12 260   M    M   0        15 270
 3  83  50  67  -2   0   2 0.24    M    M  4.6 15 270   M    M   3 1      19 260
 4  78  51  65  -4   0   0 0.00    M    M  5.5 14  20   M    M   3 12     19  60
 5  82  50  66  -2   0   1 0.00    M    M  5.6 15 260   M    M   0        19 270
 6  89  66  78  10   0  13 0.07  0.0    0  5.6 28 290   M    M   2 13     31 290
 7  76  64  70   2   0   5 0.33  0.0    0  3.5 13 190   M    M   7 12     16 180
 8  82  65  74   6   0   9 0.03    M    M  7.8 25 250   M    M   5 1      34 260
 9  76  59  68   0   0   3    T    M    M 11.2 22 230   M    M   4 3      31 230
10  73  52  63  -5   2   0 0.04    M    M  6.9 22 260   M    M   7 1238   30 260
11  77  49  63  -5   2   0 0.00    M    M  7.5 18 230   M    M   2 12     26 260
12  81  62  72   4   0   7    T  0.0    0  7.0 18 220   M    M   3 1      23 220
13  85  58  72   4   0   7 0.27  0.0    0  4.8 14 360   M    M   4 18     18 360
14  80  54  67  -1   0   2 0.00  0.0    0  6.9 14 340   M    M   1        17 360
15  81  49  65  -3   0   0 0.21    M    0  5.3 14  60   M    M   2 1      18  40
16  80  59  70   3   0   5 0.02    M    M  2.3 13 220   M    M   6 13     17 220
================================================================================
SM 1287  889         4  57  1.21     0.0  92.5          M       49
================================================================================
AV 80.4 55.6                               5.8 FASTST   M    M   3    MAX(MPH)
                                 MISC ---->  # 28 290               # 34  260
================================================================================
NOTES:
# LAST OF SEVERAL OCCURRENCES

COLUMN 17 PEAK WIND IN M.P.H.

PRELIMINARY LOCAL CLIMATOLOGICAL DATA (WS FORM: F-6) , PAGE 2

                                          STATION:  WATERTOWN NY
                                          MONTH:    AUGUST
                                          YEAR:     2019
                                          LATITUDE:   43 59 N
                                          LONGITUDE:  76  2 W

[TEMPERATURE DATA]      [PRECIPITATION DATA]       SYMBOLS USED IN COLUMN 16

AVERAGE MONTHLY: 68.0   TOTAL FOR MONTH:   1.21    1 = FOG OR MIST
DPTR FM NORMAL:  -0.2   DPTR FM NORMAL:   -0.42    2 = FOG REDUCING VISIBILITY
HIGHEST:    89 ON  6    GRTST 24HR  0.33 ON  7- 7      TO 1/4 MILE OR LESS
LOWEST:     49 ON 15,11                            3 = THUNDER
                        SNOW, ICE PELLETS, HAIL    4 = ICE PELLETS
                        TOTAL MONTH:   0.0 INCH    5 = HAIL
                        GRTST 24HR     0.0         6 = FREEZING RAIN OR DRIZZLE
                        GRTST DEPTH:   0           7 = DUSTSTORM OR SANDSTORM:
                                                       VSBY 1/2 MILE OR LESS
                                                   8 = SMOKE OR HAZE
[NO. OF DAYS WITH]      [WEATHER - DAYS WITH]      9 = BLOWING SNOW
                                                   X = TORNADO
MAX 32 OR BELOW:   0    0.01 INCH OR MORE:   8
MAX 90 OR ABOVE:   0    0.10 INCH OR MORE:   4
MIN 32 OR BELOW:   0    0.50 INCH OR MORE:   0
MIN  0 OR BELOW:   0    1.00 INCH OR MORE:   0

[HDD (BASE 65) ]
TOTAL THIS MO.     4    CLEAR  (SCALE 0-3)  10
DPTR FM NORMAL   -12    PTCLDY (SCALE 4-7)   6
TOTAL FM JUL 1     7    CLOUDY (SCALE 8-10)  0
DPTR FM NORMAL   -35

[CDD (BASE 65) ]
TOTAL THIS MO.    57
DPTR FM NORMAL   -10    [PRESSURE DATA]
TOTAL FM JAN 1   288    HIGHEST SLP M ON M
DPTR FM NORMAL     9    LOWEST  SLP 29.72 ON  6

[REMARKS]
