000
CXUS51 KBUF 241205
CF6ART
PRELIMINARY LOCAL CLIMATOLOGICAL DATA (WS FORM: F-6)

                                          STATION:   WATERTOWN NY
                                          MONTH:     APRIL
                                          YEAR:      2019
                                          LATITUDE:   43 59 N
                                          LONGITUDE:  76  2 W

  TEMPERATURE IN F:       :PCPN:    SNOW:  WIND      :SUNSHINE: SKY     :PK WND
================================================================================
1   2   3   4   5  6A  6B    7    8   9   10  11  12  13   14  15   16   17  18
                                     12Z  AVG MX 2MIN
DY MAX MIN AVG DEP HDD CDD  WTR  SNW DPTH SPD SPD DIR MIN PSBL S-S WX    SPD DR
================================================================================

 1  35  21  28 -10  37   0 0.00    M    M  9.7 23 260   M    M   3        32 230
 2  51  26  39   1  26   0 0.00    M    M  8.2 18 190   M    M   2        28 200
 3  45  31  38   0  27   0    T    M    M 16.2 33 260   M    M   5 1      47 290
 4  37  20  29 -10  36   0 0.00    M    M 11.2 24 230   M    M   2        31 230
 5  44  19  32  -7  33   0 0.10    M    M  6.8 16 190   M    M   5 1      24 180
 6  49  37  43   3  22   0 0.00    M    M  8.2 18 260   M    M   5 18     23 260
 7  62  38  50  10  15   0 0.00    M    M  5.7 16  50   M    M   6 1      20  50
 8  56  41  49   8  16   0 0.39    M    M  7.8 21 230   M    M   7 1      28 230
 9  47  31  39  -2  26   0 0.29    M    M  6.6 16 240   M    M  10 1      23 230
10  43  29  36  -6  29   0    T    M    M  7.1 17 260   M    M   9 1      22 260
11  46  20  33  -9  32   0 0.00    M    M  5.2 14  60   M    M   5        17  60
12  71  39  55  13  10   0 0.15    M    M  9.5 21 190   M    M   4 1      29 200
13  61  33  47   4  18   0 0.19    M    M 10.7 24 220   M    M   1 1      36 260
14  46  29  38  -5  27   0 0.22    M    M 10.2 22  40   M    M   6 1      28  70
15  45  33  39  -5  26   0 0.07    M    M 11.0 22 310   M    M   9 1      29 300
16  48  33  41  -3  24   0 0.00    M    M 10.6 18 260   M    M   1        24 230
17  59  26  43  -2  22   0 0.00    M    M  4.0 14 260   M    M   1 1      19 260
18  67  51  59  14   6   0 0.01    M    M 14.7 26 170   M    M   5        42 170
19  66  42  54   9  11   0 0.51    M    M 12.0 22  40   M    M   6 1      28  40
20  54  41  48   2  17   0 0.43    M    M 16.0 26  50   M    M   8 1      30  50
21  53  42  48   2  17   0 0.00    M    M  6.1 16 260   M    M  10 12     19 260
22  62  45  54   7  11   0 0.00    M    M  3.5 13 230   M    M   6 18     18 310
23  74  39  57  10   8   0 0.22    M    M  7.8 26 230   M    M   4 18     38 230
================================================================================
SM 1221  766       496   0  2.58    M    208.8          M      120
================================================================================
AV 53.1 33.3                               9.1 FASTST   M    M   5    MAX(MPH)
                                 MISC ---->  # 33 260               # 47  290
================================================================================
NOTES:
# LAST OF SEVERAL OCCURRENCES

COLUMN 17 PEAK WIND IN M.P.H.

PRELIMINARY LOCAL CLIMATOLOGICAL DATA (WS FORM: F-6) , PAGE 2

                                          STATION:  WATERTOWN NY
                                          MONTH:    APRIL
                                          YEAR:     2019
                                          LATITUDE:   43 59 N
                                          LONGITUDE:  76  2 W

[TEMPERATURE DATA]      [PRECIPITATION DATA]       SYMBOLS USED IN COLUMN 16

AVERAGE MONTHLY: 43.2   TOTAL FOR MONTH:   2.58    1 = FOG OR MIST
DPTR FM NORMAL:   0.8   DPTR FM NORMAL:    0.36    2 = FOG REDUCING VISIBILITY
HIGHEST:    74 ON 23    GRTST 24HR  0.51 ON 19-19      TO 1/4 MILE OR LESS
LOWEST:     19 ON  5                               3 = THUNDER
                        SNOW, ICE PELLETS, HAIL    4 = ICE PELLETS
                        TOTAL MONTH:    M          5 = HAIL
                        GRTST 24HR    M  ON   M    6 = FREEZING RAIN OR DRIZZLE
                        GRTST DEPTH:  M  ON   M    7 = DUSTSTORM OR SANDSTORM:
                                                       VSBY 1/2 MILE OR LESS
                                                   8 = SMOKE OR HAZE
[NO. OF DAYS WITH]      [WEATHER - DAYS WITH]      9 = BLOWING SNOW
                                                   X = TORNADO
MAX 32 OR BELOW:   0    0.01 INCH OR MORE:  11
MAX 90 OR ABOVE:   0    0.10 INCH OR MORE:   9
MIN 32 OR BELOW:  10    0.50 INCH OR MORE:   1
MIN  0 OR BELOW:   0    1.00 INCH OR MORE:   0

[HDD (BASE 65) ]
TOTAL THIS MO.   496    CLEAR  (SCALE 0-3)   5
DPTR FM NORMAL   -23    PTCLDY (SCALE 4-7)  14
TOTAL FM JUL 1  7134    CLOUDY (SCALE 8-10)  4
DPTR FM NORMAL   108

[CDD (BASE 65) ]
TOTAL THIS MO.     0
DPTR FM NORMAL     0    [PRESSURE DATA]
TOTAL FM JAN 1     0    HIGHEST SLP M ON M
DPTR FM NORMAL     0    LOWEST  SLP 29.24 ON 15

[REMARKS]
