000
CXUS55 KGJT 231000
CF6ASE
PRELIMINARY LOCAL CLIMATOLOGICAL DATA (WS FORM: F-6)

                                          STATION:   ASPEN CO
                                          MONTH:     AUGUST
                                          YEAR:      2019
                                          LATITUDE:   39 13 N
                                          LONGITUDE: 106 52 W

  TEMPERATURE IN F:       :PCPN:    SNOW:  WIND      :SUNSHINE: SKY     :PK WND
================================================================================
1   2   3   4   5  6A  6B    7    8   9   10  11  12  13   14  15   16   17  18
                                     12Z  AVG MX 2MIN
DY MAX MIN AVG DEP HDD CDD  WTR  SNW DPTH SPD SPD DIR MIN PSBL S-S WX    SPD DR
================================================================================

 1  76  51  64   0   1   0    T    M    M  5.6 14 320   M    M   5        22 310
 2  84  50  67   4   0   2 0.00    M    M  6.3 21 340   M    M   2        31 330
 3  87  51  69   6   0   4 0.00    M    M  6.7 24 130   M    M   1        35 120
 4  83  57  70   7   0   5 0.42    M    M  6.8 20 130   M    M   4 3      30 170
 5  82  49  66   3   0   1 0.00    M    M  6.0 16 320   M    M   1        22 330
 6  86  50  68   5   0   3 0.00    M    M  6.2 14 310   M    M   0        20 320
 7  85  52  69   6   0   4 0.09    M    M  4.9 18 130   M    M   4 3      25 130
 8  80  52  66   3   0   1    T    M    M  5.6 16 350   M    M   6 3      25  10
 9  82  51  67   4   0   2 0.02    M    M  7.3 22 340   M    M   2 3      33 340
10  82  56  69   7   0   4    T    M    M  5.8 17 150   M    M   5 3      26 140
11  74  53  64   2   1   0 0.17    M    M  7.3 20 140   M    M   6        30 150
12  80  49  65   3   0   0 0.05    M    M  5.9 15 320   M    M   2 3      22 310
13  81  45  63   1   2   0    T    M    M  7.1 22 250   M    M   1        33 250
14  83  45  64   2   1   0 0.00    M    M  6.5 18 350   M    M   1        29 340
15  84  46  65   3   0   0 0.00    M    M  7.2 18 360   M    M   1        31 340
16  84  49  67   5   0   2    T    M    M  8.6 31 260   M    M   2 3      45 250
17  82  46  64   3   1   0 0.00    M    M  8.5 21 230   M    M   1        33 230
18  84  46  65   4   0   0 0.00    M    M  7.7 22 350   M    M   0        33 340
19  85  47  66   5   0   1 0.00    M    M  6.9 21 340   M    M   0        32 310
20  87  48  68   7   0   3 0.00    M    M  7.2 18 330   M    M   0        25 330
21  86  48  67   6   0   2 0.00    M    M  8.8 20 320   M    M   0        28 330
22  81  50  66   6   0   1    T    M    M  8.8 26 260   M    M   2        43 260
================================================================================
SM 1818 1091         6  35  0.75    M    151.7          M       46
================================================================================
AV 82.6 49.6                               6.9 FASTST   M    M   2    MAX(MPH)
                                 MISC ---->  # 31 260               # 45  250
================================================================================
NOTES:
# LAST OF SEVERAL OCCURRENCES

COLUMN 17 PEAK WIND IN M.P.H.

PRELIMINARY LOCAL CLIMATOLOGICAL DATA (WS FORM: F-6) , PAGE 2

                                          STATION:  ASPEN CO
                                          MONTH:    AUGUST
                                          YEAR:     2019
                                          LATITUDE:   39 13 N
                                          LONGITUDE: 106 52 W

[TEMPERATURE DATA]      [PRECIPITATION DATA]       SYMBOLS USED IN COLUMN 16

AVERAGE MONTHLY: 66.1   TOTAL FOR MONTH:   0.75    1 = FOG OR MIST
DPTR FM NORMAL:   4.0   DPTR FM NORMAL:   -0.47    2 = FOG REDUCING VISIBILITY
HIGHEST:    87 ON 20, 3 GRTST 24HR  0.42 ON  4- 4      TO 1/4 MILE OR LESS
LOWEST:     45 ON 14,13                            3 = THUNDER
                        SNOW, ICE PELLETS, HAIL    4 = ICE PELLETS
                        TOTAL MONTH:    M          5 = HAIL
                        GRTST 24HR    M  ON   M    6 = FREEZING RAIN OR DRIZZLE
                        GRTST DEPTH:  M  ON   M    7 = DUSTSTORM OR SANDSTORM:
                                                       VSBY 1/2 MILE OR LESS
                                                   8 = SMOKE OR HAZE
[NO. OF DAYS WITH]      [WEATHER - DAYS WITH]      9 = BLOWING SNOW
                                                   X = TORNADO
MAX 32 OR BELOW:   0    0.01 INCH OR MORE:   5
MAX 90 OR ABOVE:   0    0.10 INCH OR MORE:   2
MIN 32 OR BELOW:   0    0.50 INCH OR MORE:   0
MIN  0 OR BELOW:   0    1.00 INCH OR MORE:   0

[HDD (BASE 65) ]
TOTAL THIS MO.     6    CLEAR  (SCALE 0-3)  16
DPTR FM NORMAL   -67    PTCLDY (SCALE 4-7)   6
TOTAL FM JUL 1    27    CLOUDY (SCALE 8-10)  0
DPTR FM NORMAL  -117

[CDD (BASE 65) ]
TOTAL THIS MO.    35
DPTR FM NORMAL    26    [PRESSURE DATA]
TOTAL FM JAN 1    88    HIGHEST SLP M ON M
DPTR FM NORMAL    50    LOWEST  SLP 29.69 ON 17

[REMARKS]
