000
CXAK56 PAJK 221231
CF6ASI
PRELIMINARY LOCAL CLIMATOLOGICAL DATA (WS FORM: F-6)

                                          STATION:   SITKA
                                          MONTH:     FEBRUARY
                                          YEAR:      2019
                                          LATITUDE:   57  4 N
                                          LONGITUDE: 135 21 W

  TEMPERATURE IN F:       :PCPN:    SNOW:  WIND      :SUNSHINE: SKY     :PK WND
================================================================================
1   2   3   4   5  6A  6B    7    8   9   10  11  12  13   14  15   16   17  18
                                     12Z  AVG MX 2MIN
DY MAX MIN AVG DEP HDD CDD  WTR  SNW DPTH SPD SPD DIR MIN PSBL S-S WX    SPD DR
================================================================================

 1   M   M   M   M   M   M 0.00    M    M 11.0 24 350   M    M   0        32 340
 2   M   M   M   M   M   M 0.00    M    M  4.4 14 340   M    M   1        19  80
 3  36  16  26 -11  39   0    T    M    M  4.1  8 340   M    M   2        10  10
 4  36  27  32  -5  33   0 0.14    M    M  3.7 15 330   M    M  10 18     18 330
 5  37  32  35  -2  30   0 0.23    M    M  5.2 10 120   M    M  10 1      13 110
 6  40  36  38   1  27   0 0.53    M    M  4.1  9 100   M    M  10 18     11  90
 7  41  35  38   1  27   0 0.01    M    M  4.6 16 330   M    M   9 18     20 330
 8  41  29  35  -2  30   0    T    M    M  3.2 14 330   M    M   2        15 330
 9  40  30  35  -2  30   0 0.00    M    M  4.2 14 330   M    M   7        16 310
10  42  27  35  -2  30   0 0.00    M    M  6.1 17 330   M    M   0        21 340
11  44  28  36  -1  29   0 0.00    M    M  3.1 12  50   M    M   0        15  40
12  38  29  34  -3  31   0 0.05    M    M  3.6  9 100   M    M   9 1      11 110
13  37  34  36  -1  29   0 0.06    M    M 10.0 22 110   M    M   6 1      28 110
14  39  32  36  -1  29   0 0.00    M    M  4.7 15 110   M    M   7        20  80
15  35  26  31  -6  34   0 0.00    M    M  2.9 12  60   M    M   1        15  90
16  33  23  28  -9  37   0 0.00    M    M  6.6 17 360   M    M   0        27 350
17  37  22  30  -7  35   0    T    M    M  4.2 13 110   M    M   6 1      17 110
18  42  34  38   1  27   0 1.17    M    M  9.0 21 230   M    M  10 18     26 180
19  42  32  37   0  28   0 0.42    M    M  6.2 18 280   M    M   9 1      25 270
20  40  29  35  -2  30   0 0.01    M    M  3.5 10 100   M    M   4 12     13 110
21  41  33  37   0  28   0 0.94    M    M 10.2 25 220   M    M  10 14     35 190
================================================================================
SM  741  554       583   0  3.56    M    114.6          M      113
================================================================================
AV 39.0 29.2                               5.5 FASTST   M    M   5    MAX(MPH)
                                 MISC ---->  # 25 220               # 35  190
================================================================================
NOTES:
# LAST OF SEVERAL OCCURRENCES

COLUMN 17 PEAK WIND IN M.P.H.

PRELIMINARY LOCAL CLIMATOLOGICAL DATA (WS FORM: F-6) , PAGE 2

                                          STATION:  SITKA
                                          MONTH:    FEBRUARY
                                          YEAR:     2019
                                          LATITUDE:   57  4 N
                                          LONGITUDE: 135 21 W

[TEMPERATURE DATA]      [PRECIPITATION DATA]       SYMBOLS USED IN COLUMN 16

AVERAGE MONTHLY: 34.1   TOTAL FOR MONTH:   3.56    1 = FOG OR MIST
DPTR FM NORMAL:  -2.9   DPTR FM NORMAL:   -1.31    2 = FOG REDUCING VISIBILITY
HIGHEST:    44 ON 11    GRTST 24HR  1.17 ON 18-18      TO 1/4 MILE OR LESS
LOWEST:     16 ON  3                               3 = THUNDER
                        SNOW, ICE PELLETS, HAIL    4 = ICE PELLETS
                        TOTAL MONTH:    M          5 = HAIL
                        GRTST 24HR    M  ON   M    6 = FREEZING RAIN OR DRIZZLE
                        GRTST DEPTH:  M  ON   M    7 = DUSTSTORM OR SANDSTORM:
                                                       VSBY 1/2 MILE OR LESS
                                                   8 = SMOKE OR HAZE
[NO. OF DAYS WITH]      [WEATHER - DAYS WITH]      9 = BLOWING SNOW
                                                   X = TORNADO
MAX 32 OR BELOW:   0    0.01 INCH OR MORE:  10
MAX 90 OR ABOVE:   0    0.10 INCH OR MORE:   6
MIN 32 OR BELOW:  14    0.50 INCH OR MORE:   3
MIN  0 OR BELOW:   0    1.00 INCH OR MORE:   1

[HDD (BASE 65) ]
TOTAL THIS MO.   583    CLEAR  (SCALE 0-3)   8
DPTR FM NORMAL    -5    PTCLDY (SCALE 4-7)   5
TOTAL FM JUL 1  3840    CLOUDY (SCALE 8-10)  8
DPTR FM NORMAL  -726

[CDD (BASE 65) ]
TOTAL THIS MO.     0
DPTR FM NORMAL     0    [PRESSURE DATA]
TOTAL FM JAN 1     0    HIGHEST SLP M ON M
DPTR FM NORMAL     0    LOWEST  SLP 29.39 ON M

[REMARKS]
