000
CXAK56 PAJK 191239
CF6ASI
PRELIMINARY LOCAL CLIMATOLOGICAL DATA (WS FORM: F-6)

                                          STATION:   SITKA
                                          MONTH:     APRIL
                                          YEAR:      2019
                                          LATITUDE:   57  4 N
                                          LONGITUDE: 135 21 W

  TEMPERATURE IN F:       :PCPN:    SNOW:  WIND      :SUNSHINE: SKY     :PK WND
================================================================================
1   2   3   4   5  6A  6B    7    8   9   10  11  12  13   14  15   16   17  18
                                     12Z  AVG MX 2MIN
DY MAX MIN AVG DEP HDD CDD  WTR  SNW DPTH SPD SPD DIR MIN PSBL S-S WX    SPD DR
================================================================================

 1  61  37  49   9  16   0    T    M    M  2.1  8 330   M    M   0         9 330
 2  55  39  47   7  18   0    T    M    M  1.3  5 340   0    0   0         M  M
 3  48  36  42   2  23   0 0.03    M    M  7.4 17 300   M    M   6 1      19 310
 4  47  40  44   4  21   0 0.12    M    M  8.1 18 110   M    M   9 1      24 100
 5  53  46  50   9  15   0    T    M    M 15.4 23 130   M    M   8 1      26 130
 6  55  42  49   9  16   0 0.04    M    M 11.0 22 110   M    M   7        27 100
 7  48  41  45   4  20   0 0.64    M    M 15.0 24 100   M    M   9 1      30 120
 8  46  39  43   3  22   0 0.57    M    M 11.1 24 110   M    M   9 14     29 100
 9  44  36  40   0  25   0 0.27    M    M 10.2 20 120   M    M   9 1      25 110
10  47  36  42   1  23   0 0.01    M    M  5.2 14 230   M    M   6        17 230
11  48  34  41   0  24   0 0.09    M    M  8.0 26 190   M    M   4 1      34 200
12  46  40  43   2  22   0 0.05    M    M  7.1 17 310   M    M   9 148    21 230
13  47  36  42   1  23   0    T    M    M  7.7 21 310   M    M   7        23 310
14  46  39  43   1  22   0 0.02    M    M  3.9 12 190   M    M   9        14 190
15  51  40  46   4  19   0 0.00    M    M 11.5 21 100   M    M   7        26 100
16  51  41  46   4  19   0 0.07    M    M  8.1 20 190   M    M   9 1      26 200
17  47  39  43   1  22   0 0.26    M    M 13.6 26 140   M    M   9 1      36 110
18  46  39  43   1  22   0 1.13    M    M 15.8 35 180   M    M  10 148    49 180
================================================================================
SM  886  700       372   0  3.30    M    162.5            0    127
================================================================================
AV 49.2 38.9                               9.0 FASTST    0   0   7    MAX(MPH)
                                 MISC ---->  # 35 180               # 49  180
================================================================================
NOTES:
# LAST OF SEVERAL OCCURRENCES

COLUMN 17 PEAK WIND IN M.P.H.

PRELIMINARY LOCAL CLIMATOLOGICAL DATA (WS FORM: F-6) , PAGE 2

                                          STATION:  SITKA
                                          MONTH:    APRIL
                                          YEAR:     2019
                                          LATITUDE:   57  4 N
                                          LONGITUDE: 135 21 W

[TEMPERATURE DATA]      [PRECIPITATION DATA]       SYMBOLS USED IN COLUMN 16

AVERAGE MONTHLY: 44.1   TOTAL FOR MONTH:   3.30    1 = FOG OR MIST
DPTR FM NORMAL:   3.2   DPTR FM NORMAL:    0.45    2 = FOG REDUCING VISIBILITY
HIGHEST:    61 ON  1    GRTST 24HR  1.13 ON 18-18      TO 1/4 MILE OR LESS
LOWEST:     34 ON 11                               3 = THUNDER
                        SNOW, ICE PELLETS, HAIL    4 = ICE PELLETS
                        TOTAL MONTH:    M          5 = HAIL
                        GRTST 24HR    M  ON   M    6 = FREEZING RAIN OR DRIZZLE
                        GRTST DEPTH:  M  ON   M    7 = DUSTSTORM OR SANDSTORM:
                                                       VSBY 1/2 MILE OR LESS
                                                   8 = SMOKE OR HAZE
[NO. OF DAYS WITH]      [WEATHER - DAYS WITH]      9 = BLOWING SNOW
                                                   X = TORNADO
MAX 32 OR BELOW:   0    0.01 INCH OR MORE:  13
MAX 90 OR ABOVE:   0    0.10 INCH OR MORE:   6
MIN 32 OR BELOW:   0    0.50 INCH OR MORE:   3
MIN  0 OR BELOW:   0    1.00 INCH OR MORE:   1

[HDD (BASE 65) ]
TOTAL THIS MO.   372    CLEAR  (SCALE 0-3)   2
DPTR FM NORMAL   -59    PTCLDY (SCALE 4-7)   7
TOTAL FM JUL 1  5126    CLOUDY (SCALE 8-10)  9
DPTR FM NORMAL  -912

[CDD (BASE 65) ]
TOTAL THIS MO.     0
DPTR FM NORMAL     0    [PRESSURE DATA]
TOTAL FM JAN 1     0    HIGHEST SLP  0.00 ON  2
DPTR FM NORMAL     0    LOWEST  SLP  0.00 ON  2

[REMARKS]
