000
CXAK56 PAFC 010910
CF6ASN
PRELIMINARY LOCAL CLIMATOLOGICAL DATA (WS FORM: F-6)

                                          STATION:   SAINT PAUL ISLAND
                                          MONTH:     JULY
                                          YEAR:      2019
                                          LATITUDE:   57  9 N
                                          LONGITUDE: 170 13 W

  TEMPERATURE IN F:       :PCPN:    SNOW:  WIND      :SUNSHINE: SKY     :PK WND
================================================================================
1   2   3   4   5  6A  6B    7    8   9   10  11  12  13   14  15   16   17  18
                                     12Z  AVG MX 2MIN
DY MAX MIN AVG DEP HDD CDD  WTR  SNW DPTH SPD SPD DIR MIN PSBL S-S WX    SPD DR
================================================================================

 1  49  46  48   2  17   0 0.37    M    M 18.2 30 170   M    M  10 1    38 170
 2  49  46  48   2  17   0 0.50    M    M 27.7 32 180   M    M  10 1    43 180
 3  49  47  48   2  17   0 0.24    M    M 13.8 20 160   M    M  10 1    25 210
 4  50  47  49   3  16   0    T    M    M 14.5 21 160   M    M  10 1    25 170
 5   M   M   M   M   M   M    M    M    M    M  M   M   M    M   M M     M   M
 6   M   M   M   M   M   M    M    M    M    M  M   M   M    M   M M     M   M
 7  64  45  55   9  10   0 0.00  0.0    M  3.9  9  70   M    M   6 12   13  80
 8  59  52  56  10   9   0 0.00  0.0    M  8.8 14  90   M    M   0 M    18 100
 9  54  51  53   6  12   0    T  0.0    M 10.4 13 110   M    M  10 1     M   M
10  57  49  53   6  12   0    T    M    M  6.7  8 150   M    M  10 M     M   M
11  55  48  52   5  13   0    T    M    M  3.9 10  70   M    M  10 18   11  90
12  59  49  54   7  11   0 0.01    M    M  5.2  9  70   M    M   9 1     M   M
13  58  48  53   6  12   0 0.00  0.0    M  2.8  8 150   M    M  10 1    10 140
14  62  46  54   7  11   0 0.05    M    M  5.1 10  10   M    M   8 M     M   M
15  59  51  55   8  10   0 0.29  0.0    M 12.1 15 280   M    M  10 1    24 280
16  56  51  54   7  11   0 0.03  0.0    M 14.5 22 340   M    M  10 18   27 350
17  55  46  51   4  14   0 0.01    M    M 12.5 22 270   M    M   9 1    28 270
18  55  49  52   4  13   0    T    M    M 16.2 24 260   M    M  10 18   29 270
19  54  48  51   3  14   0    T    M    M 15.8 23 260   M    M  10 18   27 260
20  52  46  49   1  16   0 0.02    M    M 13.0 18 270   M    M  10 1    23 270
21  52  50  51   3  14   0 0.00  0.0    M  9.5 13 240   M    M  10 12   16 240
22  54  47  51   3  14   0    T    M    M 10.2 15 150   M    M   9 1    19 150
23  51  50  51   3  14   0 0.25    M    M    M  9 180   M    M   0 M     M   M
24  52  48  50   2  15   0 0.01    M    M  5.7 14 180   M    M  10 1    17 180
25  56  48  52   4  13   0 0.12    M    M 19.8 28 260   M    M   9 1    33 260
26  56  48  52   4  13   0    T    M    M 13.6 22 250   M    M   8 1    26 250
27  53  50  52   4  13   0 0.04    M    M 16.2 25 270   M    M  10 18   30 260
28  53  49  51   3  14   0    T    M    M 12.0 17 270   M    M  10 8    21 270
29  53  48  51   3  14   0    T    M    M 10.8 15 160   M    M  10 1    18 150
30  55  51  53   5  12   0 0.03  0.0    M 10.2 14 130   M    M  10 1    19 140
31  59  51  55   7  10   0    T  0.0    M  8.6 14 350   M    M  10 1     M   M
================================================================================
SM 1590 1405       381   0  1.97  0.0    321.6          M      258
================================================================================
AV 54.8 48.4                              11.5 FASTST   M    M   8    MAX(MPH)
                                 MISC ---->    32 180                 43 180
================================================================================
NOTES:
# LAST OF SEVERAL OCCURRENCES

COLUMN 17 PEAK WIND IN M.P.H.

PRELIMINARY LOCAL CLIMATOLOGICAL DATA (WS FORM: F-6) , PAGE 2

                                          STATION:   SAINT PAUL ISLAND
                                          MONTH:     JULY
                                          YEAR:      2019
                                          LATITUDE:   57  9 N
                                          LONGITUDE: 170 13 W

[TEMPERATURE DATA]      [PRECIPITATION DATA]       SYMBOLS USED IN COLUMN 16

AVERAGE MONTHLY: 51.6   TOTAL FOR MONTH:   1.97    1 = FOG OR MIST
DPTR FM NORMAL:   4.4   DPTR FM NORMAL:    0.12    2 = FOG REDUCING VISIBILITY
HIGHEST:    64 ON  7    GRTST 24HR  0.67 ON  1- 2      TO 1/4 MILE OR LESS
LOWEST:     45 ON  7                               3 = THUNDER
                        SNOW, ICE PELLETS, HAIL    4 = ICE PELLETS
                        TOTAL MONTH:   0.0 INCH    5 = HAIL
                        GRTST 24HR  0.0            6 = FREEZING RAIN OR DRIZZLE
                        GRTST DEPTH:  M  ON   M    7 = DUSTSTORM OR SANDSTORM:
                                                       VSBY 1/2 MILE OR LESS
                                                   8 = SMOKE OR HAZE
[NO. OF DAYS WITH]      [WEATHER - DAYS WITH]      9 = BLOWING SNOW
                                                   X = TORNADO
MAX 32 OR BELOW:   0    0.01 INCH OR MORE:  11
MAX 90 OR ABOVE:   0    0.10 INCH OR MORE:   6
MIN 32 OR BELOW:   0    0.50 INCH OR MORE:   0
MIN  0 OR BELOW:   0    1.00 INCH OR MORE:   0

[HDD (BASE 65) ]
TOTAL THIS MO.   381    CLEAR  (SCALE 0-3)   2
DPTR FM NORMAL  -171    PTCLDY (SCALE 4-7)   3
TOTAL FM JUL 1   381    CLOUDY (SCALE 8-10) 24
DPTR FM NORMAL  -171

[CDD (BASE 65) ]
TOTAL THIS MO.     0
DPTR FM NORMAL     0    [PRESSURE DATA]
TOTAL FM JAN 1     0    HIGHEST SLP M ON M
DPTR FM NORMAL     0    LOWEST  SLP 29.53 ON 25

[REMARKS]
#FINAL-07-19#
