000
CXUS56 KPQR 231200
CF6AST
PRELIMINARY LOCAL CLIMATOLOGICAL DATA (WS FORM: F-6)

                                          STATION:   ASTORIA OR
                                          MONTH:     APRIL
                                          YEAR:      2019
                                          LATITUDE:   46  9 N
                                          LONGITUDE: 123 53 W

  TEMPERATURE IN F:       :PCPN:    SNOW:  WIND      :SUNSHINE: SKY     :PK WND
================================================================================
1   2   3   4   5  6A  6B    7    8   9   10  11  12  13   14  15   16   17  18
                                     12Z  AVG MX 2MIN
DY MAX MIN AVG DEP HDD CDD  WTR  SNW DPTH SPD SPD DIR MIN PSBL S-S WX    SPD DR
================================================================================

 1  61  44  53   5  12   0    T    M    M  3.2 12 220   M    M   7 1      14 220
 2  55  50  53   5  12   0 0.18    M    M  4.6 14 210   M    M  10 1      18 230
 3  55  48  52   4  13   0 0.03    M    M  9.5 20 240   M    M   9 1      27 220
 4  61  44  53   5  12   0 0.08    M    M  4.7 14 190   M    M   9 1      20 160
 5  54  47  51   3  14   0 0.48    M    M 10.1 25 200   M    M   9 1      39 170
 6  56  44  50   2  15   0 1.14    M    M 12.1 24 190   M    M   9 138    35 200
 7  54  45  50   2  15   0 0.46    M    M  5.6 15 350   M    M   9 1      18  60
 8  56  48  52   4  13   0 0.31    M    M  9.3 18 210   M    M   8 1      26 200
 9  55  46  51   3  14   0 0.12    M    M 14.9 24 290   M    M   9 18     32 310
10  50  45  48   0  17   0 0.83    M    M 10.4 21 260   M    M   9 1      27 230
11  52  48  50   2  15   0 0.51    M    M 10.3 18 210   M    M  10 1      25 200
12  55  47  51   3  14   0 0.02    M    M  6.9 14 250   M    M  10 1      18 240
13  52  46  49   1  16   0 0.40    M    M  9.7 25 210   M    M  10 1      36 210
14  52  38  45  -3  20   0 0.04    M    M  5.8 14 260   M    M   7        18 250
15  51  36  44  -4  21   0 0.07    M    M  5.4 12 150   M    M   6        15 120
16  55  39  47  -2  18   0 0.19    M    M  6.9 20 220   M    M  10 1      27 230
17  59  48  54   5  11   0 0.02    M    M  8.4 21 230   M    M   8 1      28 230
18  63  48  56   7   9   0 0.02    M    M  4.2 15 250   M    M   8 1      17 250
19  56  50  53   4  12   0 0.17    M    M  6.1 13 320   M    M  10 1      16 330
20  58  49  54   5  11   0 0.00    M    M  6.4 14 280   M    M  10        19 280
21  56  42  49   0  16   0 0.00    M    M  5.3 12 280   M    M   7        16 300
22  55  40  48  -1  17   0 0.10    M    M  4.6 17 250   M    M   8 1      23 250
================================================================================
SM 1221  992       317   0  5.17    M    164.4          M      192
================================================================================
AV 55.5 45.1                               7.5 FASTST   M    M   9    MAX(MPH)
                                 MISC ---->  # 25 200               # 39  170
================================================================================
NOTES:
# LAST OF SEVERAL OCCURRENCES

COLUMN 17 PEAK WIND IN M.P.H.

PRELIMINARY LOCAL CLIMATOLOGICAL DATA (WS FORM: F-6) , PAGE 2

                                          STATION:  ASTORIA OR
                                          MONTH:    APRIL
                                          YEAR:     2019
                                          LATITUDE:   46  9 N
                                          LONGITUDE: 123 53 W

[TEMPERATURE DATA]      [PRECIPITATION DATA]       SYMBOLS USED IN COLUMN 16

AVERAGE MONTHLY: 50.3   TOTAL FOR MONTH:   5.17    1 = FOG OR MIST
DPTR FM NORMAL:   2.0   DPTR FM NORMAL:    1.13    2 = FOG REDUCING VISIBILITY
HIGHEST:    63 ON 18    GRTST 24HR  1.14 ON  6- 6      TO 1/4 MILE OR LESS
LOWEST:     36 ON 15                               3 = THUNDER
                        SNOW, ICE PELLETS, HAIL    4 = ICE PELLETS
                        TOTAL MONTH:    M          5 = HAIL
                        GRTST 24HR    M  ON   M    6 = FREEZING RAIN OR DRIZZLE
                        GRTST DEPTH:  M  ON   M    7 = DUSTSTORM OR SANDSTORM:
                                                       VSBY 1/2 MILE OR LESS
                                                   8 = SMOKE OR HAZE
[NO. OF DAYS WITH]      [WEATHER - DAYS WITH]      9 = BLOWING SNOW
                                                   X = TORNADO
MAX 32 OR BELOW:   0    0.01 INCH OR MORE:  19
MAX 90 OR ABOVE:   0    0.10 INCH OR MORE:  12
MIN 32 OR BELOW:   0    0.50 INCH OR MORE:   3
MIN  0 OR BELOW:   0    1.00 INCH OR MORE:   1

[HDD (BASE 65) ]
TOTAL THIS MO.   317    CLEAR  (SCALE 0-3)   0
DPTR FM NORMAL   -51    PTCLDY (SCALE 4-7)   6
TOTAL FM JUL 1  4115    CLOUDY (SCALE 8-10) 16
DPTR FM NORMAL  -173

[CDD (BASE 65) ]
TOTAL THIS MO.     0
DPTR FM NORMAL     0    [PRESSURE DATA]
TOTAL FM JAN 1     0    HIGHEST SLP  0.00 ON  7
DPTR FM NORMAL     0    LOWEST  SLP 29.66 ON  5

[REMARKS]
