000
CXUS53 KDLH 250636
CF6ASX
PRELIMINARY LOCAL CLIMATOLOGICAL DATA (WS FORM: F-6)

                                          STATION:   ASHLAND
                                          MONTH:     AUGUST
                                          YEAR:      2019
                                          LATITUDE:   46 32 N
                                          LONGITUDE:  90 55 W

  TEMPERATURE IN F:       :PCPN:    SNOW:  WIND      :SUNSHINE: SKY     :PK WND
================================================================================
1   2   3   4   5  6A  6B    7    8   9   10  11  12  13   14  15   16   17  18
                                     12Z  AVG MX 2MIN
DY MAX MIN AVG DEP HDD CDD  WTR  SNW DPTH SPD SPD DIR MIN PSBL S-S WX    SPD DR
================================================================================

 1  85  49  67   0   0   2 0.00    M    M  5.5 15 260   M    M   2 1      20 250
 2  88  62  75   9   0  10 0.00    M    M  7.6 17 210   M    M   3        24 220
 3  79  60  70   4   0   5 0.00    M    M  5.6 17  40   M    M   1 1      20  30
 4  88  62  75   9   0  10 0.01    M    M  3.9 15  20   M    M   5 12     20  20
 5  78  59  69   3   0   4 0.38    M    M  5.8 25 290   M    M   3 13     32 290
 6  83  56  70   4   0   5 0.00    M    M  5.6 12 270   M    M   1        17 240
 7  79  57  68   2   0   3 0.45    M    M  5.2 20 350   M    M   5 138    26 350
 8  76  52  64  -2   1   0 0.00    M    M  9.6 21 290   M    M   1        27 290
 9  77  52  65  -1   0   0 0.00    M    M  6.8 14 330   M    M   0        19 320
10  83  47  65  -1   0   0 0.00    M    M  4.6 12 270   M    M   1 1      23 270
11  83  53  68   2   0   3 0.00    M    M  4.4 16  20   M    M   2 12     20  20
12  77  53  65  -1   0   0 0.01    M    M  6.5 15  30   M    M   5 12     19 360
13  71  50  61  -4   4   0 0.22    M    M  7.2 16  20   M    M   7 1      21  40
14  75  45  60  -5   5   0 0.00    M    M  3.7 15 360   M    M   4 12     18 360
15  80  53  67   2   0   2 0.00    M    M  4.5 12 230   M    M   3        16 220
16  78  53  66   1   0   1 0.12    M    M  2.7 10 340   M    M   4 12     12 180
17  84  51  68   3   0   3 0.00    M    M  6.8 16 200   M    M   0 12     21 220
18  74  50  62  -3   3   0 0.27    M    M  7.7 21 280   M    M   4 13     27 280
19  80  48  64  -1   1   0 0.00    M    M 10.8 20 210   M    M   0        28 210
20  80  56  68   4   0   3 0.23    M    M  7.6 26 170   M    M   3 1      38 170
21  74  49  62  -2   3   0 0.00    M    M  7.2 17 290   M    M   4        22 330
22  68  41  55  -9  10   0 0.00    M    M  5.1 14  30   M    M   7 12     19  30
23  71  36  54 -10  11   0 0.00    M    M  4.6 15  40   M    M   3 128    19  30
24  76  40  58  -6   7   0 0.00    M    M  3.7 13 200   M    M   5 12     17 180
================================================================================
SM 1887 1234        45  51  1.69    M    142.7          M       73
================================================================================
AV 78.6 51.4                               5.9 FASTST   M    M   3    MAX(MPH)
                                 MISC ---->  # 26 170               # 38  170
================================================================================
NOTES:
# LAST OF SEVERAL OCCURRENCES

COLUMN 17 PEAK WIND IN M.P.H.

PRELIMINARY LOCAL CLIMATOLOGICAL DATA (WS FORM: F-6) , PAGE 2

                                          STATION:  ASHLAND
                                          MONTH:    AUGUST
                                          YEAR:     2019
                                          LATITUDE:   46 32 N
                                          LONGITUDE:  90 55 W

[TEMPERATURE DATA]      [PRECIPITATION DATA]       SYMBOLS USED IN COLUMN 16

AVERAGE MONTHLY: 65.0   TOTAL FOR MONTH:   1.69    1 = FOG OR MIST
DPTR FM NORMAL:  -0.3   DPTR FM NORMAL:   -1.19    2 = FOG REDUCING VISIBILITY
HIGHEST:    88 ON  4, 2 GRTST 24HR  0.45 ON  7- 7      TO 1/4 MILE OR LESS
LOWEST:     36 ON 23                               3 = THUNDER
                        SNOW, ICE PELLETS, HAIL    4 = ICE PELLETS
                        TOTAL MONTH:    M          5 = HAIL
                        GRTST 24HR    M  ON   M    6 = FREEZING RAIN OR DRIZZLE
                        GRTST DEPTH:  M  ON   M    7 = DUSTSTORM OR SANDSTORM:
                                                       VSBY 1/2 MILE OR LESS
                                                   8 = SMOKE OR HAZE
[NO. OF DAYS WITH]      [WEATHER - DAYS WITH]      9 = BLOWING SNOW
                                                   X = TORNADO
MAX 32 OR BELOW:   0    0.01 INCH OR MORE:   8
MAX 90 OR ABOVE:   0    0.10 INCH OR MORE:   6
MIN 32 OR BELOW:   0    0.50 INCH OR MORE:   0
MIN  0 OR BELOW:   0    1.00 INCH OR MORE:   0

[HDD (BASE 65) ]
TOTAL THIS MO.    45    CLEAR  (SCALE 0-3)  12
DPTR FM NORMAL    -7    PTCLDY (SCALE 4-7)  12
TOTAL FM JUL 1    71    CLOUDY (SCALE 8-10)  0
DPTR FM NORMAL   -41

[CDD (BASE 65) ]
TOTAL THIS MO.    51
DPTR FM NORMAL   -11    [PRESSURE DATA]
TOTAL FM JAN 1   227    HIGHEST SLP M ON M
DPTR FM NORMAL    19    LOWEST  SLP 29.64 ON 18

[REMARKS]
