000
CXUS53 KDLH 240624
CF6ASX
PRELIMINARY LOCAL CLIMATOLOGICAL DATA (WS FORM: F-6)

                                          STATION:   ASHLAND
                                          MONTH:     APRIL
                                          YEAR:      2019
                                          LATITUDE:   46 32 N
                                          LONGITUDE:  90 55 W

  TEMPERATURE IN F:       :PCPN:    SNOW:  WIND      :SUNSHINE: SKY     :PK WND
================================================================================
1   2   3   4   5  6A  6B    7    8   9   10  11  12  13   14  15   16   17  18
                                     12Z  AVG MX 2MIN
DY MAX MIN AVG DEP HDD CDD  WTR  SNW DPTH SPD SPD DIR MIN PSBL S-S WX    SPD DR
================================================================================

 1  42  17  30  -3  35   0    M    M    M  3.4  9 360   M    M   8        10  20
 2  50  29  40   7  25   0    M    M    M 15.4 36 300   M    M   4 138    50 300
 3  44  25  35   1  30   0    M    M    M  9.8 21 290   M    M   3        28 240
 4  43  22  33  -1  32   0    M    M    M  5.7 17 360   M    M   3 1      20 350
 5  48  33  41   6  24   0    M    M    M  6.7 13 210   M    M   9 1      17 210
 6  41  29  35   0  30   0    M    M    M  4.1 10 360   M    M   9 12     13 360
 7  53  36  45   9  20   0    M    M    M  4.5 14 240   M    M  10 123    20 250
 8  52  38  45   9  20   0    M    M    M  6.2 15 340   M    M   8 1      18 240
 9  40  30  35  -1  30   0    M    M    M 11.0 22 320   M    M   9 18     29 320
10  36  30  33  -4  32   0    M    M    M 15.6 25  50   M    M   5        32  60
11  32  28  30  -7  35   0    M    M    M 20.6 30  60   M    M   9 128    40  60
12  37  29  33  -5  32   0    M    M    M 10.0 22  50   M    M  10 16     28  50
13  37  29  33  -5  32   0    M    M    M  7.8 20 260   M    M   9 1      26 260
14  43  20  32  -7  33   0    M    M    M  5.8 18  10   M    M   1        21  10
15  54  19  37  -2  28   0    M    M    M  4.4 12 330   M    M   4        15 340
16  62  27  45   5  20   0    M    M    M  4.6 13 360   M    M   1 1      15 350
17  48  32  40   0  25   0    M    M    M  8.3 21  10   M    M   8 13     27 360
18  48  31  40  -1  25   0    M    M    M  8.2 20  10   M    M   8 1      26  10
19  61  26  44   3  21   0    M    M    M  5.5 14  10   M    M   0 1      16  10
20  73  30  52  10  13   0    M    M    M 10.2 23 210   M    M   1        32 200
21  50  37  44   2  21   0    M    M    M 10.9 18  50   M    M   9 13     24  40
22  39  33  36  -7  29   0    M    M    M 11.1 22  40   M    M  10 12     28  30
23  57  27  42  -1  23   0    M    M    M  4.4 13 360   M    M   3 12     14 340
================================================================================
SM 1090  657       615   0    M     M    194.2          M      141
================================================================================
AV 47.4 28.6                               8.4 FASTST   M    M   6    MAX(MPH)
                                 MISC ---->  # 36 300               # 50  300
================================================================================
NOTES:
# LAST OF SEVERAL OCCURRENCES

COLUMN 17 PEAK WIND IN M.P.H.

PRELIMINARY LOCAL CLIMATOLOGICAL DATA (WS FORM: F-6) , PAGE 2

                                          STATION:  ASHLAND
                                          MONTH:    APRIL
                                          YEAR:     2019
                                          LATITUDE:   46 32 N
                                          LONGITUDE:  90 55 W

[TEMPERATURE DATA]      [PRECIPITATION DATA]       SYMBOLS USED IN COLUMN 16

AVERAGE MONTHLY: 38.0   TOTAL FOR MONTH:      M    1 = FOG OR MIST
DPTR FM NORMAL:   0.1   DPTR FM NORMAL:       M    2 = FOG REDUCING VISIBILITY
HIGHEST:    73 ON 20    GRTST 24HR  0.00 ON 31- 1      TO 1/4 MILE OR LESS
LOWEST:     17 ON  1                               3 = THUNDER
                        SNOW, ICE PELLETS, HAIL    4 = ICE PELLETS
                        TOTAL MONTH:    M          5 = HAIL
                        GRTST 24HR    M  ON   M    6 = FREEZING RAIN OR DRIZZLE
                        GRTST DEPTH:  M  ON   M    7 = DUSTSTORM OR SANDSTORM:
                                                       VSBY 1/2 MILE OR LESS
                                                   8 = SMOKE OR HAZE
[NO. OF DAYS WITH]      [WEATHER - DAYS WITH]      9 = BLOWING SNOW
                                                   X = TORNADO
MAX 32 OR BELOW:   1    0.01 INCH OR MORE:   0
MAX 90 OR ABOVE:   0    0.10 INCH OR MORE:   0
MIN 32 OR BELOW:  18    0.50 INCH OR MORE:   0
MIN  0 OR BELOW:   0    1.00 INCH OR MORE:   0

[HDD (BASE 65) ]
TOTAL THIS MO.   615    CLEAR  (SCALE 0-3)   7
DPTR FM NORMAL    -9    PTCLDY (SCALE 4-7)   6
TOTAL FM JUL 1  8490    CLOUDY (SCALE 8-10) 10
DPTR FM NORMAL   271

[CDD (BASE 65) ]
TOTAL THIS MO.     0
DPTR FM NORMAL     0    [PRESSURE DATA]
TOTAL FM JAN 1     0    HIGHEST SLP M ON M
DPTR FM NORMAL     0    LOWEST  SLP 29.44 ON 12

[REMARKS]
