000
CXUS52 KFFC 171110
CF6ATL
PRELIMINARY LOCAL CLIMATOLOGICAL DATA (WS FORM: F-6)

                                          STATION:   ATLANTA
                                          MONTH:     AUGUST
                                          YEAR:      2019
                                          LATITUDE:   33 39 N
                                          LONGITUDE:  84 26 W

  TEMPERATURE IN F:       :PCPN:    SNOW:  WIND      :SUNSHINE: SKY     :PK WND
================================================================================
1   2   3   4   5  6A  6B    7    8   9   10  11  12  13   14  15   16   17  18
                                     12Z  AVG MX 2MIN
DY MAX MIN AVG DEP HDD CDD  WTR  SNW DPTH SPD SPD DIR MIN PSBL S-S WX    SPD DR
================================================================================

 1  94  71  83   3   0  18 0.29  0.0    0  5.2 22  10   M    M   6 13     25  10
 2  87  70  79  -1   0  14    T  0.0    0  7.2 20  70   M    M   8 138    25  60
 3  90  71  81   1   0  16 0.06  0.0    0  6.0 15 300   M    M   7 13     17 290
 4  88  72  80   0   0  15 0.09  0.0    0  5.1 12 320   M    M   7 13     15 300
 5  91  73  82   2   0  17 0.01  0.0    0  4.9 21  50   M    M   7 38     25  50
 6  93  71  82   2   0  17 0.00  0.0    0  4.0 16 320   M    M   4 18     21 320
 7  95  75  85   5   0  20 0.00  0.0    0  7.6 17 290   M    M   7        21 280
 8  94  74  84   4   0  19 0.00  0.0    0  9.1 15 270   M    M   6        22 290
 9  95  75  85   5   0  20 0.00  0.0    0  7.7 18 340   M    M   6 8      29 220
10  96  78  87   7   0  22    T  0.0    0  6.4 18 240   M    M   7 3      25 250
11  96  77  87   7   0  22 0.00  0.0    0  6.1 16  40   M    M   5        19  30
12  96  77  87   7   0  22    T  0.0    0  5.2 10 110   M    M   5        14  80
13 100  78  89   9   0  24 0.05  0.0    0  6.2 26 330   M    M   5 3      33 330
14  95  75  85   5   0  20 0.08  0.0    0  6.7 26 340   M    M   6 13     35 340
15  95  75  85   5   0  20 0.00  0.0    0  7.9 15  10   M    M   5 8      22 330
16  96  72  84   4   0  19 0.00  0.0    0  6.2 15 330   M    M   1 8      22 280
================================================================================
SM 1501 1184         0 305  0.58     0.0 101.5          M       92
================================================================================
AV 93.8 74.0                               6.3 FASTST   M    M   6    MAX(MPH)
                                 MISC ---->  # 26 330               # 35  340
================================================================================
NOTES:
# LAST OF SEVERAL OCCURRENCES

COLUMN 17 PEAK WIND IN M.P.H.

PRELIMINARY LOCAL CLIMATOLOGICAL DATA (WS FORM: F-6) , PAGE 2

                                          STATION:  ATLANTA
                                          MONTH:    AUGUST
                                          YEAR:     2019
                                          LATITUDE:   33 39 N
                                          LONGITUDE:  84 26 W

[TEMPERATURE DATA]      [PRECIPITATION DATA]       SYMBOLS USED IN COLUMN 16

AVERAGE MONTHLY: 83.9   TOTAL FOR MONTH:   0.58    1 = FOG OR MIST
DPTR FM NORMAL:   3.9   DPTR FM NORMAL:   -1.38    2 = FOG REDUCING VISIBILITY
HIGHEST:   100 ON 13    GRTST 24HR  0.29 ON  1- 1      TO 1/4 MILE OR LESS
LOWEST:     70 ON  2                               3 = THUNDER
                        SNOW, ICE PELLETS, HAIL    4 = ICE PELLETS
                        TOTAL MONTH:   0.0 INCH    5 = HAIL
                        GRTST 24HR     0.0         6 = FREEZING RAIN OR DRIZZLE
                        GRTST DEPTH:   0           7 = DUSTSTORM OR SANDSTORM:
                                                       VSBY 1/2 MILE OR LESS
                                                   8 = SMOKE OR HAZE
[NO. OF DAYS WITH]      [WEATHER - DAYS WITH]      9 = BLOWING SNOW
                                                   X = TORNADO
MAX 32 OR BELOW:   0    0.01 INCH OR MORE:   6
MAX 90 OR ABOVE:  14    0.10 INCH OR MORE:   1
MIN 32 OR BELOW:   0    0.50 INCH OR MORE:   0
MIN  0 OR BELOW:   0    1.00 INCH OR MORE:   0

[HDD (BASE 65) ]
TOTAL THIS MO.     0    CLEAR  (SCALE 0-3)   1
DPTR FM NORMAL     0    PTCLDY (SCALE 4-7)  15
TOTAL FM JUL 1     0    CLOUDY (SCALE 8-10)  0
DPTR FM NORMAL     0

[CDD (BASE 65) ]
TOTAL THIS MO.   305
DPTR FM NORMAL    65    [PRESSURE DATA]
TOTAL FM JAN 1  1707    HIGHEST SLP M ON M
DPTR FM NORMAL   375    LOWEST  SLP 29.82 ON M

[REMARKS]
