000
CXUS52 KFFC 221110
CF6ATL
PRELIMINARY LOCAL CLIMATOLOGICAL DATA (WS FORM: F-6)

                                          STATION:   ATLANTA
                                          MONTH:     APRIL
                                          YEAR:      2019
                                          LATITUDE:   33 39 N
                                          LONGITUDE:  84 26 W

  TEMPERATURE IN F:       :PCPN:    SNOW:  WIND      :SUNSHINE: SKY     :PK WND
================================================================================
1   2   3   4   5  6A  6B    7    8   9   10  11  12  13   14  15   16   17  18
                                     12Z  AVG MX 2MIN
DY MAX MIN AVG DEP HDD CDD  WTR  SNW DPTH SPD SPD DIR MIN PSBL S-S WX    SPD DR
================================================================================

 1  61  38  50  -8  15   0 0.00  0.0    0  9.7 20  80   M    M   5        24  80
 2  64  46  55  -4  10   0 0.00  0.0    0  8.8 17 280   M    M   5        22 310
 3  73  44  59   0   6   0 0.00  0.0    0  4.1 10 180   M    M   5        13 360
 4  70  49  60   1   5   0 0.11    M    0  6.5 18 160   M    M   8 1      24 120
 5  76  56  66   7   0   1 0.07  0.0    0  7.0 14 330   M    M   8 1      21 130
 6  73  59  66   6   0   1 0.00  0.0    0  7.9 14  70   M    M   9 13     16  80
 7  80  62  71  11   0   6 1.08  0.0    0  5.6 21 290   M    M   8 13     27 290
 8  75  65  70  10   0   5    T  0.0    0  7.9 18 220   M    M   8 1      29 210
 9  76  61  69   9   0   4 0.08  0.0    0  5.8 25 340   M    M   8 13     32 330
10  82  59  71  10   0   6 0.00  0.0    0  5.4 13 350   M    M   2        17 360
11  82  63  73  12   0   8 0.01  0.0    0  9.9 20 160   M    M   6        27 180
12  78  66  72  11   0   7 0.05  0.0    0  7.5 18 140   M    M   9 1      25 150
13  83  62  73  12   0   8 0.00  0.0    0  7.4 21 190   M    M   8        25 170
14  77  53  65   3   0   0 1.29  0.0    0 16.3 29 190   M    M   9 13     44 230
15  67  45  56  -6   9   0    T  0.0    0 13.7 28 300   M    M   2        35 310
16  76  48  62   0   3   0 0.00  0.0    0  5.1 13 150   M    M   2        16 160
17  80  54  67   5   0   2 0.00  0.0    0  5.1 12 170   M    M   8        18 160
18  80  61  71   8   0   6 0.09  0.0    0 10.9 24 180   M    M   8 13     30 180
19  71  46  59  -4   6   0 3.37    M    0 13.0 26 270   M    M   8 13     40 270
20  52  43  48 -15  17   0 0.08    M    0  7.9 22 260   M    M   7 1      32 270
21  72  44  58  -5   7   0 0.00  0.0    0  9.9 22 340   M    M   1        29 300
================================================================================
SM 1548 1124        78  54  6.23     0.0 175.4          M      134
================================================================================
AV 73.7 53.5                               8.4 FASTST   M    M   6    MAX(MPH)
                                 MISC ---->  # 29 190               # 44  230
================================================================================
NOTES:
# LAST OF SEVERAL OCCURRENCES

COLUMN 17 PEAK WIND IN M.P.H.

PRELIMINARY LOCAL CLIMATOLOGICAL DATA (WS FORM: F-6) , PAGE 2

                                          STATION:  ATLANTA
                                          MONTH:    APRIL
                                          YEAR:     2019
                                          LATITUDE:   33 39 N
                                          LONGITUDE:  84 26 W

[TEMPERATURE DATA]      [PRECIPITATION DATA]       SYMBOLS USED IN COLUMN 16

AVERAGE MONTHLY: 63.6   TOTAL FOR MONTH:   6.23    1 = FOG OR MIST
DPTR FM NORMAL:   2.8   DPTR FM NORMAL:    3.88    2 = FOG REDUCING VISIBILITY
HIGHEST:    83 ON 13    GRTST 24HR  3.37 ON 19-19      TO 1/4 MILE OR LESS
LOWEST:     38 ON  1                               3 = THUNDER
                        SNOW, ICE PELLETS, HAIL    4 = ICE PELLETS
                        TOTAL MONTH:   0.0 INCH    5 = HAIL
                        GRTST 24HR     0.0         6 = FREEZING RAIN OR DRIZZLE
                        GRTST DEPTH:   0           7 = DUSTSTORM OR SANDSTORM:
                                                       VSBY 1/2 MILE OR LESS
                                                   8 = SMOKE OR HAZE
[NO. OF DAYS WITH]      [WEATHER - DAYS WITH]      9 = BLOWING SNOW
                                                   X = TORNADO
MAX 32 OR BELOW:   0    0.01 INCH OR MORE:  10
MAX 90 OR ABOVE:   0    0.10 INCH OR MORE:   4
MIN 32 OR BELOW:   0    0.50 INCH OR MORE:   3
MIN  0 OR BELOW:   0    1.00 INCH OR MORE:   3

[HDD (BASE 65) ]
TOTAL THIS MO.    78    CLEAR  (SCALE 0-3)   4
DPTR FM NORMAL   -39    PTCLDY (SCALE 4-7)  11
TOTAL FM JUL 1  2294    CLOUDY (SCALE 8-10)  6
DPTR FM NORMAL  -420

[CDD (BASE 65) ]
TOTAL THIS MO.    54
DPTR FM NORMAL    24    [PRESSURE DATA]
TOTAL FM JAN 1    63    HIGHEST SLP M ON M
DPTR FM NORMAL    20    LOWEST  SLP 29.41 ON 19

[REMARKS]
